-- https://www.phpmyadmin.net/
--
-- Erstellungszeit: 18. Jul 2025 um 09:48
-- Server-Version: 8.0.42
-- PHP-Version: 8.2.29

START TRANSACTION;



--
-- Datenbank: `db57749`
--

-- --------------------------------------------------------

--
-- Tabellenstruktur für Tabelle `transfer_reservation_areas`
--

CREATE TABLE `transfer_reservation_areas` (
  `id` int UNSIGNED NOT NULL,
  `order_index` int UNSIGNED DEFAULT NULL,
  `status` enum('T','F') DEFAULT 'T',
  `modified` datetime DEFAULT NULL
) ENGINE=InnoDB DEFAULT CHARSET=utf8mb3;

--
-- Daten für Tabelle `transfer_reservation_areas`
--

INSERT INTO `transfer_reservation_areas` (`id`, `order_index`, `status`, `modified`) VALUES
(1, 1, 'T', '2023-09-08 11:04:45'),
(3, 1, 'T', '2023-09-11 16:21:50'),
(4, 2, 'T', '2023-09-13 11:16:25'),
(5, 4, 'T', '2023-09-13 11:19:09'),
(6, 6, 'T', '2023-09-13 11:21:27'),
(7, 5, 'T', '2023-09-13 11:23:24'),
(8, 7, 'T', '2023-09-13 11:26:19'),
(9, 8, 'T', '2023-09-13 11:28:56'),
(10, 9, 'T', '2023-09-13 11:30:34'),
(11, 2, 'T', '2023-09-13 11:34:49'),
(12, NULL, 'T', '2023-09-13 11:55:51'),
(13, NULL, 'T', '2023-09-13 13:22:50'),
(14, 10, 'T', '2023-09-13 13:24:43'),
(15, NULL, 'T', '2023-09-13 13:28:04'),
(16, NULL, 'T', '2023-09-13 13:28:52'),
(17, NULL, 'T', '2023-09-13 13:29:47'),
(18, NULL, 'T', '2023-09-13 13:30:27'),
(19, NULL, 'T', '2023-09-13 13:33:09'),
(20, NULL, 'T', '2023-09-13 13:33:57'),
(21, NULL, 'T', '2023-09-13 13:35:28'),
(22, NULL, 'T', '2023-09-13 13:37:07'),
(23, NULL, 'T', '2023-09-13 13:37:50'),
(24, 2, 'T', '2023-09-13 13:38:52'),
(25, NULL, 'T', '2023-09-13 13:39:30'),
(26, NULL, 'T', '2023-09-13 13:41:15'),
(27, NULL, 'T', '2023-09-13 13:41:58'),
(28, NULL, 'T', '2023-09-13 13:42:47'),
(29, NULL, 'T', '2023-09-13 13:44:09'),
(30, NULL, 'T', '2023-09-13 13:45:31'),
(31, NULL, 'T', '2023-09-13 13:46:42'),
(32, NULL, 'T', '2023-09-13 13:47:24'),
(33, NULL, 'T', '2023-09-13 13:49:08'),
(34, NULL, 'T', '2023-09-13 13:49:55'),
(35, NULL, 'T', '2023-09-13 13:50:45'),
(36, NULL, 'T', '2023-09-13 13:51:24'),
(37, NULL, 'T', '2023-09-13 13:52:02'),
(38, NULL, 'T', '2023-09-13 13:52:42'),
(39, NULL, 'T', '2023-09-13 13:52:54'),
(40, NULL, 'T', '2023-09-13 13:54:26'),
(41, NULL, 'T', '2023-09-13 13:55:14'),
(42, NULL, 'T', '2023-09-13 13:55:46'),
(43, NULL, 'T', '2023-09-13 13:56:16'),
(44, NULL, 'T', '2023-09-13 13:57:07'),
(45, NULL, 'T', '2023-09-13 13:57:46'),
(46, NULL, 'T', '2023-09-13 13:58:14'),
(47, NULL, 'T', '2023-09-13 13:59:17'),
(48, NULL, 'T', '2023-09-13 13:59:43'),
(49, NULL, 'T', '2023-09-13 14:00:32'),
(50, NULL, 'T', '2023-09-13 14:01:35'),
(51, NULL, 'T', '2023-09-13 14:05:48'),
(52, NULL, 'T', '2023-09-13 14:06:59'),
(53, NULL, 'T', '2023-09-13 14:07:34'),
(54, NULL, 'T', '2023-09-13 14:08:23'),
(55, NULL, 'T', '2023-09-13 14:08:56'),
(56, NULL, 'T', '2023-09-13 14:09:46'),
(57, NULL, 'T', '2023-09-13 14:10:35'),
(58, NULL, 'T', '2023-09-13 14:12:01'),
(59, NULL, 'T', '2023-09-13 14:12:47'),
(60, NULL, 'T', '2023-09-13 14:13:32'),
(61, NULL, 'T', '2023-09-13 14:14:10'),
(62, NULL, 'T', '2023-09-13 14:14:50'),
(63, NULL, 'T', '2023-09-13 14:15:33'),
(64, NULL, 'T', '2023-09-13 14:16:30'),
(65, NULL, 'T', '2023-09-13 14:17:16'),
(66, NULL, 'T', '2023-09-13 14:17:45'),
(67, NULL, 'T', '2023-09-13 14:18:23'),
(68, NULL, 'T', '2023-09-13 14:19:10'),
(69, NULL, 'T', '2023-09-13 14:19:46'),
(70, NULL, 'T', '2023-09-13 14:26:12'),
(71, NULL, 'T', '2023-09-13 14:26:45'),
(72, NULL, 'T', '2023-09-13 14:27:11'),
(73, NULL, 'T', '2023-09-13 14:28:16'),
(74, NULL, 'T', '2023-09-13 14:28:56'),
(75, NULL, 'T', '2023-09-13 14:29:22'),
(76, NULL, 'T', '2023-09-13 14:30:31'),
(77, NULL, 'T', '2023-09-13 14:30:58'),
(78, NULL, 'T', '2023-09-13 14:32:02'),
(79, NULL, 'T', '2023-09-13 14:32:32'),
(80, NULL, 'T', '2023-09-13 14:33:01'),
(81, NULL, 'T', '2023-09-13 14:33:35'),
(82, NULL, 'T', '2023-09-13 14:34:57'),
(83, NULL, 'T', '2023-09-13 14:35:34'),
(84, NULL, 'T', '2023-09-13 14:35:42'),
(85, NULL, 'T', '2023-09-13 14:39:29'),
(86, NULL, 'T', '2023-09-13 14:40:11'),
(87, NULL, 'T', '2023-09-13 14:40:44'),
(88, NULL, 'T', '2023-09-13 14:41:19'),
(89, NULL, 'T', '2023-09-13 14:42:00'),
(90, NULL, 'T', '2023-09-13 14:43:29'),
(91, NULL, 'T', '2023-09-13 14:44:13'),
(92, NULL, 'T', '2023-09-13 14:44:42'),
(93, NULL, 'T', '2023-09-13 14:45:11'),
(94, NULL, 'T', '2023-09-13 14:46:17'),
(95, NULL, 'T', '2023-09-13 14:46:51'),
(96, NULL, 'T', '2023-09-13 14:47:20'),
(97, NULL, 'T', '2023-09-13 14:47:46'),
(98, NULL, 'T', '2023-09-13 14:48:22'),
(99, NULL, 'T', '2023-09-13 14:49:00'),
(100, NULL, 'T', '2023-09-13 14:49:40'),
(101, NULL, 'T', '2023-09-13 14:50:18'),
(102, NULL, 'T', '2023-09-13 14:50:50'),
(103, NULL, 'T', '2023-09-13 14:51:53'),
(104, NULL, 'T', '2023-09-13 14:52:26'),
(105, NULL, 'T', '2023-09-13 14:52:51'),
(106, NULL, 'T', '2023-09-13 14:53:28'),
(107, NULL, 'T', '2023-09-13 14:54:36'),
(108, NULL, 'T', '2023-09-13 14:55:14'),
(109, NULL, 'T', '2023-09-13 14:56:14'),
(110, NULL, 'T', '2023-09-13 14:56:38'),
(111, NULL, 'T', '2023-09-13 14:57:06'),
(112, NULL, 'T', '2023-09-13 14:57:47'),
(113, NULL, 'T', '2023-09-13 14:58:23'),
(114, NULL, 'T', '2023-09-13 14:58:55'),
(115, NULL, 'T', '2023-09-13 15:00:15'),
(116, NULL, 'T', '2023-09-13 15:00:52'),
(117, NULL, 'T', '2023-09-13 15:01:37'),
(118, NULL, 'T', '2023-09-13 15:02:09'),
(119, NULL, 'T', '2023-09-13 15:02:35'),
(120, NULL, 'T', '2023-09-13 15:04:21'),
(121, NULL, 'T', '2023-09-13 15:05:03'),
(122, NULL, 'T', '2023-09-13 15:06:02'),
(123, NULL, 'T', '2023-09-13 15:06:52'),
(124, NULL, 'T', '2023-09-13 15:07:55'),
(125, NULL, 'T', '2023-09-13 15:08:54'),
(126, NULL, 'T', '2023-09-13 15:10:27'),
(127, NULL, 'T', '2023-09-13 15:11:48'),
(128, NULL, 'T', '2023-09-13 15:12:39'),
(129, NULL, 'T', '2023-09-13 15:13:32'),
(130, NULL, 'T', '2023-09-13 15:14:40'),
(131, NULL, 'T', '2023-09-13 15:15:10'),
(132, NULL, 'T', '2023-09-13 15:16:26'),
(133, NULL, 'T', '2023-09-13 15:17:19'),
(134, NULL, 'T', '2023-09-13 15:18:33'),
(135, NULL, 'T', '2023-09-13 15:19:24'),
(136, NULL, 'T', '2023-09-13 15:20:05'),
(137, NULL, 'T', '2023-09-13 15:29:13'),
(138, NULL, 'T', '2023-09-13 15:29:41'),
(139, NULL, 'T', '2023-09-13 15:30:07'),
(140, NULL, 'T', '2023-09-13 15:31:42'),
(141, NULL, 'T', '2023-09-13 15:32:33'),
(142, NULL, 'T', '2023-09-13 15:33:21'),
(143, NULL, 'T', '2023-09-13 15:34:23'),
(144, NULL, 'T', '2023-09-13 15:34:51'),
(145, NULL, 'T', '2023-09-13 15:35:23'),
(146, NULL, 'T', '2023-09-13 15:36:14'),
(147, NULL, 'T', '2023-09-13 15:36:36'),
(148, NULL, 'T', '2023-09-13 15:37:22'),
(149, NULL, 'T', '2023-09-13 15:37:55'),
(150, NULL, 'T', '2023-09-13 15:38:16'),
(151, NULL, 'T', '2023-09-13 15:38:55'),
(152, NULL, 'T', '2023-09-13 15:39:26'),
(154, NULL, 'T', '2023-09-13 15:40:46'),
(155, NULL, 'T', '2023-09-15 08:59:41'),
(158, NULL, 'T', '2023-09-19 16:06:13'),
(159, NULL, 'T', '2023-09-19 16:07:18'),
(160, NULL, 'T', '2023-09-19 16:08:07'),
(161, NULL, 'T', '2023-09-19 16:08:38'),
(162, NULL, 'T', '2023-09-19 16:09:06'),
(163, NULL, 'T', '2023-09-19 16:09:33'),
(164, NULL, 'T', '2023-09-19 16:10:00'),
(165, NULL, 'T', '2023-09-19 16:10:31'),
(166, NULL, 'T', '2023-09-19 16:11:30'),
(167, NULL, 'T', '2023-09-19 16:11:52'),
(168, NULL, 'T', '2023-09-19 16:12:17'),
(169, NULL, 'T', '2023-09-19 16:41:34'),
(170, NULL, 'T', '2023-09-19 16:42:01');

-- --------------------------------------------------------

--
-- Tabellenstruktur für Tabelle `transfer_reservation_areas_coords`
--

CREATE TABLE `transfer_reservation_areas_coords` (
  `id` int UNSIGNED NOT NULL,
  `area_id` int UNSIGNED DEFAULT NULL,
  `type` enum('circle','polygon','rectangle') DEFAULT NULL,
  `icon` varchar(255) DEFAULT NULL,
  `is_airport` tinyint(1) DEFAULT '0',
  `data` text,
  `tmp_hash` varchar(255) DEFAULT NULL,
  `created` datetime DEFAULT NULL,
  `is_disabled` tinyint(1) DEFAULT '0'
) ENGINE=InnoDB DEFAULT CHARSET=utf8mb3;

--
-- Daten für Tabelle `transfer_reservation_areas_coords`
--

INSERT INTO `transfer_reservation_areas_coords` (`id`, `area_id`, `type`, `icon`, `is_airport`, `data`, `tmp_hash`, `created`, `is_disabled`) VALUES
(1, 1, 'polygon', 'airport', 1, '(47.262145272686325, 11.328944761389792), (47.25958227340243, 11.327399808997214), (47.254921956824745, 11.337356168860495), (47.25597056381637, 11.361045438880026), (47.26342672580028, 11.362590391272605)', NULL, '2023-09-08 11:04:44', 0),
(3, 3, 'polygon', 'airport', 1, '(47.43866155245968, 8.56931543370222), (47.456539172531784, 8.59128808995222), (47.49877121168749, 8.554209232530345), (47.48392425423735, 8.509577274522533), (47.4342492569758, 8.54734277745222)', NULL, '2023-09-11 16:21:49', 0),
(4, 4, 'circle', 'airport', 1, '(48.36044942010958, 11.758570401186374)|13389.038563440918', NULL, '2023-09-13 11:16:23', 0),
(5, 5, 'polygon', 'airport', 1, '(47.806775475280794, 12.989550011659738), (47.77805947421245, 13.00671614935505), (47.783365633228264, 13.025255578065988), (47.812770388282104, 13.004312890077706)', NULL, '2023-09-13 11:19:05', 0),
(6, 6, 'polygon', 'airport', 1, '(47.98514272096498, 10.219771418712028), (47.97347936234786, 10.227582011363396), (47.989853281245075, 10.265261683604606), (47.99973257199612, 10.255906138560661)', NULL, '2023-09-13 11:21:26', 0),
(7, 7, 'polygon', 'airport', 1, '(47.66431489375016, 9.46403832910458), (47.64801143584737, 9.502147154788174), (47.672522509391115, 9.551070647219815), (47.68419590772584, 9.523433165530362)', NULL, '2023-09-13 11:23:22', 0),
(8, 8, 'polygon', 'airport', 1, '(47.4907387633605, 9.545542380206248), (47.47925418101076, 9.54373993574824), (47.477687907056215, 9.574295660845896), (47.48928882833183, 9.575411459796092)', NULL, '2023-09-13 11:26:19', 0),
(9, 9, 'polygon', 'airport', 1, '(47.627655199816694, 7.489216788260964), (47.57707400908377, 7.518399222342995), (47.58853719059964, 7.5559930638957296), (47.63517453987294, 7.521832449882058)', NULL, '2023-09-13 11:28:54', 0),
(10, 10, 'polygon', 'airport', 1, '(46.25449897394756, 6.116507730088072), (46.227310774367034, 6.0730774017189315), (46.21187043012304, 6.098311624131041), (46.24417141956725, 6.145346841416197)', NULL, '2023-09-13 11:30:33', 0),
(11, 11, 'polygon', 'train', 0, '(47.26733311811992, 11.399988351000259), (47.25183824855964, 11.397756753099868), (47.25148868792705, 11.405138192308852), (47.267100146144806, 11.40771311296315)', NULL, '2023-09-13 11:34:49', 0),
(14, 11, 'polygon', 'city', 0, '(47.27100229147296, 11.333383736742446), (47.262149249262094, 11.333383736742446), (47.26378018408307, 11.36376780046315), (47.25422685113168, 11.360334572924087), (47.26133376300974, 11.474661049974868), (47.28392973211993, 11.454748330248306), (47.2867244391525, 11.400160012377212)', NULL, '2023-09-13 11:52:34', 0),
(15, 12, 'circle', 'skiing', 0, '(47.132604496509074, 10.26134619347812)|3863.3248710336848', NULL, '2023-09-13 11:55:51', 0),
(16, 13, 'rectangle', 'train', 0, '((48.13852737014142, 11.552254733459225), (48.14245073287672, 11.561824855224362))', NULL, '2023-09-13 13:20:31', 0),
(18, 14, 'circle', 'train', 0, '(47.37812632532786, 8.539089122722148)|271.29925382961636', NULL, '2023-09-13 13:24:36', 0),
(19, 14, 'circle', 'city', 0, '(47.374953624691294, 8.54196703313165)|3769.206359922055', NULL, '2023-09-13 13:25:31', 0),
(20, 15, 'circle', 'skiing', 0, '(47.20954663331078, 10.143931720023796)|3214.9802748198827', NULL, '2023-09-13 13:27:53', 0),
(21, 16, 'circle', 'skiing', 0, '(47.17123330646007, 10.162402995153874)|914.6072901591988', NULL, '2023-09-13 13:28:49', 0),
(22, 17, 'circle', 'skiing', 0, '(47.25869637866922, 10.182492187484446)|855.637510981478', NULL, '2023-09-13 13:29:44', 0),
(23, 18, 'circle', 'skiing', 0, '(47.13914042205523, 10.15849385373147)|1176.4558921926966', NULL, '2023-09-13 13:30:26', 0),
(24, 19, 'circle', 'skiing', 0, '(47.128395119961326, 10.211599164468307)|375.48561836865855', NULL, '2023-09-13 13:33:01', 0),
(25, 20, 'circle', 'skiing', 0, '(47.14775217867642, 10.340279443085864)|208.35178467491363', NULL, '2023-09-13 13:33:45', 0),
(26, 21, 'circle', 'skiing', 0, '(47.14743295616664, 10.408474860843127)|678.467306293482', NULL, '2023-09-13 13:34:53', 0),
(27, 22, 'circle', 'skiing', 0, '(47.08516686302368, 10.470784024613158)|396.8699354127007', NULL, '2023-09-13 13:37:05', 0),
(28, 23, 'circle', 'skiing', 0, '(47.06202817229513, 10.374521756518446)|504.2627146736233', NULL, '2023-09-13 13:37:48', 0),
(29, 24, 'circle', 'skiing', 0, '(47.01110200925349, 10.289796229874971)|1514.278330026125', NULL, '2023-09-13 13:38:51', 0),
(30, 25, 'circle', 'skiing', 0, '(46.98799270465098, 10.2441583459434)|626.7408448251973', NULL, '2023-09-13 13:39:25', 0),
(31, 26, 'polygon', 'skiing', 0, '(46.97003160479547, 10.176491781242527), (46.96086473740681, 10.180783315666355), (46.97087769678623, 10.20334730534338), (46.97468449997182, 10.195922950790157)', NULL, '2023-09-13 13:41:13', 0),
(32, 27, 'circle', 'city', 0, '(47.142585059975374, 10.587058876700247)|1175.7401877407788', NULL, '2023-09-13 13:41:57', 0),
(33, 28, 'circle', 'skiing', 0, '(47.07400579324345, 10.647553506603677)|757.3163476045637', NULL, '2023-09-13 13:42:45', 0),
(34, 29, 'polygon', 'skiing', 0, '(47.06377843800335, 10.587612351053956), (47.0492767796619, 10.586925705546143), (47.04565074885069, 10.623832901591065), (47.06120585091838, 10.64168568479419)', NULL, '2023-09-13 13:44:07', 0),
(35, 30, 'circle', 'skiing', 0, '(47.037861905463146, 10.605040349145195)|1121.691777103137', NULL, '2023-09-13 13:45:27', 0),
(36, 31, 'circle', 'city', 0, '(47.05591713904463, 10.651182963932797)|721.7920367933755', NULL, '2023-09-13 13:46:38', 0),
(37, 32, 'circle', 'city', 0, '(46.96909057527056, 10.543051676136894)|533.627467389006', NULL, '2023-09-13 13:47:23', 0),
(38, 33, 'polygon', 'skiing', 0, '(46.900265473741875, 10.4849330349735), (46.89311023705676, 10.479525701599476), (46.88278624617306, 10.493258611755726), (46.88794848999922, 10.512742178039906)', NULL, '2023-09-13 13:49:07', 0),
(39, 34, 'circle', 'skiing', 0, '(47.030006411595735, 10.745387685845955)|565.8717965936742', NULL, '2023-09-13 13:49:54', 0),
(40, 35, 'circle', 'city', 0, '(47.06612434881852, 10.846197705675541)|395.77897855587645', NULL, '2023-09-13 13:50:44', 0),
(41, 36, 'circle', 'city', 0, '(46.98664072290077, 10.867124493354513)|684.3753079920368', NULL, '2023-09-13 13:51:23', 0),
(42, 37, 'circle', 'city', 0, '(47.239686758493555, 10.74040723902136)|1161.9270587665744', NULL, '2023-09-13 13:52:01', 0),
(43, 38, 'circle', 'city', 0, '(47.318098683741695, 10.830874278486332)|628.6330344227491', NULL, '2023-09-13 13:52:41', 0),
(44, 39, 'circle', 'city', 0, '(47.38171450646775, 10.892547063611623)|1108.088842075057', NULL, '2023-09-13 13:53:23', 0),
(45, 40, 'circle', 'skiing', 0, '(47.39966691849965, 10.918986012508745)|1190.3923453371312', NULL, '2023-09-13 13:54:24', 0),
(46, 41, 'circle', 'city', 0, '(47.4035371527356, 10.88079301133921)|561.4864646615582', NULL, '2023-09-13 13:55:10', 0),
(47, 42, 'circle', 'city', 0, '(47.40825564879015, 10.746332631591287)|836.6579352567755', NULL, '2023-09-13 13:55:46', 0),
(48, 43, 'circle', 'city', 0, '(47.488688267005855, 10.716605788159454)|1164.0090672356341', NULL, '2023-09-13 13:56:15', 0),
(49, 44, 'circle', 'city', 0, '(47.5691038351314, 10.69944963884994)|1369.493078459065', NULL, '2023-09-13 13:57:00', 0),
(50, 45, 'circle', 'skiing', 0, '(47.20282999528897, 10.895738606139922)|1147.884712251651', NULL, '2023-09-13 13:57:45', 0),
(51, 46, 'circle', 'skiing', 0, '(47.07306737765921, 10.969920457977954)|806.7522580631936', NULL, '2023-09-13 13:58:14', 0),
(52, 47, 'circle', 'skiing', 0, '(46.965294418053816, 11.006442639436145)|808.3450412419784', NULL, '2023-09-13 13:59:16', 0),
(53, 48, 'circle', 'skiing', 0, '(46.89889934652233, 11.05153471900529)|1022.6538893365401', NULL, '2023-09-13 13:59:42', 0),
(54, 49, 'circle', 'skiing', 0, '(46.870204514538585, 11.025776043597189)|914.1742086067245', NULL, '2023-09-13 14:00:31', 0),
(55, 50, 'circle', 'skiing', 0, '(47.33004220836562, 11.188470505636365)|1046.7430913329483', NULL, '2023-09-13 14:01:34', 0),
(56, 51, 'circle', 'city', 0, '(47.390713112598156, 11.264043992483467)|844.830687677954', NULL, '2023-09-13 14:05:47', 0),
(57, 52, 'circle', 'skiing', 0, '(47.36847273989184, 11.142993307919689)|753.93801566938', NULL, '2023-09-13 14:06:41', 0),
(58, 53, 'circle', 'skiing', 0, '(47.441044524103155, 11.260918967065589)|2129.441045379371', NULL, '2023-09-13 14:07:32', 0),
(59, 54, 'circle', 'city', 0, '(47.5038624268569, 11.276532354777471)|1206.6908819554772', NULL, '2023-09-13 14:08:22', 0),
(60, 55, 'circle', 'skiing', 0, '(47.16870953973555, 11.379726787009181)|1075.2080652573036', NULL, '2023-09-13 14:08:55', 0),
(61, 56, 'circle', 'skiing', 0, '(47.15097830694149, 11.350389163373421)|1025.0755300297042', NULL, '2023-09-13 14:09:43', 0),
(62, 57, 'circle', 'skiing', 0, '(47.10892104667413, 11.30552638254799)|1064.5043837297035', NULL, '2023-09-13 14:10:30', 0),
(63, 58, 'circle', 'skiing', 0, '(47.012607978887075, 11.159153633737494)|345.2992671659086', NULL, '2023-09-13 14:11:57', 0),
(64, 59, 'circle', 'city', 0, '(47.255658177246865, 11.273083149455152)|1001.1596658738273', NULL, '2023-09-13 14:12:46', 0),
(65, 60, 'circle', 'city', 0, '(47.27180565600403, 11.23839413775991)|1145.2329900794439', NULL, '2023-09-13 14:13:15', 0),
(66, 61, 'circle', 'city', 0, '(47.29289929117349, 11.528894882672626)|566.8317449711972', NULL, '2023-09-13 14:14:08', 0),
(67, 62, 'circle', 'city', 0, '(47.279499020693926, 11.505613127910435)|1159.7205975716236', NULL, '2023-09-13 14:14:46', 0),
(68, 63, 'circle', 'city', 0, '(47.29339485663208, 11.59048976721781)|997.048242735529', NULL, '2023-09-13 14:15:31', 0),
(69, 64, 'polygon', 'city', 0, '(47.260911283026395, 11.31731746823402), (47.255901551920445, 11.309506875582652), (47.24657986067598, 11.32830379635902), (47.25118265078388, 11.343924981661754)', NULL, '2023-09-13 14:16:29', 0),
(70, 65, 'circle', 'skiing', 0, '(47.229710520048314, 11.276118414060447)|1418.2386672344387', NULL, '2023-09-13 14:17:16', 0),
(71, 66, 'circle', 'city', 0, '(47.2293295303098, 11.252440759592597)|684.8423243454589', NULL, '2023-09-13 14:17:43', 0),
(72, 67, 'circle', 'skiing', 0, '(47.23581525691875, 11.313306103746843)|518.5643979226594', NULL, '2023-09-13 14:18:22', 0),
(73, 68, 'polygon', 'city', 0, '(47.24283171672918, 11.367195232868758), (47.228728543480635, 11.36213122224864), (47.23245867337985, 11.385563000202742), (47.2437640256493, 11.383245571613875)', NULL, '2023-09-13 14:19:09', 0),
(74, 69, 'circle', 'skiing', 0, '(47.20608079447486, 11.416226307916174)|552.6144945052944', NULL, '2023-09-13 14:19:45', 0),
(75, 70, 'circle', 'city', 0, '(47.23147759816541, 11.409003373171783)|671.3083674861574', NULL, '2023-09-13 14:26:11', 0),
(76, 71, 'circle', 'city', 0, '(47.34936129919183, 11.707847505542262)|1281.3022329803064', NULL, '2023-09-13 14:26:39', 0),
(77, 72, 'circle', 'city', 0, '(47.390054121687605, 11.773049904061791)|1580.3900513572194', NULL, '2023-09-13 14:27:08', 0),
(78, 73, 'circle', 'city', 0, '(47.525528702782914, 11.705462663794139)|714.4240616903248', NULL, '2023-09-13 14:27:59', 0),
(79, 74, 'circle', 'skiing', 0, '(47.34650054291665, 11.850433451503424)|1025.9054752907955', NULL, '2023-09-13 14:28:39', 0),
(80, 75, 'circle', 'city', 0, '(47.32167171971383, 11.864075575840811)|795.3154937277076', NULL, '2023-09-13 14:29:21', 0),
(81, 76, 'circle', 'city', 0, '(47.30164627728007, 11.865405447589653)|733.2917176603773', NULL, '2023-09-13 14:30:30', 0),
(82, 77, 'circle', 'skiing', 0, '(47.29173270749611, 11.874447506119772)|753.5756726714268', NULL, '2023-09-13 14:30:58', 0),
(83, 78, 'circle', 'city', 0, '(47.26563780378521, 11.895325714845603)|666.9490679118829', NULL, '2023-09-13 14:32:01', 0),
(84, 79, 'circle', 'skiing', 0, '(47.233144638533226, 11.882329050150311)|883.2577022096888', NULL, '2023-09-13 14:32:31', 0),
(85, 80, 'circle', 'skiing', 0, '(47.1679785105027, 11.86203994424964)|1396.9274219810757', NULL, '2023-09-13 14:33:01', 0),
(86, 81, 'circle', 'skiing', 0, '(47.15311137159561, 11.8225431857877)|456.2350884827079', NULL, '2023-09-13 14:33:34', 0),
(87, 82, 'circle', 'skiing', 0, '(47.16213213230186, 11.743803013554922)|764.33554283881', NULL, '2023-09-13 14:34:56', 0),
(88, 83, 'circle', 'skiing', 0, '(47.15554491026175, 11.72724840704466)|686.1686527434745', NULL, '2023-09-13 14:35:31', 0),
(89, 84, 'circle', 'skiing', 0, '(47.11149580216394, 11.692363600666633)|1163.9896773588875', NULL, '2023-09-13 14:36:07', 0),
(91, 86, 'circle', 'skiing', 0, '(47.247714340923054, 12.118909062976426)|1058.4365905181082', NULL, '2023-09-13 14:40:10', 0),
(92, 87, 'circle', 'skiing', 0, '(47.24932057267686, 12.275885104920956)|887.4428773493081', NULL, '2023-09-13 14:40:43', 0),
(93, 88, 'circle', 'skiing', 0, '(47.272521305501925, 12.34716483637634)|991.7729915330757', NULL, '2023-09-13 14:41:18', 0),
(94, 89, 'circle', 'skiing', 0, '(47.220011518133816, 12.175372235405403)|1034.5611608965096', NULL, '2023-09-13 14:41:57', 0),
(95, 85, 'polygon', 'skiing', 0, '(47.20329609526204, 11.993571874688476), (47.22042762741494, 12.044996698604654), (47.23115272273369, 12.032465418087076), (47.21681324781275, 11.971353967891764), (47.196988076060514, 11.962599237667154)', NULL, '2023-09-13 14:42:52', 0),
(96, 90, 'circle', 'city', 0, '(47.48367437563177, 12.065063114569154)|1797.1243430571283', NULL, '2023-09-13 14:43:19', 0),
(97, 91, 'circle', 'city', 0, '(47.449572887164194, 12.091408902176951)|1330.5945152515249', NULL, '2023-09-13 14:44:07', 0),
(98, 92, 'circle', 'city', 0, '(47.440945510766035, 12.041426865165041)|599.071137810893', NULL, '2023-09-13 14:44:38', 0),
(99, 93, 'circle', 'city', 0, '(47.40776940911293, 12.038350246187779)|634.724702649757', NULL, '2023-09-13 14:45:10', 0),
(100, 94, 'circle', 'city', 0, '(47.43021872603896, 11.87763839771728)|724.082018543267', NULL, '2023-09-13 14:46:15', 0),
(101, 95, 'circle', 'skiing', 0, '(47.399335553537014, 11.942688346127634)|720.6827614172554', NULL, '2023-09-13 14:46:42', 0),
(102, 96, 'circle', 'city', 0, '(47.45063382897151, 12.156332273199295)|713.5681072469183', NULL, '2023-09-13 14:47:19', 0),
(103, 97, 'circle', 'skiing', 0, '(47.503365704712614, 12.192002533803542)|751.5587092390316', NULL, '2023-09-13 14:47:42', 0),
(104, 98, 'circle', 'skiing', 0, '(47.51449529274236, 12.300788280232492)|1204.29759715742', NULL, '2023-09-13 14:48:21', 0),
(105, 99, 'circle', 'skiing', 0, '(47.520487567315094, 12.422136731629703)|3686.0960631650382', NULL, '2023-09-13 14:48:59', 0),
(106, 100, 'circle', 'city', 0, '(47.55809677394823, 12.44803995248977)|625.5098962871044', NULL, '2023-09-13 14:49:39', 0),
(107, 101, 'circle', 'city', 0, '(47.57521771201051, 12.475700882689997)|838.0071806509823', NULL, '2023-09-13 14:50:13', 0),
(108, 102, 'circle', 'skiing', 0, '(47.432626794616965, 12.213140334519478)|1111.791776187438', NULL, '2023-09-13 14:50:46', 0),
(109, 103, 'circle', 'skiing', 0, '(47.45008723686821, 12.251262708328813)|722.5950826583248', NULL, '2023-09-13 14:51:49', 0),
(110, 104, 'circle', 'skiing', 0, '(47.44910723568379, 12.315527503240071)|1887.1713157126615', NULL, '2023-09-13 14:52:21', 0),
(111, 105, 'circle', 'skiing', 0, '(47.44848017179397, 12.389890946393809)|2088.083921366846', NULL, '2023-09-13 14:52:48', 0),
(112, 106, 'circle', 'skiing', 0, '(47.37813259439256, 12.419012930646817)|695.2243106698555', NULL, '2023-09-13 14:53:18', 0),
(113, 107, 'circle', 'skiing', 0, '(47.27963452315042, 12.482743700236272)|1777.861744700912', NULL, '2023-09-13 14:54:35', 0),
(114, 108, 'circle', 'city', 0, '(47.27291809789704, 12.757939803742468)|625.5348403577669', NULL, '2023-09-13 14:55:10', 0),
(115, 109, 'circle', 'skiing', 0, '(47.32311391531295, 12.792244837332358)|1394.182195773929', NULL, '2023-09-13 14:56:01', 0),
(116, 110, 'circle', 'skiing', 0, '(47.37778819122697, 12.592228555032019)|975.6554276938126', NULL, '2023-09-13 14:56:37', 0),
(117, 111, 'circle', 'skiing', 0, '(47.39111767993828, 12.63921543028296)|932.3301754788378', NULL, '2023-09-13 14:57:02', 0),
(118, 112, 'circle', 'skiing', 0, '(47.4375854749079, 12.757112227094497)|1329.6269002473414', NULL, '2023-09-13 14:57:33', 0),
(119, 113, 'circle', 'skiing', 0, '(47.42834583625377, 12.837369874975172)|1936.4778383392504', NULL, '2023-09-13 14:58:15', 0),
(120, 114, 'circle', 'city', 0, '(47.40194991294016, 12.903582360393386)|1178.8983711139697', NULL, '2023-09-13 14:58:54', 0),
(121, 115, 'circle', 'skiing', 0, '(47.477516146438944, 12.544079821298615)|1467.9965209562731', NULL, '2023-09-13 15:00:06', 0),
(122, 116, 'circle', 'city', 0, '(47.582279680058775, 12.691989149828213)|1123.2203278318564', NULL, '2023-09-13 15:00:50', 0),
(123, 117, 'circle', 'city', 0, '(47.12469030963882, 11.451672732527163)|1111.6108162761084', NULL, '2023-09-13 15:01:32', 0),
(124, 118, 'circle', 'skiing', 0, '(47.08618382335825, 11.470695089370183)|2687.147688281563', NULL, '2023-09-13 15:02:07', 0),
(125, 119, 'circle', 'city', 0, '(47.03913949178432, 11.479669937889545)|1016.209453084886', NULL, '2023-09-13 15:02:35', 0),
(126, 120, 'circle', 'city', 0, '(47.00057885964933, 11.504110111004259)|1162.400167212189', NULL, '2023-09-13 15:04:20', 0),
(127, 121, 'circle', 'city', 0, '(46.96234673506399, 11.343367466470582)|1196.5725673589416', NULL, '2023-09-13 15:05:01', 0),
(128, 122, 'circle', 'city', 0, '(46.89269456318209, 11.431159287285308)|1682.2951175973074', NULL, '2023-09-13 15:05:50', 0),
(129, 123, 'circle', 'skiing', 0, '(46.81004091004829, 11.24570354246793)|2163.8729523418538', NULL, '2023-09-13 15:06:44', 0),
(130, 124, 'circle', 'city', 0, '(46.69202521689321, 11.157226187404596)|1163.6408793237729', NULL, '2023-09-13 15:07:53', 0),
(131, 125, 'polygon', 'city', 0, '(46.681654907908566, 11.11891893208492), (46.64230590394451, 11.123725450639608), (46.64324872982574, 11.205779588823201), (46.67765062994157, 11.21779588520992)', NULL, '2023-09-13 15:08:53', 0),
(132, 126, 'circle', 'city', 0, '(46.65086856820204, 11.008783474031384)|1356.5752920860955', NULL, '2023-09-13 15:10:26', 0),
(133, 127, 'circle', 'city', 0, '(46.49041350349393, 11.336652834722365)|7235.708709772832', NULL, '2023-09-13 15:11:47', 0),
(134, 128, 'circle', 'city', 0, '(46.717334263825265, 11.65793231501246)|1436.8373146797537', NULL, '2023-09-13 15:12:38', 0),
(135, 129, 'circle', 'city', 0, '(46.67557520434187, 11.70961343719613)|414.06167243082416', NULL, '2023-09-13 15:13:31', 0),
(136, 130, 'circle', 'city', 0, '(46.63838117438407, 11.563402294803081)|2295.5125124270326', NULL, '2023-09-13 15:14:39', 0),
(137, 131, 'circle', 'skiing', 0, '(46.57367864605052, 11.673772036523843)|1118.6003668922037', NULL, '2023-09-13 15:15:07', 0),
(138, 132, 'circle', 'skiing', 0, '(46.55716797495644, 11.718500960365658)|880.843546162675', NULL, '2023-09-13 15:16:19', 0),
(139, 133, 'polygon', 'skiing', 0, '(46.563972317274846, 11.748190601492094), (46.553467093837206, 11.738405903005766), (46.537882567667715, 11.76055022063272), (46.54425859642397, 11.788531025076079)', NULL, '2023-09-13 15:17:18', 0),
(140, 134, 'circle', 'skiing', 0, '(46.53267660640135, 11.774084153701402)|842.0466115537885', NULL, '2023-09-13 15:18:32', 0),
(141, 135, 'circle', 'skiing', 0, '(46.50936221456414, 11.765710326504673)|1323.9043913203907', NULL, '2023-09-13 15:19:23', 0),
(142, 136, 'circle', 'skiing', 0, '(46.474584613660085, 11.771794056551048)|1931.5567819186053', NULL, '2023-09-13 15:20:04', 0),
(143, 137, 'circle', 'skiing', 0, '(46.47693113244317, 11.738391306350481)|1380.543928142918', NULL, '2023-09-13 15:29:12', 0),
(144, 138, 'circle', 'skiing', 0, '(46.81274040535038, 11.658977519445942)|1589.1287727431238', NULL, '2023-09-13 15:29:40', 0),
(145, 139, 'circle', 'city', 0, '(46.79769424346383, 11.935609238334273)|3585.4712138338964', NULL, '2023-09-13 15:30:06', 0),
(146, 140, 'circle', 'skiing', 0, '(46.989932057341214, 11.962003540494685)|1183.1352651291961', NULL, '2023-09-13 15:31:38', 0),
(147, 141, 'circle', 'skiing', 0, '(46.53784063170118, 11.89028696246059)|1360.6385629034774', NULL, '2023-09-13 15:32:32', 0),
(148, 142, 'circle', 'skiing', 0, '(46.69952944630268, 11.929265714878792)|2041.7798122070822', NULL, '2023-09-13 15:33:20', 0),
(149, 143, 'circle', 'skiing', 0, '(46.58362511068232, 11.901114409197543)|1484.3050501395041', NULL, '2023-09-13 15:34:22', 0),
(150, 144, 'circle', 'skiing', 0, '(46.567874450222185, 11.937296277129454)|1131.1535137723233', NULL, '2023-09-13 15:34:50', 0),
(151, 145, 'circle', 'skiing', 0, '(46.5542966695565, 11.852408407715952)|1148.5946700873844', NULL, '2023-09-13 15:35:22', 0),
(152, 146, 'polygon', 'skiing', 0, '(46.55631423421339, 11.865636368031142), (46.54781458413354, 11.86018611931288), (46.55171042232237, 11.882716675037978)', NULL, '2023-09-13 15:36:13', 0),
(153, 147, 'circle', 'skiing', 0, '(46.4977627590888, 11.87184778006474)|1384.3183941155853', NULL, '2023-09-13 15:36:35', 0),
(154, 148, 'circle', 'skiing', 0, '(46.73221445340756, 12.218848106223597)|2862.1989936916693', NULL, '2023-09-13 15:37:21', 0),
(155, 149, 'circle', 'skiing', 0, '(46.73302188865968, 12.280704018480385)|2271.5425983620735', NULL, '2023-09-13 15:37:54', 0),
(156, 150, 'circle', 'skiing', 0, '(46.70166156241992, 12.348863731219026)|1398.5398459920507', NULL, '2023-09-13 15:38:15', 0),
(157, 151, 'circle', 'skiing', 0, '(46.53843687263875, 12.133805264505106)|3190.5606760041633', NULL, '2023-09-13 15:38:48', 0),
(158, 152, 'circle', 'city', 0, '(46.82475227875175, 12.763928465534216)|3775.904958113592', NULL, '2023-09-13 15:39:25', 0),
(160, 154, 'circle', 'city', 0, '(46.99913470344996, 12.534821643123276)|1585.0227993558303', NULL, '2023-09-13 15:40:45', 0),
(161, 155, 'circle', 'skiing', 0, '(47.1984844670452, 11.289013227782805)|1242.5404482112249', NULL, '2023-09-15 08:59:40', 0),
(164, 158, 'circle', 'city', 0, '(47.15844057923362, 9.811849576501395)|1624.8082199223686', NULL, '2023-09-19 16:06:12', 0),
(165, 159, 'circle', 'skiing', 0, '(46.977343456207755, 10.982487317249555)|800.5913803548077', NULL, '2023-09-19 16:07:17', 0),
(166, 160, 'circle', 'skiing', 0, '(46.94008689284533, 11.023750099240752)|778.503350299601', NULL, '2023-09-19 16:07:54', 0),
(167, 161, 'circle', 'city', 0, '(47.244934178427066, 11.246282639301617)|618.4126933556756', NULL, '2023-09-19 16:08:29', 0),
(168, 162, 'circle', 'skiing', 0, '(47.21235156036295, 11.017105790087482)|1123.6343743742511', NULL, '2023-09-19 16:09:05', 0),
(169, 163, 'circle', 'city', 0, '(47.214095372916276, 11.212899481253471)|565.2974893141426', NULL, '2023-09-19 16:09:32', 0),
(170, 164, 'circle', 'city', 0, '(47.19440972640642, 11.156190228025075)|794.5807883844203', NULL, '2023-09-19 16:09:59', 0),
(171, 165, 'circle', 'skiing', 0, '(47.31098918977932, 11.718053560174804)|278.87107575646695', NULL, '2023-09-19 16:10:29', 0),
(172, 166, 'circle', 'skiing', 0, '(47.26751512635523, 11.776851207016001)|1045.9306588817005', NULL, '2023-09-19 16:11:28', 0),
(173, 167, 'circle', 'city', 0, '(47.43794648195601, 11.691301388543053)|793.6697010908828', NULL, '2023-09-19 16:11:51', 0),
(174, 168, 'circle', 'city', 0, '(47.582027704274616, 12.161948392502943)|1550.4204215755003', NULL, '2023-09-19 16:12:16', 0),
(175, 169, 'circle', 'skiing', 0, '(47.237235616357395, 12.143879230767606)|1286.7012323338633', NULL, '2023-09-19 16:41:32', 0),
(176, 170, 'circle', 'skiing', 0, '(46.53868829338811, 10.134625955275695)|1026.709496697165', NULL, '2023-09-19 16:42:00', 0),
(178, NULL, NULL, 'city', 0, NULL, 'new_7139430343', '2023-09-21 12:34:18', 0),
(179, NULL, NULL, 'city', 0, NULL, 'new_1184387525', '2023-09-21 12:34:31', 0),
(180, NULL, NULL, 'city', 0, NULL, 'new_4279983961', '2023-09-21 12:34:45', 0),
(181, NULL, NULL, 'city', 0, NULL, 'new_3792916624', '2023-09-21 12:35:05', 0),
(182, NULL, NULL, 'city', 0, NULL, 'new_3675924924', '2023-09-21 12:35:19', 0);

-- --------------------------------------------------------

--
-- Tabellenstruktur für Tabelle `transfer_reservation_arrival_notice`
--

CREATE TABLE `transfer_reservation_arrival_notice` (
  `id` int UNSIGNED NOT NULL,
  `date_from` date DEFAULT NULL,
  `date_to` date DEFAULT NULL
) ENGINE=InnoDB DEFAULT CHARSET=utf8mb4 COLLATE=utf8mb4_unicode_ci;

-- --------------------------------------------------------

--
-- Tabellenstruktur für Tabelle `transfer_reservation_bookings`
--

CREATE TABLE `transfer_reservation_bookings` (
  `id` int UNSIGNED NOT NULL,
  `uuid` int UNSIGNED DEFAULT NULL,
  `client_id` int UNSIGNED DEFAULT NULL,
  `driver_id` int UNSIGNED DEFAULT NULL,
  `fleet_id` int UNSIGNED DEFAULT NULL,
  `accept_shared_trip` tinyint UNSIGNED DEFAULT '0',
  `location_id` varchar(255) DEFAULT NULL,
  `pickup_type` enum('server','google') DEFAULT 'server',
  `dropoff_id` int UNSIGNED DEFAULT NULL COMMENT 'Location ID',
  `dropoff_place_id` varchar(255) DEFAULT NULL,
  `dropoff_type` enum('server','google') DEFAULT 'server',
  `booking_date` datetime DEFAULT NULL,
  `return_date` datetime DEFAULT NULL,
  `return_id` int UNSIGNED DEFAULT NULL,
  `passengers` int DEFAULT NULL,
  `luggage` int DEFAULT NULL,
  `sub_total` decimal(9,2) UNSIGNED DEFAULT NULL,
  `discount` decimal(9,2) DEFAULT NULL,
  `tax` decimal(9,2) UNSIGNED DEFAULT NULL,
  `total` decimal(9,2) UNSIGNED DEFAULT NULL,
  `deposit` decimal(9,2) UNSIGNED DEFAULT NULL,
  `price` decimal(9,2) DEFAULT NULL,
  `extra_price` decimal(9,2) DEFAULT NULL,
  `credit_card_fee` decimal(9,2) DEFAULT NULL,
  `station_fee` decimal(9,2) DEFAULT NULL,
  `station_id` int DEFAULT NULL,
  `voucher_code` varchar(255) DEFAULT NULL,
  `payment_method` enum('paypal','authorize','saferpay','creditcard','creditcard_later','cash','bank') DEFAULT NULL,
  `status` enum('confirmed','cancelled','pending','passed_on','in_progress') DEFAULT 'pending',
  `txn_id` varchar(255) DEFAULT NULL,
  `processed_on` datetime DEFAULT NULL,
  `created` datetime DEFAULT NULL,
  `ip` varchar(255) DEFAULT NULL,
  `c_title` varchar(255) DEFAULT NULL,
  `c_fname` varchar(255) DEFAULT NULL,
  `c_lname` varchar(255) DEFAULT NULL,
  `c_dialing_code` varchar(55) DEFAULT NULL,
  `c_phone` varchar(255) DEFAULT NULL,
  `c_email` varchar(255) DEFAULT NULL,
  `c_company` varchar(255) DEFAULT NULL,
  `c_notes` text,
  `c_address` varchar(255) DEFAULT NULL,
  `c_city` varchar(255) DEFAULT NULL,
  `c_state` varchar(255) DEFAULT NULL,
  `c_zip` varchar(255) DEFAULT NULL,
  `c_country` int UNSIGNED DEFAULT NULL,
  `c_airline_company` varchar(255) DEFAULT NULL,
  `c_departure_airline_company` varchar(255) DEFAULT NULL,
  `c_flight_number` varchar(255) DEFAULT NULL,
  `c_flight_time` varchar(255) DEFAULT NULL,
  `c_departure_flight_number` varchar(255) DEFAULT NULL,
  `c_departure_flight_time` varchar(255) DEFAULT NULL,
  `c_destination_address` varchar(255) DEFAULT NULL,
  `c_hotel` varchar(255) DEFAULT NULL,
  `c_cruise_ship` varchar(255) DEFAULT NULL,
  `cc_owner` varchar(255) DEFAULT NULL,
  `cc_type` varchar(255) DEFAULT NULL,
  `cc_num` varchar(255) DEFAULT NULL,
  `cc_exp` varchar(255) DEFAULT NULL,
  `cc_code` varchar(255) DEFAULT NULL,
  `internal_notes` text,
  `customized_name_plate` varchar(255) DEFAULT NULL,
  `google_map_link` text,
  `pickup_google_map_link` text,
  `dropoff_google_map_link` text,
  `pickup_id` int DEFAULT NULL,
  `pickup_address` varchar(255) DEFAULT NULL,
  `pickup_lat` float(10,6) DEFAULT NULL,
  `pickup_lng` float(10,6) DEFAULT NULL,
  `pickup_is_airport` tinyint(1) DEFAULT '0',
  `dropoff_address` varchar(255) DEFAULT NULL,
  `dropoff_lat` float(10,6) DEFAULT NULL,
  `dropoff_lng` float(10,6) DEFAULT NULL,
  `dropoff_is_airport` tinyint(1) DEFAULT '0',
  `duration` int DEFAULT NULL,
  `distance` int DEFAULT NULL,
  `price_by_distance` enum('T','F') DEFAULT 'F',
  `saferpay_request_id` varchar(255) DEFAULT NULL,
  `saferpay_token` varchar(255) DEFAULT NULL,
  `locale_id` int DEFAULT '1',
  `name_sign` varchar(255) DEFAULT NULL
) ENGINE=InnoDB DEFAULT CHARSET=utf8mb3;

--
-- Daten für Tabelle `transfer_reservation_bookings`
--

INSERT INTO `transfer_reservation_bookings` (`id`, `uuid`, `client_id`, `driver_id`, `fleet_id`, `accept_shared_trip`, `location_id`, `pickup_type`, `dropoff_id`, `dropoff_place_id`, `dropoff_type`, `booking_date`, `return_date`, `return_id`, `passengers`, `luggage`, `sub_total`, `discount`, `tax`, `total`, `deposit`, `price`, `extra_price`, `credit_card_fee`, `station_fee`, `station_id`, `voucher_code`, `payment_method`, `status`, `txn_id`, `processed_on`, `created`, `ip`, `c_title`, `c_fname`, `c_lname`, `c_dialing_code`, `c_phone`, `c_email`, `c_company`, `c_notes`, `c_address`, `c_city`, `c_state`, `c_zip`, `c_country`, `c_airline_company`, `c_departure_airline_company`, `c_flight_number`, `c_flight_time`, `c_departure_flight_number`, `c_departure_flight_time`, `c_destination_address`, `c_hotel`, `c_cruise_ship`, `cc_owner`, `cc_type`, `cc_num`, `cc_exp`, `cc_code`, `internal_notes`, `customized_name_plate`, `google_map_link`, `pickup_google_map_link`, `dropoff_google_map_link`, `pickup_id`, `pickup_address`, `pickup_lat`, `pickup_lng`, `pickup_is_airport`, `dropoff_address`, `dropoff_lat`, `dropoff_lng`, `dropoff_is_airport`, `duration`, `distance`, `price_by_distance`, `saferpay_request_id`, `saferpay_token`, `locale_id`, `name_sign`) VALUES
(64, 1699279170, 55, NULL, 1, 0, '1', 'server', 51, 'ChIJ49n0zMJGnUcRhkvZ7QuRyO0', 'google', '2023-11-21 15:00:00', NULL, NULL, 3, NULL, 75.00, 0.00, 0.00, 75.00, 0.00, 75.00, 0.00, NULL, NULL, NULL, NULL, 'cash', 'confirmed', NULL, NULL, '2023-11-06 15:59:30', '83.175.73.240', 'mr', 'ahmet', 'civi', '+43', '55', 'ahmet@civi.at', NULL, NULL, NULL, NULL, NULL, NULL, 15, 'test', NULL, 'test', '15:00:00', NULL, NULL, 'öääd&', 'öääd&', NULL, NULL, NULL, NULL, NULL, NULL, NULL, NULL, NULL, NULL, NULL, NULL, NULL, 47.257648, 11.351308, 1, 'Scheibe 44, 6167 Neustift im Stubaital, Austria', 47.108170, 11.299654, 0, 31, 26, 'F', NULL, NULL, 1, NULL),
(65, 1699624185, 56, NULL, 1, 0, '1', 'server', 1, '14', 'server', '2023-11-21 12:00:00', '2023-11-21 20:00:00', NULL, 2, NULL, 2.00, 0.00, 0.00, 2.00, 2.00, 10.00, 0.00, NULL, NULL, NULL, NULL, 'saferpay', 'confirmed', 'zn4xGzbEjp1AvAEYvMWpA65d5W0A', '2023-11-10 15:51:12', '2023-11-10 15:49:45', '83.175.73.240', 'mr', 'ahmet', 'civi', '+43', 'ff', 'ahmet@civi.at', NULL, NULL, NULL, NULL, NULL, NULL, 15, 'cc', NULL, 'cc', '12:00:00', NULL, NULL, 'ccöääöß', 'ccöääöß', NULL, NULL, NULL, NULL, NULL, NULL, NULL, NULL, NULL, NULL, NULL, NULL, NULL, 47.257648, 11.351308, 1, NULL, 47.270477, 11.404022, 0, 14, 5, 'F', '80cbd5098de928f2955ba73fee29146f', 'l4npjle8d3mwtz6vjm49pn5bn', 1, NULL),
(66, 2382377601, 56, NULL, 1, 0, '1', 'server', 1, '14', 'server', '2023-11-21 20:00:00', NULL, 65, 2, NULL, 2.00, 0.00, 0.00, 2.00, 2.00, 10.00, 0.00, NULL, NULL, NULL, NULL, 'saferpay', 'confirmed', NULL, NULL, '2023-11-10 15:49:45', '83.175.73.240', 'mr', 'ahmet', 'civi', '+43', 'ff', 'ahmet@civi.at', NULL, NULL, 'ccöääöß', NULL, NULL, NULL, 15, NULL, NULL, NULL, NULL, NULL, '00:00', NULL, NULL, NULL, NULL, NULL, NULL, NULL, NULL, NULL, NULL, NULL, NULL, NULL, NULL, NULL, 47.257648, 11.351308, 0, NULL, 47.270477, 11.404022, 1, 14, 5, 'F', NULL, NULL, 1, NULL),
(67, 2342698365, 57, NULL, 1, 0, '1', 'server', 81, '85', 'server', '2023-11-21 08:00:00', NULL, NULL, 2, NULL, 137.00, 0.00, 0.00, 137.00, 137.00, 137.00, 0.00, NULL, NULL, NULL, NULL, 'bank', 'confirmed', NULL, NULL, '2023-11-21 11:01:27', '83.175.73.240', 'mr', 'Ahmet', 'civi', '+43', 'ff', 'ahmet@civi.at', NULL, 'f', NULL, NULL, NULL, NULL, 15, '1', NULL, 'HV1221', '08:00:00', NULL, NULL, '1', 'f', NULL, NULL, NULL, NULL, NULL, NULL, 'Bank', NULL, 'f', NULL, NULL, NULL, NULL, 47.257648, 11.351308, 1, NULL, 47.167980, 11.862040, 0, 65, 74, 'F', NULL, NULL, 1, NULL),
(68, 2331157927, 58, NULL, 1, 0, '1', 'server', 1, '14', 'server', '2023-11-21 09:00:00', NULL, NULL, 2, NULL, 16.00, 0.00, 0.00, 16.00, 16.00, 15.00, 15.00, NULL, NULL, NULL, NULL, 'creditcard', 'confirmed', NULL, NULL, '2023-11-21 11:02:49', '83.175.73.240', 'mr', 'Ahmet', 'civi', '+43', '555', 'ahmet@civi.at', NULL, NULL, NULL, NULL, NULL, NULL, 15, 'ff', NULL, 'ff', '09:00:00', NULL, NULL, 'ff', 'ff', NULL, NULL, NULL, NULL, '-', NULL, 'advance offline', NULL, 'ff', NULL, NULL, NULL, NULL, 47.257648, 11.351308, 1, NULL, 47.270477, 11.404022, 0, 14, 5, 'F', NULL, NULL, 1, NULL),
(69, 2384312275, 59, NULL, 2, 0, '1', 'server', 5, '15', 'server', '2023-11-21 08:00:00', NULL, NULL, 3, NULL, 174.00, 0.00, 0.00, 174.00, 0.00, 174.00, 0.00, NULL, NULL, NULL, NULL, 'creditcard_later', 'confirmed', NULL, NULL, '2023-11-21 11:07:19', '83.175.73.240', 'mr', 'Ahmet', 'civi', '+43', '5555', 'ahmet@civi.at', NULL, 'dd', NULL, NULL, NULL, NULL, 15, 'dd', NULL, 'hv5555', '08:00:00', NULL, NULL, 'dd', 'dd', NULL, NULL, NULL, NULL, NULL, NULL, 'dd', NULL, 'dd', NULL, NULL, NULL, NULL, 47.257648, 11.351308, 1, NULL, 47.132603, 10.261346, 0, 74, 99, 'F', NULL, NULL, 1, NULL),
(70, 2361080100, 60, NULL, 1, 0, '1', 'server', 1, '14', 'server', '2023-11-21 00:00:00', NULL, NULL, 1, NULL, 1.00, 0.00, 0.00, 1.00, 0.00, 1.00, 0.00, NULL, NULL, NULL, NULL, 'cash', 'confirmed', NULL, NULL, '2023-11-21 11:32:58', '83.175.73.240', 'mr', 'Ahmet', 'civi', '+43', '55', 'ahmet@civi.at', NULL, 'f', NULL, NULL, NULL, NULL, 15, 'f', NULL, 'f', '00:00:00', NULL, NULL, 'f', 'f', NULL, NULL, NULL, NULL, NULL, NULL, 'cash', NULL, 'f', NULL, NULL, NULL, NULL, 47.257648, 11.351308, 1, NULL, 47.270477, 11.404022, 0, 14, 5, 'F', NULL, NULL, 1, NULL),
(71, 2365672230, 61, NULL, 1, 0, '1', 'server', 5, '15', 'server', '2023-11-21 10:00:00', NULL, NULL, 2, NULL, 163.00, 0.00, 0.00, 163.00, 0.00, 163.00, 0.00, NULL, NULL, NULL, NULL, 'creditcard_later', 'confirmed', NULL, NULL, '2023-11-21 11:40:49', '83.175.73.240', 'mr', 'Ahmet', 'civi', '+43', 'fff', 'ahmet@civi.at', NULL, 'ff', NULL, NULL, NULL, NULL, 15, 'ff', NULL, 'ff', '10:00:00', NULL, NULL, 'ff', 'ff', NULL, NULL, NULL, NULL, NULL, NULL, 'ff', NULL, 'f', NULL, NULL, NULL, NULL, 47.257648, 11.351308, 1, NULL, 47.132603, 10.261346, 0, 74, 99, 'F', NULL, NULL, 1, NULL),
(72, 2393783583, 62, NULL, 2, 0, '1', 'server', 1, '14', 'server', '2023-11-24 23:00:00', '2023-11-29 23:00:00', NULL, 1, NULL, 90.00, 0.00, 0.00, 90.00, NULL, 45.00, 0.00, NULL, NULL, NULL, NULL, 'cash', 'pending', NULL, NULL, '2023-11-22 12:34:32', '83.175.73.240', 'mr', 'agwerg', 'arega', '+43', '35352', 'aefwhgi@hga.at', NULL, NULL, NULL, NULL, NULL, NULL, 15, NULL, NULL, NULL, '23:00:00', NULL, NULL, NULL, NULL, NULL, NULL, NULL, NULL, NULL, NULL, NULL, NULL, NULL, NULL, NULL, 0, NULL, 47.257648, 11.351308, 1, NULL, 47.270477, 11.404022, 0, 14, 5, 'F', NULL, NULL, 2, NULL),
(73, 2336767750, 62, NULL, 2, 0, '1', 'server', 1, '14', 'server', '2023-11-29 23:00:00', NULL, 72, 1, NULL, 90.00, 0.00, 0.00, 90.00, NULL, 45.00, 0.00, NULL, NULL, NULL, NULL, 'cash', 'pending', NULL, NULL, '2023-11-22 12:34:32', '83.175.73.240', 'mr', 'agwerg', 'arega', '+43', '35352', 'aefwhgi@hga.at', NULL, NULL, 'adsgfa', NULL, NULL, NULL, 15, NULL, NULL, NULL, NULL, NULL, '23:00:00', NULL, NULL, NULL, NULL, NULL, NULL, NULL, NULL, NULL, NULL, NULL, NULL, NULL, 0, NULL, 47.257648, 11.351308, 0, NULL, 47.270477, 11.404022, 1, 14, 5, 'F', NULL, NULL, 2, NULL),
(74, 2342026156, 63, NULL, 1, 0, '3', 'server', 4, '14', 'server', '2023-11-27 23:00:00', '2023-11-27 21:00:00', NULL, 1, NULL, 316.00, 0.00, 0.00, 316.00, NULL, 158.00, 0.00, NULL, NULL, NULL, NULL, 'cash', 'pending', NULL, NULL, '2023-11-22 13:35:31', '83.175.73.240', 'mr', 'fadwgf', 'agaa', '+43', '214', 'agae@afb.at', NULL, NULL, 'agwega', NULL, NULL, NULL, 15, NULL, NULL, NULL, NULL, NULL, NULL, 'agwege', NULL, NULL, NULL, NULL, NULL, NULL, NULL, NULL, NULL, NULL, NULL, NULL, NULL, NULL, 47.129635, 10.268179, 0, NULL, 47.270477, 11.404022, 0, 73, 101, 'F', NULL, NULL, 2, NULL),
(75, 2388919578, 63, NULL, 1, 0, '3', 'server', 4, '14', 'server', '2023-11-27 21:00:00', NULL, 74, 1, NULL, 316.00, 0.00, 0.00, 316.00, NULL, 158.00, 0.00, NULL, NULL, NULL, NULL, 'cash', 'pending', NULL, NULL, '2023-11-22 13:35:31', '83.175.73.240', 'mr', 'fadwgf', 'agaa', '+43', '214', 'agae@afb.at', NULL, NULL, 'fagag', NULL, NULL, NULL, 15, NULL, NULL, NULL, NULL, NULL, NULL, 'agweae', NULL, NULL, NULL, NULL, NULL, NULL, NULL, NULL, NULL, NULL, NULL, NULL, NULL, NULL, 47.129635, 10.268179, 0, NULL, 47.270477, 11.404022, 0, 73, 101, 'F', NULL, NULL, 2, NULL),
(76, 2368366623, 64, NULL, 3, 0, '1', 'server', 10, '23', 'server', '2023-11-22 23:00:00', '2023-11-22 21:00:00', NULL, 1, NULL, 518.00, 0.00, 0.00, 518.00, NULL, 259.00, 0.00, NULL, NULL, NULL, NULL, 'cash', 'pending', NULL, NULL, '2023-11-22 13:48:32', '83.175.73.240', 'mr', 'FWAGE', 'GAWGA', '+43', '234', 'GAWGA@AGVJ.at', NULL, NULL, NULL, NULL, NULL, NULL, 15, NULL, NULL, NULL, '23:00:00', NULL, NULL, NULL, NULL, NULL, NULL, NULL, NULL, NULL, NULL, NULL, NULL, NULL, NULL, NULL, NULL, NULL, 47.257648, 11.351308, 1, NULL, 47.139141, 10.158494, 0, 83, 114, 'F', NULL, NULL, 2, NULL),
(77, 2327344445, 64, NULL, 3, 0, '1', 'server', 10, '23', 'server', '2023-11-22 21:00:00', NULL, 76, 1, NULL, 518.00, 0.00, 0.00, 518.00, NULL, 259.00, 0.00, NULL, NULL, NULL, NULL, 'cash', 'pending', NULL, NULL, '2023-11-22 13:48:32', '83.175.73.240', 'mr', 'FWAGE', 'GAWGA', '+43', '234', 'GAWGA@AGVJ.at', NULL, NULL, 'huii', NULL, NULL, NULL, 15, NULL, NULL, NULL, NULL, NULL, '23:35:00', NULL, NULL, NULL, NULL, NULL, NULL, NULL, NULL, NULL, NULL, NULL, NULL, NULL, NULL, NULL, 47.257648, 11.351308, 0, NULL, 47.139141, 10.158494, 1, 83, 114, 'F', NULL, NULL, 2, NULL),
(78, 2380918872, 65, NULL, 1, 0, '1', 'server', 5, '15', 'server', '2023-12-02 00:00:00', NULL, NULL, 1, NULL, 163.00, 0.00, 0.00, 163.00, 163.00, 163.00, 0.00, NULL, NULL, NULL, NULL, 'saferpay', 'in_progress', NULL, NULL, '2023-11-29 16:50:51', '83.175.73.240', 'mr', 'ddd', 'dd', '+43', 'ff', 'dd@ff.at', NULL, NULL, NULL, NULL, NULL, NULL, 15, NULL, NULL, NULL, '00:00:00', NULL, NULL, NULL, NULL, NULL, NULL, NULL, NULL, NULL, NULL, NULL, NULL, NULL, NULL, NULL, NULL, NULL, 47.257648, 11.351308, 1, NULL, 47.132603, 10.261346, 0, 75, 99, 'F', '2d86284c7cc1374e5a8969b6c0ee5106', 'gbnbk1npvhdvzj8fm73rvsgo7', 2, NULL),
(79, 2374742843, 66, NULL, 1, 0, '1', 'server', 1, '14', 'server', '2023-12-02 00:00:00', NULL, NULL, 1, NULL, 1.00, 0.00, 0.00, 1.00, 1.00, 1.00, 0.00, NULL, NULL, NULL, NULL, 'saferpay', 'in_progress', NULL, NULL, '2023-11-29 18:06:53', '83.175.73.240', 'mr', 'aafhuifha', 'ahahh', '+43', '2132', 'ahah@haha.at', NULL, NULL, NULL, NULL, NULL, NULL, 15, NULL, NULL, NULL, '00:00:00', NULL, NULL, NULL, NULL, NULL, NULL, NULL, NULL, NULL, NULL, NULL, NULL, NULL, NULL, NULL, 0, NULL, 47.257648, 11.351308, 1, NULL, 47.270477, 11.404022, 0, 14, 5, 'F', 'ded1794739e9601ee241f9c47c575199', '16lnhx8w9blzwayp4bzjgfhmn', 2, NULL),
(80, 2359063108, 67, NULL, 1, 0, '1', 'server', 1, '14', 'server', '2023-12-02 00:00:00', NULL, NULL, 1, NULL, 1.00, 0.00, 0.00, 1.00, 1.00, 1.00, 0.00, NULL, NULL, NULL, NULL, 'saferpay', 'in_progress', NULL, NULL, '2023-11-29 18:09:47', '83.175.73.240', 'mr', 'dfyvgyd', 'bydfdby', '+43', '13313', 'ybd@hahah.at', NULL, NULL, NULL, NULL, NULL, NULL, 15, NULL, NULL, NULL, '00:00:00', NULL, NULL, NULL, NULL, NULL, NULL, NULL, NULL, NULL, NULL, NULL, NULL, NULL, NULL, NULL, 0, NULL, 47.257648, 11.351308, 1, NULL, 47.270477, 11.404022, 0, 14, 5, 'F', 'c32d169bb0245ee38275c646f232bb12', 'rqbtdk3wqgxu4c30739l2f2xo', 2, NULL),
(81, 2399853425, 68, NULL, 1, 0, '1', 'server', 81, '85', 'server', '2023-12-06 11:00:00', NULL, NULL, 1, NULL, 137.00, 0.00, 0.00, 137.00, 0.00, 137.00, 0.00, NULL, NULL, NULL, NULL, 'cash', 'cancelled', NULL, NULL, '2023-12-06 16:19:49', '91.114.233.53', 'mr', 'Ahmet', 'Civi', '+43', '6766', 'ahmet@civi.at', NULL, NULL, NULL, NULL, NULL, NULL, 15, 'dd', NULL, 'dd', '11:00:00', NULL, NULL, 'dd', 'dd', NULL, NULL, NULL, NULL, NULL, NULL, NULL, NULL, 'dd', NULL, NULL, NULL, NULL, 47.257648, 11.351308, 1, NULL, 47.167980, 11.862040, 0, 64, 74, 'F', NULL, NULL, 1, NULL),
(82, 2444125053, 69, NULL, 2, 0, '1', 'server', 1, '14', 'server', '2024-08-29 21:00:00', NULL, NULL, 1, NULL, 45.00, 0.00, 0.00, 46.00, 46.00, 46.00, 0.00, 1.00, NULL, NULL, NULL, 'saferpay', 'in_progress', NULL, NULL, '2024-08-29 14:23:28', '83.175.73.240', 'mr', 'fdf', 'fdf', '+43', 'fff', 'fdf@fdff.at', NULL, NULL, NULL, NULL, NULL, NULL, 15, NULL, NULL, NULL, '21:00:00', NULL, NULL, NULL, NULL, NULL, NULL, NULL, NULL, NULL, NULL, NULL, NULL, NULL, NULL, NULL, NULL, NULL, 47.257648, 11.351308, 1, NULL, 47.270477, 11.404022, 0, 14, 6, 'F', 'a404bde5e161cd5483c14336bc0a7cbb', 'kycdh4t5v6y49khc1g7qoc769', 1, NULL),
(83, 2428940561, 70, NULL, 1, 0, '1', 'server', 5, '15', 'server', '2025-07-16 11:10:00', NULL, NULL, 1, NULL, 163.00, 0.00, 0.00, 166.00, 166.00, 166.00, 0.00, 3.00, NULL, NULL, NULL, 'saferpay', 'confirmed', NULL, NULL, '2024-08-29 14:27:14', '83.175.73.240', 'mr', 'fdfd', 'fdf', '+43', 'fdfd', 'fdfdf@fdf.at', NULL, NULL, NULL, NULL, NULL, NULL, 15, NULL, NULL, 'f', '11:10:00', NULL, NULL, NULL, NULL, NULL, NULL, NULL, NULL, NULL, NULL, NULL, NULL, NULL, NULL, NULL, NULL, NULL, 47.257648, 11.351308, 1, NULL, 47.132603, 10.261346, 0, 75, 100, 'F', '2e0d970e1d441db9d495dac961eb15f7', '82rirtykgz9r988e1j8chgb15', 1, 'app/web/upload/files/2_femira-unternehmensfilm_placeholder.webp');

-- --------------------------------------------------------

--
-- Tabellenstruktur für Tabelle `transfer_reservation_bookings_extras`
--

CREATE TABLE `transfer_reservation_bookings_extras` (
  `id` int UNSIGNED NOT NULL,
  `booking_id` int UNSIGNED DEFAULT NULL,
  `extra_id` int UNSIGNED DEFAULT NULL,
  `quantity` int UNSIGNED DEFAULT NULL,
  `price` decimal(9,2) DEFAULT NULL
) ENGINE=InnoDB DEFAULT CHARSET=utf8mb3;

--
-- Daten für Tabelle `transfer_reservation_bookings_extras`
--

INSERT INTO `transfer_reservation_bookings_extras` (`id`, `booking_id`, `extra_id`, `quantity`, `price`) VALUES
(149, 64, 1, 1, 0.00),
(150, 64, 2, 1, 0.00),
(151, 64, 5, 1, 0.00),
(203, 68, 8, 1, 15.00);

-- --------------------------------------------------------

--
-- Tabellenstruktur für Tabelle `transfer_reservation_bookings_payments`
--

CREATE TABLE `transfer_reservation_bookings_payments` (
  `id` int UNSIGNED NOT NULL,
  `booking_id` int UNSIGNED DEFAULT NULL,
  `payment_method` enum('paypal','authorize','saferpay','creditcard','creditcard_later','cash','bank') DEFAULT NULL,
  `payment_type` varchar(255) DEFAULT NULL,
  `amount` decimal(9,2) UNSIGNED DEFAULT NULL,
  `status` enum('paid','notpaid') DEFAULT 'paid'
) ENGINE=InnoDB DEFAULT CHARSET=utf8mb3;

--
-- Daten für Tabelle `transfer_reservation_bookings_payments`
--

INSERT INTO `transfer_reservation_bookings_payments` (`id`, `booking_id`, `payment_method`, `payment_type`, `amount`, `status`) VALUES
(51, 65, 'saferpay', 'online', 1.00, 'paid'),
(52, 72, 'cash', 'online', NULL, 'notpaid'),
(53, 74, 'cash', 'online', NULL, 'notpaid'),
(54, 76, 'cash', 'online', NULL, 'notpaid'),
(55, 78, 'saferpay', 'online', 163.00, 'notpaid'),
(56, 79, 'saferpay', 'online', 1.00, 'notpaid'),
(57, 80, 'saferpay', 'online', 1.00, 'notpaid'),
(58, 82, 'saferpay', 'online', 46.00, 'notpaid'),
(59, 83, 'saferpay', 'online', 166.00, 'notpaid');

-- --------------------------------------------------------

--
-- Tabellenstruktur für Tabelle `transfer_reservation_clients`
--

CREATE TABLE `transfer_reservation_clients` (
  `id` int UNSIGNED NOT NULL,
  `email` varchar(255) DEFAULT NULL,
  `password` blob,
  `title` varchar(255) DEFAULT NULL,
  `fname` varchar(255) DEFAULT NULL,
  `lname` varchar(255) DEFAULT NULL,
  `dialing_code` varchar(55) DEFAULT NULL,
  `phone` varchar(255) DEFAULT NULL,
  `company` varchar(255) DEFAULT NULL,
  `address` varchar(255) DEFAULT NULL,
  `city` varchar(255) DEFAULT NULL,
  `state` varchar(255) DEFAULT NULL,
  `zip` varchar(255) DEFAULT NULL,
  `country_id` int UNSIGNED DEFAULT NULL,
  `created` datetime NOT NULL,
  `modified` datetime DEFAULT NULL,
  `last_login` datetime DEFAULT NULL,
  `status` enum('T','F') NOT NULL DEFAULT 'T'
) ENGINE=InnoDB DEFAULT CHARSET=utf8mb3;

--
-- Daten für Tabelle `transfer_reservation_clients`
--

INSERT INTO `transfer_reservation_clients` (`id`, `email`, `password`, `title`, `fname`, `lname`, `dialing_code`, `phone`, `company`, `address`, `city`, `state`, `zip`, `country_id`, `created`, `modified`, `last_login`, `status`) VALUES
(1, 'ahmet@civi.at', 0xef2c5a7845ca2735c3bc95d25a86b45c, 'mr', 'asss', 'sss', '+43', '6666', NULL, NULL, NULL, NULL, NULL, 15, '2023-09-08 11:06:38', '2023-09-08 11:06:38', NULL, 'T'),
(2, 'fdf@fdff.at', 0x6830e2de82ee1eb403ac923009d8b759, 'mr', 'fdf', 'fdf', '+43', '666', NULL, NULL, NULL, NULL, NULL, 15, '2023-09-08 12:03:05', '2023-09-08 12:03:05', NULL, 'T'),
(3, 'fdf@fdfd.at', 0x75cfd487ccf7f4d2084ff48fcc7cebc2, 'mr', 'adfd', 'fd', '+43', '544', NULL, NULL, NULL, NULL, NULL, 15, '2023-09-08 12:38:26', '2023-09-08 12:38:26', NULL, 'T'),
(4, 'fdfd@dfdf.at', 0xb678fb41b1ce36fda714c89dba73dcd5, 'mr', 'afdfd', 'fdf', '+43', '56565', NULL, NULL, NULL, NULL, NULL, 15, '2023-09-08 12:43:30', '2023-09-08 12:43:30', NULL, 'T'),
(5, 'fdf@fdfd.at', 0x2c4530c3951bb632b2934fcb29fd9083, 'mr', 'fdf', 'fd', '+31', 'fdf', NULL, NULL, NULL, NULL, NULL, 157, '2023-09-08 12:46:57', '2023-09-08 12:46:57', NULL, 'T'),
(6, 'ahmet@civi.at', 0x2e8f1c02d79dc5e8fae85ac9db4b3dc8, 'mr', 'Ahmet', 'Civi', '+43', '6769346370', NULL, NULL, NULL, NULL, NULL, 15, '2023-09-11 12:50:09', '2023-09-11 12:50:09', NULL, 'T'),
(7, 'ahmet@civi.at', 0x00769eb10ab6a668624ac6693c94fc3a, 'mr', 'Ahmet', 'Civi', '+43', '6769346370', NULL, NULL, NULL, NULL, NULL, 15, '2023-09-11 12:53:36', '2023-09-11 12:53:36', NULL, 'T'),
(8, 'ahmet@civi.at', 0x33cf65ac73c2d937c53db809745faa30, 'mr', 'Ahmet', 'Civi', '+43', '6769346370', NULL, NULL, NULL, NULL, NULL, 15, '2023-09-11 13:13:35', '2023-09-11 13:13:35', NULL, 'T'),
(9, 'ahmet@civi.at', 0xe0e595548a62d5661d26629556fd4e23, 'mr', 'Ahmet', 'Civi', '+43', '6769346370', NULL, NULL, NULL, NULL, NULL, 15, '2023-09-11 13:24:59', '2023-09-11 13:24:59', NULL, 'T'),
(10, 'ahmet@civi.at', 0x9b17c96ab74b22b25e18c698672374cd, 'mr', 'Ahmet', 'Civi', '+49', '9346370', NULL, NULL, NULL, NULL, NULL, 83, '2023-09-14 13:47:46', '2023-09-14 13:47:46', NULL, 'T'),
(11, 'ahmet@civi.at', 0xd441e0f19a18f2dc9ef112cf5636f5ad, 'mr', 'Ahmet', 'Civi', '+43', '6769346370', NULL, NULL, NULL, NULL, NULL, 15, '2023-09-14 13:56:52', '2023-09-14 13:56:52', NULL, 'T'),
(12, 'ahmet@civi.at', 0x0d9e374a26f5e22da884af462e053e61, 'mr', 'Ahmet ', 'Civi', '+43', '6769346370', NULL, NULL, NULL, NULL, NULL, 15, '2023-09-14 14:03:14', '2023-09-14 14:03:14', NULL, 'T'),
(13, 'fdf@ffdf.at', 0xd45d0045703157165c339efb2b06b5ef, 'mr', 'ffd', 'fd', '+43', 'fdf', NULL, NULL, NULL, NULL, NULL, 15, '2023-09-14 14:22:32', '2023-09-14 14:22:32', NULL, 'T'),
(14, 'ahmet@civi.at', 0xb9ca7ecb803bf972c6323a5498792dd8, 'mr', 'ahmet', 'civi', '+43', '656', NULL, NULL, NULL, NULL, NULL, 15, '2023-09-15 09:40:13', '2023-09-15 09:40:13', NULL, 'T'),
(15, 'ahmet@civi.at', 0x17794ddef177f9fc475097aba15c338f, 'mr', 'ahmet', 'civi', '+43', '2222', NULL, NULL, NULL, NULL, NULL, 15, '2023-09-19 12:25:36', '2023-09-19 12:25:36', NULL, 'T'),
(16, 'ahmet@civi.at', 0x75f2cb120bc16d12a44481857cb20b30, 'mr', 'ahmet', 'civi', '+43', '56565', NULL, NULL, NULL, NULL, NULL, 15, '2023-09-19 12:26:26', '2023-09-19 12:26:26', NULL, 'T'),
(17, 'ahmet@civi.at', 0x9460a545fdd8d200a466cedd0f771d53, 'mr', 'ahmet', 'civi', '+43', '65665', NULL, NULL, NULL, NULL, NULL, 15, '2023-09-19 12:29:50', '2023-09-19 12:29:50', NULL, 'T'),
(18, 'ahmet@civi.at', 0xb38f10b84a8f4f8cbefefe632e214ee9, 'mr', 'Ahmet', 'civi', '+43', '35655', NULL, NULL, NULL, NULL, NULL, 15, '2023-09-19 12:31:26', '2023-09-19 12:31:26', NULL, 'T'),
(19, 'dfdfd@fdfd.at', 0x4f493761b4b14460eb0e4b3343488ab7, 'mr', 'ahmet', 'civi', '+43', '665', NULL, NULL, NULL, NULL, NULL, 15, '2023-09-19 14:17:40', '2023-09-19 14:17:40', NULL, 'T'),
(20, 'ahmet@civi.at', 0x25468eb626db8bd65c98998b5f811b68, 'mr', 'aaa', 'lklk', '+43', '65656', NULL, NULL, NULL, NULL, NULL, 15, '2023-09-20 11:16:08', '2023-09-20 11:16:08', NULL, 'T'),
(21, 'fdf@fdf.at', 0xf487d43e55ff5313b735284b397643a1, 'mr', 'fdf', 'fd', '+43', '33', NULL, NULL, NULL, NULL, NULL, 235, '2023-09-21 09:16:27', '2023-09-21 09:16:27', NULL, 'T'),
(22, 'hallo@civi-digital.at', 0x5c70feb0ed41c98c5602dfec34b141c7, 'mr', 'Ahmet', 'Civi', '+43', '6769346370', NULL, NULL, NULL, NULL, NULL, 15, '2023-09-21 15:06:34', '2023-09-21 15:06:34', NULL, 'T'),
(23, 'ahmet@civi.at', 0x2771c7868eaac5e8b0031219ad44e082, 'mr', 'ahmet', 'civi', '+49', '5454', NULL, NULL, NULL, NULL, NULL, 83, '2023-09-21 15:31:18', '2023-09-21 15:31:18', NULL, 'T'),
(24, 'ahmet@civi.at', 0xa0b3475e7f32c572a17d5adef5d28eb4, 'mr', 'ahmet', 'civi', '+43', '121', NULL, NULL, NULL, NULL, NULL, 83, '2023-09-21 15:35:43', '2023-09-21 15:35:43', NULL, 'T'),
(25, 'ahmet@civi.at', 0x5865a55c8496cf857dacfb222b7e6635, 'mr', 'ahmet', 'civi', '+43', '656', NULL, NULL, NULL, NULL, NULL, 15, '2023-09-21 15:42:30', '2023-09-21 15:42:30', NULL, 'T'),
(26, 'ahmet@civi.at', 0x17999d2b66af8b520ed5c7c93f76da65, 'mr', 'ahmet', 'civi', '+43', '6565', NULL, NULL, NULL, NULL, NULL, 15, '2023-09-21 15:47:46', '2023-09-21 15:47:46', NULL, 'T'),
(27, 'ahmet@civi.at', 0xe264bbecb1dcc7fecd36438e76a35a7c, 'mr', 'ahmet', 'civi', '+49', '5565', NULL, NULL, NULL, NULL, NULL, 83, '2023-09-22 10:12:37', '2023-09-22 10:12:37', NULL, 'T'),
(28, 'aaa@ffd.at', 0xcf54598d459aedadf383ffb752a81eeb, 'mr', 'aaa', 'aaa', '+43', '656', NULL, NULL, NULL, NULL, NULL, 15, '2023-09-22 11:10:30', '2023-09-22 11:10:30', NULL, 'T'),
(29, 'hallo@civi-digital.at', 0x2a7e4aebdbeea39ff6c2d694ec5dc6cd, 'other', 'Ahmet', 'Civi', '+49', '6769346370', NULL, NULL, NULL, NULL, NULL, 83, '2023-09-26 22:09:54', '2023-09-26 22:09:54', NULL, 'T'),
(30, 'hallo@civi-digital.at', 0xf0787de40fbfb25e5f4fe40e104bf08d, 'mr', 'Ahmet', 'Civi', '+43', '6769346370', NULL, NULL, NULL, NULL, NULL, 15, '2023-09-26 22:12:19', '2023-09-26 22:12:19', NULL, 'T'),
(31, 'fdf@fdfdf.at', 0x230114c63beea1b061960f5f1b424b91, 'mr', 'fdf', 'fdf', '+43', '6565', NULL, NULL, NULL, NULL, NULL, 15, '2023-09-29 08:57:40', '2023-09-29 08:57:40', NULL, 'T'),
(32, 'ahmet@civi.at', 0x02f7eb0c3afa148dbdac9c8d08d82138, 'mr', 'ahmet', 'civi', '+43', '65656', NULL, NULL, NULL, NULL, NULL, 15, '2023-10-16 08:53:01', '2023-10-16 08:53:01', NULL, 'T'),
(33, 'ahmet@civi.at', 0x35df27e13584c205f70e400a7a2f25ce, 'mr', 'Ahmet ', 'Covi', '43', 'Vvv', NULL, NULL, NULL, NULL, NULL, 12, '2023-10-16 20:47:16', '2023-10-16 20:47:16', NULL, 'T'),
(34, 'ahmet@civi.at', 0xfca51d86737b0c256da4a053bdc3f3e8, 'mr', 'First name', 'Last name', '+43', '111', NULL, NULL, NULL, NULL, NULL, 15, '2023-10-17 09:53:50', '2023-10-17 09:53:50', NULL, 'T'),
(35, 'ahmet@civi.at', 0x239a1c4cd95218a6e9f86391d239dbc6, 'mrs', 'First name', 'Last name', '+43', '666', NULL, NULL, NULL, NULL, NULL, 15, '2023-10-17 10:04:16', '2023-10-17 10:04:16', NULL, 'T'),
(36, 'ahmet@civi.at', 0xa65f9d88b207da35d58b3307b9eb72ab, 'other', 'First name', 'Last name', '+43', '6666', NULL, NULL, NULL, NULL, NULL, 15, '2023-10-17 10:14:14', '2023-10-17 10:14:14', NULL, 'T'),
(37, 'ahmet@civi.at', 0x59f4bbf3bdd4c71d79d2b2e667066fa8, 'ms', 'First name', 'Last name', '+43', '666', NULL, NULL, NULL, NULL, NULL, 15, '2023-10-17 10:19:26', '2023-10-17 10:19:26', NULL, 'T'),
(38, 'ahmet@civi.at', 0xcc8631b97a01ea919271b07334a958be, 'ms', 'First name', 'Last name', '+43', '676934637', NULL, NULL, NULL, NULL, NULL, 15, '2023-10-17 10:23:38', '2023-10-17 10:23:38', NULL, 'T'),
(39, 'ahmet@civi.at', 0xc530992784268a0fb277156163cf6d18, 'mrs', 'First name', 'Last name', '+44', '666', NULL, NULL, NULL, NULL, NULL, 235, '2023-10-17 10:32:08', '2023-10-17 10:32:08', NULL, 'T'),
(40, 'ahmet@civi.at', 0x65d8858344eec89035200e0ea68af952, 'mr', 'First name', 'Last name', '+43', '55', NULL, NULL, NULL, NULL, NULL, 15, '2023-10-17 10:35:31', '2023-10-17 10:35:31', NULL, 'T'),
(41, 'ahmet@civi.at', 0x1133d2faeb1879cfebf649ca84990646, 'other', 'First name', 'Last name', '+43', '55', NULL, NULL, NULL, NULL, NULL, 15, '2023-10-17 10:39:08', '2023-10-17 10:39:08', NULL, 'T'),
(42, 'ahmet@civi.at', 0x6ed28bd563ce7acfa6533dfded9b9c53, 'mr', 'First name', 'Last name', '+43', '666', NULL, NULL, NULL, NULL, NULL, 15, '2023-10-17 10:48:55', '2023-10-17 10:48:55', NULL, 'T'),
(43, 'ahmet@civi.at', 0x182f2bd15e5a2dbdac3bf7df7e0cdd78, 'mr', 'First name', 'Last name', '+43', '55', NULL, NULL, NULL, NULL, NULL, 15, '2023-10-17 10:54:22', '2023-10-17 10:54:22', NULL, 'T'),
(44, 'ahmet@civi.at', 0x9fce563f446c1e80ee805f9bc2562506, 'mr', 'ahmet', 'civi', '+43', '666', NULL, NULL, NULL, NULL, NULL, 15, '2023-10-17 12:52:49', '2023-10-17 12:52:49', NULL, 'T'),
(45, 'ahmet@civi.at', 0xcba77a6d7fcb7b7a1be6dbaed8d0dc44, 'mr', 'fff', 'ff', '+43', '555', NULL, NULL, NULL, NULL, NULL, 15, '2023-10-17 13:01:38', '2023-10-17 13:01:38', NULL, 'T'),
(46, 'ahmet@civi.at', 0x9ad490539e646891372345b3508eca76, 'mr', 'ahmet', 'civi', '+43', '55', NULL, NULL, NULL, NULL, NULL, 15, '2023-10-17 13:02:43', '2023-10-17 13:02:43', NULL, 'T'),
(47, 'ahmet@civi.at', 0x499683a057fbe499cbcdfce83d8bfe54, 'mr', 'ahmet', 'civi', '+43', '554', NULL, NULL, NULL, NULL, NULL, 15, '2023-10-17 13:05:36', '2023-10-17 13:05:36', NULL, 'T'),
(48, 'ddd@fff.at', 0xa0dd00f7cf9ff73f9fcd16f54d184d98, 'mr', 'fdd', 'dd', '+43', '55', NULL, NULL, NULL, NULL, NULL, 15, '2023-10-17 13:07:55', '2023-10-17 13:07:55', NULL, 'T'),
(49, 'ahmet@civi.at', 0xca396acc68d3bbcaff231a27c8bcd5f3, 'mr', 'ahmet civi', 'civi', '+43', '555', NULL, NULL, NULL, NULL, NULL, 15, '2023-10-17 13:11:24', '2023-10-17 13:11:24', NULL, 'T'),
(50, 'ahmet@civi.at', 0x16cdeeef3f79aae1ff1d8e2cf1335df8, 'mr', 'ahmet', 'civi', '+43', '555', NULL, NULL, NULL, NULL, NULL, 15, '2023-10-17 13:22:34', '2023-10-17 13:22:34', NULL, 'T'),
(51, 'ahmet@civi.at', 0xdfbdd0b3855f2443ac49e7a775b2454a, 'mr', 'ahmet', 'civi', '+43', '6769346370', NULL, NULL, NULL, NULL, NULL, 15, '2023-10-19 11:49:16', '2023-10-19 11:49:16', NULL, 'T'),
(52, 'ahmet@civi.at', 0x6fe8e64c1507972714491df7486ae012, 'mr', 'ahmet', 'civi', '+43', '6666', NULL, NULL, NULL, NULL, NULL, 15, '2023-10-20 10:16:14', '2023-10-20 10:16:14', NULL, 'T'),
(53, 'dsd@fdf.at', 0x65e833da8c8ddfa4d78eb478abfc0b87, 'mr', 'dsd', 'dsd', '+43', '555', NULL, NULL, NULL, NULL, NULL, 15, '2023-10-20 10:19:39', '2023-10-20 10:19:39', NULL, 'T'),
(54, 'ahmet@civi.at', 0xae24fd22b506de454f62d2b19ec7522b, 'mr', 'ahmet', 'civi', '+43', '655', NULL, NULL, NULL, NULL, NULL, 15, '2023-10-25 10:38:23', '2023-10-25 10:38:23', NULL, 'T'),
(55, 'ahmet@civi.at', 0x9f4a29fb8c857814eb3d6cfc7a8affad, 'mr', 'ahmet', 'civi', '+43', '55', NULL, NULL, NULL, NULL, NULL, 15, '2023-11-06 15:59:30', '2023-11-06 15:59:30', NULL, 'T'),
(56, 'ahmet@civi.at', 0x9f444d77069157f88fd8c9507755d598, 'mr', 'ahmet', 'civi', '+43', 'ff', NULL, NULL, NULL, NULL, NULL, 15, '2023-11-10 15:49:45', '2023-11-10 15:49:45', NULL, 'T'),
(57, 'ahmet@civi.at', 0x96fe44cde38122cbd9a363d679b49b55, 'mr', 'Ahmet', 'civi', '+43', 'ff', NULL, NULL, NULL, NULL, NULL, 15, '2023-11-21 11:01:27', '2023-11-21 11:01:27', NULL, 'T'),
(58, 'ahmet@civi.at', 0x7431528191ac3f2c07bcedb0aafaf9b8, 'mr', 'Ahmet', 'civi', '+43', '555', NULL, NULL, NULL, NULL, NULL, 15, '2023-11-21 11:02:49', '2023-11-21 11:02:49', NULL, 'T'),
(59, 'ahmet@civi.at', 0x46d0d1800b6237961a14397240973b89, 'mr', 'Ahmet', 'civi', '+43', '5555', NULL, NULL, NULL, NULL, NULL, 15, '2023-11-21 11:07:19', '2023-11-21 11:07:19', NULL, 'T'),
(60, 'ahmet@civi.at', 0xf9f7b5cc24cd7df216b614f845c14d15, 'mr', 'Ahmet', 'civi', '+43', '55', NULL, NULL, NULL, NULL, NULL, 15, '2023-11-21 11:32:58', '2023-11-21 11:32:58', NULL, 'T'),
(61, 'ahmet@civi.at', 0x77eaa83de95d48616d893fd075e69bc1, 'mr', 'Ahmet', 'civi', '+43', 'fff', NULL, NULL, NULL, NULL, NULL, 15, '2023-11-21 11:40:49', '2023-11-21 11:40:49', NULL, 'T'),
(62, 'aefwhgi@hga.at', 0x99147106d5eb1bca66e8f71aa1a719e0, 'mr', 'agwerg', 'arega', '+43', '35352', NULL, NULL, NULL, NULL, NULL, 15, '2023-11-22 12:34:32', '2023-11-22 12:34:32', NULL, 'T'),
(63, 'agae@afb.at', 0x07c86f049bdb5456f9680541fa444b90, 'mr', 'fadwgf', 'agaa', '+43', '214', NULL, NULL, NULL, NULL, NULL, 15, '2023-11-22 13:35:31', '2023-11-22 13:35:31', NULL, 'T'),
(64, 'GAWGA@AGVJ.at', 0x89edb972ddacf7812d62ed6a3e9a7520, 'mr', 'FWAGE', 'GAWGA', '+43', '234', NULL, NULL, NULL, NULL, NULL, 15, '2023-11-22 13:48:32', '2023-11-22 13:48:32', NULL, 'T'),
(65, 'dd@ff.at', 0x1fe3a42813ca54fe620e23199a974a22, 'mr', 'ddd', 'dd', '+43', 'ff', NULL, NULL, NULL, NULL, NULL, 15, '2023-11-29 16:50:51', '2023-11-29 16:50:51', NULL, 'T'),
(66, 'ahah@haha.at', 0x4be7b9c49b19cb541d1c303954908e28, 'mr', 'aafhuifha', 'ahahh', '+43', '2132', NULL, NULL, NULL, NULL, NULL, 15, '2023-11-29 18:06:53', '2023-11-29 18:06:53', NULL, 'T'),
(67, 'ybd@hahah.at', 0x84621c081fc1ae4a3590a403b538d9c0, 'mr', 'dfyvgyd', 'bydfdby', '+43', '13313', NULL, NULL, NULL, NULL, NULL, 15, '2023-11-29 18:09:47', '2023-11-29 18:09:47', NULL, 'T'),
(68, 'ahmet@civi.at', 0x5a8636aac81bc5af7c10666214ad8835, 'mr', 'Ahmet', 'Civi', '+43', '6766', NULL, NULL, NULL, NULL, NULL, 15, '2023-12-06 16:19:49', '2023-12-06 16:19:49', NULL, 'T'),
(69, 'fdf@fdff.at', 0x601285abd4fa1d091b0a32f7c79a371d, 'mr', 'fdf', 'fdf', '+43', 'fff', NULL, NULL, NULL, NULL, NULL, 15, '2024-08-29 14:23:28', '2024-08-29 14:23:28', NULL, 'T'),
(70, 'fdfdf@fdf.at', 0x92885e9eb82693ed63636b10d0e6245d, 'mr', 'fdfd', 'fdf', '+43', 'fdfd', NULL, NULL, NULL, NULL, NULL, 15, '2024-08-29 14:27:14', '2024-08-29 14:27:14', NULL, 'T');

-- --------------------------------------------------------

--
-- Tabellenstruktur für Tabelle `transfer_reservation_dialing_codes`
--

CREATE TABLE `transfer_reservation_dialing_codes` (
  `id` int UNSIGNED NOT NULL,
  `country_id` int UNSIGNED DEFAULT NULL,
  `code` varchar(255) DEFAULT NULL
) ENGINE=InnoDB DEFAULT CHARSET=utf8mb3;

--
-- Daten für Tabelle `transfer_reservation_dialing_codes`
--

INSERT INTO `transfer_reservation_dialing_codes` (`id`, `country_id`, `code`) VALUES
(1, 15, '+43'),
(2, 1, '+93'),
(3, 3, '+355'),
(4, 4, '+213'),
(5, 5, '+1684	'),
(6, 6, '+376'),
(7, 7, '+244'),
(8, 8, '+1264'),
(9, 9, '+672'),
(10, 10, '+1268'),
(11, 11, '+54'),
(12, 12, '+374'),
(13, 13, '+297'),
(14, 14, '+61'),
(15, 16, '+994'),
(16, 17, '+1242'),
(17, 18, '+973'),
(18, 19, '+880'),
(19, 20, '+1246'),
(20, 21, '+375'),
(21, 22, '+32'),
(22, 23, '+501'),
(23, 24, '+229'),
(24, 25, '+1441'),
(25, 26, '+975'),
(26, 27, '+591'),
(27, 29, '+387'),
(28, 30, '+267'),
(29, 32, '+55'),
(30, 33, '+246'),
(31, 243, '+1284'),
(32, 34, '+673'),
(33, 35, '+359'),
(34, 36, '+226'),
(35, 37, '+257'),
(36, 38, '+855'),
(37, 39, '+237'),
(38, 40, '+1'),
(39, 41, '+238'),
(40, 42, '+1345'),
(41, 43, '+236'),
(42, 44, '+235'),
(43, 45, '+56'),
(44, 46, '+86'),
(45, 47, '+61'),
(46, 48, '+61'),
(47, 49, '+57'),
(48, 50, '+269'),
(49, 53, '+682'),
(50, 54, '+506'),
(51, 56, '+385'),
(52, 57, '+53'),
(53, 58, '+599'),
(54, 59, '+357'),
(55, 60, '+420'),
(56, 52, '+243'),
(57, 61, '+45'),
(58, 62, '+253'),
(59, 63, '+1767'),
(60, 222, '+670'),
(61, 65, '+593'),
(62, 66, '+20'),
(63, 67, '+503'),
(64, 68, '+240'),
(65, 69, '+291'),
(66, 70, '+372'),
(67, 71, '+251'),
(68, 72, '+500'),
(69, 73, '+298'),
(70, 74, '+679'),
(71, 75, '+358'),
(72, 76, '+33'),
(73, 78, '+689'),
(74, 80, '+241'),
(75, 81, '+220'),
(76, 82, '+995'),
(77, 83, '+49'),
(78, 84, '+233'),
(79, 85, '+350'),
(80, 86, '+30'),
(81, 87, '+299'),
(82, 88, '+1473'),
(83, 90, '+1671'),
(84, 91, '+502'),
(85, 92, '+441481'),
(86, 93, '+224'),
(87, 94, '+245'),
(88, 64, '+1809'),
(89, 95, '+592'),
(90, 96, '+509'),
(91, 99, '+504'),
(92, 100, '+852'),
(93, 101, '+36'),
(94, 102, '+354'),
(95, 103, '+91'),
(96, 104, '+62'),
(97, 105, '+98'),
(98, 106, '+964'),
(99, 107, '+353'),
(100, 108, '+441624'),
(101, 109, '+972'),
(102, 110, '+39'),
(103, 111, '+1876'),
(104, 112, '+81'),
(105, 113, '+441534'),
(106, 114, '+962'),
(107, 115, '+7'),
(108, 116, '+254'),
(109, 117, '+686'),
(110, 120, '+965'),
(111, 121, '+996'),
(112, 122, '+856'),
(113, 123, '+371'),
(114, 124, '+961'),
(115, 125, '+266'),
(116, 126, '+231'),
(117, 127, '+218'),
(118, 128, '+423'),
(119, 129, '+370'),
(120, 130, '+352'),
(121, 131, '+853'),
(122, 132, '+389'),
(123, 133, '+261'),
(124, 134, '+265'),
(125, 135, '+60'),
(126, 136, '+960'),
(127, 137, '+223'),
(128, 139, '+692'),
(129, 141, '+222'),
(130, 142, '+230'),
(131, 143, '+262'),
(132, 144, '+52'),
(133, 145, '+691'),
(134, 146, '+373'),
(135, 147, '+377'),
(136, 148, '+976'),
(137, 149, '+382'),
(138, 150, '+1664'),
(139, 151, '+212'),
(140, 152, '+258'),
(141, 153, '+95'),
(142, 154, '+264'),
(143, 155, '+674'),
(144, 156, '+977'),
(145, 157, '+31'),
(146, 158, '+687'),
(147, 159, '+64'),
(148, 160, '+505'),
(149, 161, '+227'),
(150, 162, '+234'),
(151, 163, '+683'),
(152, 118, '+850'),
(153, 165, '+1670'),
(154, 166, '+47'),
(155, 167, '+968'),
(156, 168, '+92'),
(157, 169, '+680'),
(158, 170, '+970'),
(159, 171, '+507'),
(160, 172, '+675'),
(161, 173, '+595'),
(162, 174, '+51'),
(163, 175, '+63'),
(164, 176, '+64'),
(165, 177, '+48'),
(166, 178, '+351'),
(167, 179, '+1787'),
(168, 180, '+974'),
(169, 51, '+242'),
(170, 182, '+40'),
(171, 183, '+7'),
(172, 184, '+250'),
(173, 185, '+590'),
(174, 186, '+290'),
(175, 187, '+1869'),
(176, 188, '+1758'),
(177, 189, '+590'),
(178, 190, '+508'),
(179, 191, '+1784'),
(180, 192, '+685'),
(181, 193, '+378'),
(182, 194, '+239'),
(183, 195, '+966'),
(184, 196, '+221'),
(185, 197, '+381'),
(186, 198, '+248'),
(187, 199, '+232'),
(188, 200, '+65'),
(189, 201, '+1721'),
(190, 202, '+421'),
(191, 203, '+386'),
(192, 204, '+677'),
(193, 205, '+252'),
(194, 206, '+27'),
(195, 119, '+82'),
(196, 208, '+211'),
(197, 209, '+34'),
(198, 210, '+94'),
(199, 211, '+249'),
(200, 212, '+597'),
(201, 213, '+47'),
(202, 214, '+268'),
(203, 215, '+46'),
(204, 216, '+41'),
(205, 217, '+963'),
(206, 218, '+886'),
(207, 219, '+992'),
(208, 220, '+255'),
(209, 221, '+66'),
(210, 223, '+228'),
(211, 224, '+690'),
(212, 225, '+676'),
(213, 226, '+1868'),
(214, 227, '+216'),
(215, 228, '+90'),
(216, 229, '+993'),
(217, 230, '+1649'),
(218, 231, '+688'),
(219, 244, '+1340'),
(220, 232, '+256'),
(221, 233, '+380'),
(222, 234, '+971'),
(223, 235, '+44'),
(224, 236, '+1'),
(225, 238, '+598'),
(226, 239, '+998'),
(227, 240, '+678'),
(228, 241, '+58'),
(229, 242, '+84'),
(230, 245, '+681'),
(231, 246, '+212'),
(232, 247, '+967'),
(233, 248, '+260'),
(234, 249, '+263');

-- --------------------------------------------------------

--
-- Tabellenstruktur für Tabelle `transfer_reservation_drivers`
--

CREATE TABLE `transfer_reservation_drivers` (
  `id` int UNSIGNED NOT NULL,
  `email` varchar(255) DEFAULT NULL,
  `title` varchar(255) DEFAULT NULL,
  `fname` varchar(255) DEFAULT NULL,
  `lname` varchar(255) DEFAULT NULL,
  `phone` varchar(255) DEFAULT NULL,
  `created` datetime NOT NULL,
  `modified` datetime DEFAULT NULL,
  `status` enum('T','F') NOT NULL DEFAULT 'T'
) ENGINE=InnoDB DEFAULT CHARSET=utf8mb3;

-- --------------------------------------------------------

--
-- Tabellenstruktur für Tabelle `transfer_reservation_dropoff`
--

CREATE TABLE `transfer_reservation_dropoff` (
  `id` int UNSIGNED NOT NULL,
  `location_id` int UNSIGNED DEFAULT NULL,
  `distance` int DEFAULT NULL,
  `duration` int DEFAULT NULL,
  `is_airport` tinyint UNSIGNED DEFAULT '0',
  `icon` varchar(255) DEFAULT NULL,
  `order_index` int UNSIGNED DEFAULT NULL
) ENGINE=InnoDB DEFAULT CHARSET=utf8mb3;

--
-- Daten für Tabelle `transfer_reservation_dropoff`
--

INSERT INTO `transfer_reservation_dropoff` (`id`, `location_id`, `distance`, `duration`, `is_airport`, `icon`, `order_index`) VALUES
(1, 1, NULL, NULL, 0, NULL, NULL),
(2, 2, NULL, NULL, 0, NULL, NULL),
(4, 3, NULL, NULL, 0, NULL, NULL),
(5, 1, NULL, NULL, 0, NULL, NULL),
(6, 1, NULL, NULL, 0, NULL, NULL),
(7, 3, NULL, NULL, 0, NULL, NULL),
(8, 1, NULL, NULL, 0, NULL, NULL),
(9, 1, NULL, NULL, 0, NULL, NULL),
(10, 1, NULL, NULL, 0, NULL, NULL),
(11, 1, NULL, NULL, 0, NULL, NULL),
(12, 1, NULL, NULL, 0, NULL, NULL),
(13, 1, NULL, NULL, 0, NULL, NULL),
(14, 1, NULL, NULL, 0, NULL, NULL),
(15, 1, NULL, NULL, 0, NULL, NULL),
(16, 1, NULL, NULL, 0, NULL, NULL),
(17, 1, NULL, NULL, 0, NULL, NULL),
(18, 1, NULL, NULL, 0, NULL, NULL),
(19, 1, NULL, NULL, 0, NULL, NULL),
(20, 1, NULL, NULL, 0, NULL, NULL),
(21, 1, NULL, NULL, 0, NULL, NULL),
(22, 1, NULL, NULL, 0, NULL, NULL),
(23, 1, NULL, NULL, 0, NULL, NULL),
(24, 1, NULL, NULL, 0, NULL, NULL),
(25, 1, NULL, NULL, 0, NULL, NULL),
(26, 1, NULL, NULL, 0, NULL, NULL),
(27, 1, NULL, NULL, 0, NULL, NULL),
(28, 1, NULL, NULL, 0, NULL, NULL),
(29, 1, NULL, NULL, 0, NULL, NULL),
(30, 1, NULL, NULL, 0, NULL, NULL),
(31, 1, NULL, NULL, 0, NULL, NULL),
(32, 1, NULL, NULL, 0, NULL, NULL),
(33, 1, NULL, NULL, 0, NULL, NULL),
(34, 1, NULL, NULL, 0, NULL, NULL),
(35, 1, NULL, NULL, 0, NULL, NULL),
(36, 1, NULL, NULL, 0, NULL, NULL),
(37, 1, NULL, NULL, 0, NULL, NULL),
(38, 1, NULL, NULL, 0, NULL, NULL),
(39, 1, NULL, NULL, 0, NULL, NULL),
(40, 1, NULL, NULL, 0, NULL, NULL),
(41, 1, NULL, NULL, 0, NULL, NULL),
(42, 1, NULL, NULL, 0, NULL, NULL),
(43, 1, NULL, NULL, 0, NULL, NULL),
(44, 1, NULL, NULL, 0, NULL, NULL),
(45, 1, NULL, NULL, 0, NULL, NULL),
(46, 1, NULL, NULL, 0, NULL, NULL),
(47, 1, NULL, NULL, 0, NULL, NULL),
(48, 1, NULL, NULL, 0, NULL, NULL),
(49, 1, NULL, NULL, 0, NULL, NULL),
(50, 1, NULL, NULL, 0, NULL, NULL),
(51, 1, NULL, NULL, 0, NULL, NULL),
(52, 1, NULL, NULL, 0, NULL, NULL),
(53, 1, NULL, NULL, 0, NULL, NULL),
(54, 1, NULL, NULL, 0, NULL, NULL),
(55, 1, NULL, NULL, 0, NULL, NULL),
(56, 1, NULL, NULL, 0, NULL, NULL),
(57, 1, NULL, NULL, 0, NULL, NULL),
(58, 1, NULL, NULL, 0, NULL, NULL),
(59, 1, NULL, NULL, 0, NULL, NULL),
(60, 1, NULL, NULL, 0, NULL, NULL),
(61, 1, NULL, NULL, 0, NULL, NULL),
(62, 1, NULL, NULL, 0, NULL, NULL),
(63, 1, NULL, NULL, 0, NULL, NULL),
(64, 1, NULL, NULL, 0, NULL, NULL),
(65, 1, NULL, NULL, 0, NULL, NULL),
(66, 1, NULL, NULL, 0, NULL, NULL),
(67, 1, NULL, NULL, 0, NULL, NULL),
(68, 1, NULL, NULL, 0, NULL, NULL),
(69, 1, NULL, NULL, 0, NULL, NULL),
(70, 1, NULL, NULL, 0, NULL, NULL),
(71, 1, NULL, NULL, 0, NULL, NULL),
(72, 1, NULL, NULL, 0, NULL, NULL),
(73, 1, NULL, NULL, 0, NULL, NULL),
(74, 1, NULL, NULL, 0, NULL, NULL),
(75, 1, NULL, NULL, 0, NULL, NULL),
(76, 1, NULL, NULL, 0, NULL, NULL),
(77, 1, NULL, NULL, 0, NULL, NULL),
(78, 1, NULL, NULL, 0, NULL, NULL),
(79, 1, NULL, NULL, 0, NULL, NULL),
(80, 1, NULL, NULL, 0, NULL, NULL),
(81, 1, NULL, NULL, 0, NULL, NULL),
(82, 1, NULL, NULL, 0, NULL, NULL),
(83, 1, NULL, NULL, 0, NULL, NULL),
(84, 1, NULL, NULL, 0, NULL, NULL),
(85, 1, NULL, NULL, 0, NULL, NULL),
(86, 1, NULL, NULL, 0, NULL, NULL),
(87, 1, NULL, NULL, 0, NULL, NULL),
(88, 1, NULL, NULL, 0, NULL, NULL),
(89, 1, NULL, NULL, 0, NULL, NULL),
(90, 1, NULL, NULL, 0, NULL, NULL),
(91, 1, NULL, NULL, 0, NULL, NULL),
(92, 1, NULL, NULL, 0, NULL, NULL),
(93, 1, NULL, NULL, 0, NULL, NULL),
(94, 1, NULL, NULL, 0, NULL, NULL),
(95, 1, NULL, NULL, 0, NULL, NULL),
(96, 1, NULL, NULL, 0, NULL, NULL),
(97, 1, NULL, NULL, 0, NULL, NULL),
(98, 1, NULL, NULL, 0, NULL, NULL),
(99, 1, NULL, NULL, 0, NULL, NULL),
(100, 1, NULL, NULL, 0, NULL, NULL),
(101, 1, NULL, NULL, 0, NULL, NULL),
(102, 1, NULL, NULL, 0, NULL, NULL),
(103, 1, NULL, NULL, 0, NULL, NULL),
(104, 1, NULL, NULL, 0, NULL, NULL),
(105, 1, NULL, NULL, 0, NULL, NULL),
(106, 1, NULL, NULL, 0, NULL, NULL),
(107, 1, NULL, NULL, 0, NULL, NULL),
(108, 1, NULL, NULL, 0, NULL, NULL),
(109, 1, NULL, NULL, 0, NULL, NULL),
(110, 1, NULL, NULL, 0, NULL, NULL),
(111, 1, NULL, NULL, 0, NULL, NULL),
(112, 1, NULL, NULL, 0, NULL, NULL),
(113, 1, NULL, NULL, 0, NULL, NULL),
(114, 1, NULL, NULL, 0, NULL, NULL),
(115, 1, NULL, NULL, 0, NULL, NULL),
(116, 1, NULL, NULL, 0, NULL, NULL),
(117, 1, NULL, NULL, 0, NULL, NULL),
(118, 1, NULL, NULL, 0, NULL, NULL),
(119, 1, NULL, NULL, 0, NULL, NULL),
(120, 1, NULL, NULL, 0, NULL, NULL),
(121, 1, NULL, NULL, 0, NULL, NULL),
(122, 1, NULL, NULL, 0, NULL, NULL),
(123, 1, NULL, NULL, 0, NULL, NULL),
(124, 1, NULL, NULL, 0, NULL, NULL),
(125, 1, NULL, NULL, 0, NULL, NULL),
(126, 1, NULL, NULL, 0, NULL, NULL),
(127, 1, NULL, NULL, 0, NULL, NULL),
(128, 1, NULL, NULL, 0, NULL, NULL),
(129, 1, NULL, NULL, 0, NULL, NULL),
(130, 1, NULL, NULL, 0, NULL, NULL),
(131, 1, NULL, NULL, 0, NULL, NULL),
(132, 1, NULL, NULL, 0, NULL, NULL),
(133, 1, NULL, NULL, 0, NULL, NULL),
(134, 1, NULL, NULL, 0, NULL, NULL),
(135, 1, NULL, NULL, 0, NULL, NULL),
(136, 1, NULL, NULL, 0, NULL, NULL),
(137, 1, NULL, NULL, 0, NULL, NULL),
(138, 1, NULL, NULL, 0, NULL, NULL),
(139, 1, NULL, NULL, 0, NULL, NULL),
(140, 1, NULL, NULL, 0, NULL, NULL),
(141, 1, NULL, NULL, 0, NULL, NULL),
(142, 1, NULL, NULL, 0, NULL, NULL),
(143, 1, NULL, NULL, 0, NULL, NULL),
(144, 1, NULL, NULL, 0, NULL, NULL),
(145, 1, NULL, NULL, 0, NULL, NULL),
(146, 1, NULL, NULL, 0, NULL, NULL),
(147, 1, NULL, NULL, 0, NULL, NULL),
(148, 1, NULL, NULL, 0, NULL, NULL),
(149, 1, NULL, NULL, 0, NULL, NULL),
(150, 1, NULL, NULL, 0, NULL, NULL),
(151, 1, NULL, NULL, 0, NULL, NULL),
(152, 1, NULL, NULL, 0, NULL, NULL),
(153, 1, NULL, NULL, 0, NULL, NULL),
(154, 1, NULL, NULL, 0, NULL, NULL),
(155, 1, NULL, NULL, 0, NULL, NULL),
(156, 1, NULL, NULL, 0, NULL, NULL),
(157, 4, NULL, NULL, 0, NULL, NULL),
(158, 5, NULL, NULL, 0, NULL, NULL),
(159, 6, NULL, NULL, 0, NULL, NULL),
(160, 7, NULL, NULL, 0, NULL, NULL),
(161, 8, NULL, NULL, 0, NULL, NULL),
(162, 9, NULL, NULL, 0, NULL, NULL),
(163, 10, NULL, NULL, 0, NULL, NULL),
(164, 11, NULL, NULL, 0, NULL, NULL),
(165, 12, NULL, NULL, 0, NULL, NULL),
(166, 13, NULL, NULL, 0, NULL, NULL),
(167, 14, NULL, NULL, 0, NULL, NULL),
(168, 15, NULL, NULL, 0, NULL, NULL),
(169, 16, NULL, NULL, 0, NULL, NULL),
(170, 17, NULL, NULL, 0, NULL, NULL),
(171, 18, NULL, NULL, 0, NULL, NULL),
(172, 19, NULL, NULL, 0, NULL, NULL),
(174, 21, NULL, NULL, 0, NULL, NULL),
(175, 22, NULL, NULL, 0, NULL, NULL),
(176, 23, NULL, NULL, 0, NULL, NULL),
(177, 24, NULL, NULL, 0, NULL, NULL),
(178, 25, NULL, NULL, 0, NULL, NULL),
(179, 26, NULL, NULL, 0, NULL, NULL),
(180, 27, NULL, NULL, 0, NULL, NULL),
(181, 28, NULL, NULL, 0, NULL, NULL),
(182, 29, NULL, NULL, 0, NULL, NULL),
(183, 30, NULL, NULL, 0, NULL, NULL),
(184, 31, NULL, NULL, 0, NULL, NULL),
(185, 32, NULL, NULL, 0, NULL, NULL),
(186, 33, NULL, NULL, 0, NULL, NULL),
(187, 34, NULL, NULL, 0, NULL, NULL),
(188, 35, NULL, NULL, 0, NULL, NULL),
(189, 36, NULL, NULL, 0, NULL, NULL),
(190, 37, NULL, NULL, 0, NULL, NULL),
(191, 38, NULL, NULL, 0, NULL, NULL),
(192, 39, NULL, NULL, 0, NULL, NULL),
(193, 40, NULL, NULL, 0, NULL, NULL),
(194, 41, NULL, NULL, 0, NULL, NULL),
(195, 42, NULL, NULL, 0, NULL, NULL),
(196, 43, NULL, NULL, 0, NULL, NULL),
(197, 44, NULL, NULL, 0, NULL, NULL),
(198, 45, NULL, NULL, 0, NULL, NULL),
(199, 46, NULL, NULL, 0, NULL, NULL),
(200, 47, NULL, NULL, 0, NULL, NULL),
(201, 48, NULL, NULL, 0, NULL, NULL),
(202, 49, NULL, NULL, 0, NULL, NULL),
(203, 50, NULL, NULL, 0, NULL, NULL),
(204, 51, NULL, NULL, 0, NULL, NULL),
(205, 52, NULL, NULL, 0, NULL, NULL),
(206, 53, NULL, NULL, 0, NULL, NULL),
(207, 54, NULL, NULL, 0, NULL, NULL),
(208, 55, NULL, NULL, 0, NULL, NULL),
(209, 56, NULL, NULL, 0, NULL, NULL),
(210, 57, NULL, NULL, 0, NULL, NULL),
(211, 58, NULL, NULL, 0, NULL, NULL),
(212, 59, NULL, NULL, 0, NULL, NULL),
(213, 60, NULL, NULL, 0, NULL, NULL),
(214, 61, NULL, NULL, 0, NULL, NULL),
(215, 62, NULL, NULL, 0, NULL, NULL),
(216, 63, NULL, NULL, 0, NULL, NULL),
(217, 64, NULL, NULL, 0, NULL, NULL),
(218, 65, NULL, NULL, 0, NULL, NULL),
(219, 66, NULL, NULL, 0, NULL, NULL),
(220, 67, NULL, NULL, 0, NULL, NULL),
(221, 68, NULL, NULL, 0, NULL, NULL),
(222, 69, NULL, NULL, 0, NULL, NULL),
(223, 70, NULL, NULL, 0, NULL, NULL),
(224, 71, NULL, NULL, 0, NULL, NULL),
(225, 72, NULL, NULL, 0, NULL, NULL),
(226, 73, NULL, NULL, 0, NULL, NULL),
(227, 74, NULL, NULL, 0, NULL, NULL),
(228, 75, NULL, NULL, 0, NULL, NULL),
(229, 76, NULL, NULL, 0, NULL, NULL),
(230, 77, NULL, NULL, 0, NULL, NULL),
(231, 78, NULL, NULL, 0, NULL, NULL),
(232, 79, NULL, NULL, 0, NULL, NULL),
(233, 80, NULL, NULL, 0, NULL, NULL),
(234, 81, NULL, NULL, 0, NULL, NULL),
(235, 82, NULL, NULL, 0, NULL, NULL),
(236, 83, NULL, NULL, 0, NULL, NULL),
(237, 84, NULL, NULL, 0, NULL, NULL),
(238, 85, NULL, NULL, 0, NULL, NULL),
(239, 86, NULL, NULL, 0, NULL, NULL),
(240, 87, NULL, NULL, 0, NULL, NULL),
(241, 88, NULL, NULL, 0, NULL, NULL),
(242, 89, NULL, NULL, 0, NULL, NULL),
(243, 90, NULL, NULL, 0, NULL, NULL),
(244, 91, NULL, NULL, 0, NULL, NULL),
(245, 92, NULL, NULL, 0, NULL, NULL),
(246, 93, NULL, NULL, 0, NULL, NULL),
(247, 94, NULL, NULL, 0, NULL, NULL),
(248, 95, NULL, NULL, 0, NULL, NULL),
(249, 96, NULL, NULL, 0, NULL, NULL),
(250, 97, NULL, NULL, 0, NULL, NULL),
(251, 98, NULL, NULL, 0, NULL, NULL),
(252, 99, NULL, NULL, 0, NULL, NULL),
(253, 100, NULL, NULL, 0, NULL, NULL),
(254, 101, NULL, NULL, 0, NULL, NULL),
(255, 102, NULL, NULL, 0, NULL, NULL),
(256, 103, NULL, NULL, 0, NULL, NULL),
(257, 104, NULL, NULL, 0, NULL, NULL),
(258, 105, NULL, NULL, 0, NULL, NULL),
(259, 106, NULL, NULL, 0, NULL, NULL),
(260, 107, NULL, NULL, 0, NULL, NULL),
(261, 108, NULL, NULL, 0, NULL, NULL),
(262, 109, NULL, NULL, 0, NULL, NULL),
(263, 110, NULL, NULL, 0, NULL, NULL),
(264, 111, NULL, NULL, 0, NULL, NULL),
(265, 112, NULL, NULL, 0, NULL, NULL),
(266, 113, NULL, NULL, 0, NULL, NULL),
(267, 114, NULL, NULL, 0, NULL, NULL),
(268, 115, NULL, NULL, 0, NULL, NULL),
(269, 116, NULL, NULL, 0, NULL, NULL),
(270, 117, NULL, NULL, 0, NULL, NULL),
(271, 118, NULL, NULL, 0, NULL, NULL),
(272, 119, NULL, NULL, 0, NULL, NULL),
(273, 120, NULL, NULL, 0, NULL, NULL),
(274, 121, NULL, NULL, 0, NULL, NULL),
(275, 122, NULL, NULL, 0, NULL, NULL),
(276, 123, NULL, NULL, 0, NULL, NULL),
(277, 124, NULL, NULL, 0, NULL, NULL),
(278, 125, NULL, NULL, 0, NULL, NULL),
(279, 126, NULL, NULL, 0, NULL, NULL),
(280, 127, NULL, NULL, 0, NULL, NULL),
(281, 128, NULL, NULL, 0, NULL, NULL),
(282, 129, NULL, NULL, 0, NULL, NULL),
(283, 130, NULL, NULL, 0, NULL, NULL),
(284, 131, NULL, NULL, 0, NULL, NULL),
(285, 132, NULL, NULL, 0, NULL, NULL),
(286, 133, NULL, NULL, 0, NULL, NULL),
(287, 134, NULL, NULL, 0, NULL, NULL),
(288, 135, NULL, NULL, 0, NULL, NULL),
(289, 136, NULL, NULL, 0, NULL, NULL),
(290, 137, NULL, NULL, 0, NULL, NULL),
(291, 138, NULL, NULL, 0, NULL, NULL),
(292, 139, NULL, NULL, 0, NULL, NULL),
(293, 140, NULL, NULL, 0, NULL, NULL),
(294, 141, NULL, NULL, 0, NULL, NULL),
(295, 142, NULL, NULL, 0, NULL, NULL),
(296, 143, NULL, NULL, 0, NULL, NULL),
(297, 144, NULL, NULL, 0, NULL, NULL),
(298, 145, NULL, NULL, 0, NULL, NULL),
(299, 146, NULL, NULL, 0, NULL, NULL),
(300, 147, NULL, NULL, 0, NULL, NULL),
(301, 148, NULL, NULL, 0, NULL, NULL),
(302, 149, NULL, NULL, 0, NULL, NULL),
(303, 150, NULL, NULL, 0, NULL, NULL),
(304, 151, NULL, NULL, 0, NULL, NULL),
(305, 152, NULL, NULL, 0, NULL, NULL),
(306, 153, NULL, NULL, 0, NULL, NULL),
(307, 154, NULL, NULL, 0, NULL, NULL),
(308, 155, NULL, NULL, 0, NULL, NULL),
(309, 156, NULL, NULL, 0, NULL, NULL),
(310, 2, NULL, NULL, 0, NULL, NULL),
(311, 2, NULL, NULL, 0, NULL, NULL),
(312, 2, NULL, NULL, 0, NULL, NULL),
(313, 2, NULL, NULL, 0, NULL, NULL),
(314, 2, NULL, NULL, 0, NULL, NULL),
(315, 2, NULL, NULL, 0, NULL, NULL),
(316, 2, NULL, NULL, 0, NULL, NULL),
(317, 2, NULL, NULL, 0, NULL, NULL),
(318, 2, NULL, NULL, 0, NULL, NULL),
(319, 2, NULL, NULL, 0, NULL, NULL),
(320, 2, NULL, NULL, 0, NULL, NULL),
(321, 2, NULL, NULL, 0, NULL, NULL),
(322, 2, NULL, NULL, 0, NULL, NULL),
(323, 2, NULL, NULL, 0, NULL, NULL),
(324, 2, NULL, NULL, 0, NULL, NULL),
(325, 7, NULL, NULL, 0, NULL, NULL),
(326, 5, NULL, NULL, 0, NULL, NULL),
(327, 4, NULL, NULL, 0, NULL, NULL),
(328, 9, NULL, NULL, 0, NULL, NULL),
(329, 10, NULL, NULL, 0, NULL, NULL),
(330, 16, NULL, NULL, 0, NULL, NULL),
(331, 14, NULL, NULL, 0, NULL, NULL),
(332, 13, NULL, NULL, 0, NULL, NULL),
(333, 18, NULL, NULL, 0, NULL, NULL),
(334, 19, NULL, NULL, 0, NULL, NULL),
(335, 23, NULL, NULL, 0, NULL, NULL),
(336, 39, NULL, NULL, 0, NULL, NULL),
(337, 38, NULL, NULL, 0, NULL, NULL),
(338, 42, NULL, NULL, 0, NULL, NULL),
(339, 1, NULL, NULL, 0, NULL, NULL),
(340, 157, NULL, NULL, 0, NULL, NULL),
(341, 157, NULL, NULL, 0, NULL, NULL),
(342, 157, NULL, NULL, 0, NULL, NULL),
(344, 157, NULL, NULL, 0, NULL, NULL),
(345, 157, NULL, NULL, 0, NULL, NULL),
(346, 157, NULL, NULL, 0, NULL, NULL),
(347, 157, NULL, NULL, 0, NULL, NULL),
(349, 157, NULL, NULL, 0, NULL, NULL),
(350, 157, NULL, NULL, 0, NULL, NULL),
(351, 157, NULL, NULL, 0, NULL, NULL),
(354, 157, NULL, NULL, 0, NULL, NULL),
(356, 157, NULL, NULL, 0, NULL, NULL),
(357, 157, NULL, NULL, 0, NULL, NULL),
(358, 157, NULL, NULL, 0, NULL, NULL),
(359, 157, NULL, NULL, 0, NULL, NULL),
(360, 157, NULL, NULL, 0, NULL, NULL),
(363, 157, NULL, NULL, 0, NULL, NULL),
(364, 157, NULL, NULL, 0, NULL, NULL),
(365, 157, NULL, NULL, 0, NULL, NULL),
(366, 157, NULL, NULL, 0, NULL, NULL),
(367, 157, NULL, NULL, 0, NULL, NULL),
(373, 157, NULL, NULL, 0, NULL, NULL),
(376, 157, NULL, NULL, 0, NULL, NULL),
(377, 157, NULL, NULL, 0, NULL, NULL),
(378, 157, NULL, NULL, 0, NULL, NULL),
(382, 157, NULL, NULL, 0, NULL, NULL),
(383, 157, NULL, NULL, 0, NULL, NULL),
(384, 157, NULL, NULL, 0, NULL, NULL),
(385, 157, NULL, NULL, 0, NULL, NULL),
(386, 157, NULL, NULL, 0, NULL, NULL),
(387, 157, NULL, NULL, 0, NULL, NULL),
(388, 157, NULL, NULL, 0, NULL, NULL),
(389, 157, NULL, NULL, 0, NULL, NULL),
(390, 157, NULL, NULL, 0, NULL, NULL),
(391, 157, NULL, NULL, 0, NULL, NULL),
(393, 157, NULL, NULL, 0, NULL, NULL),
(394, 157, NULL, NULL, 0, NULL, NULL),
(396, 157, NULL, NULL, 0, NULL, NULL),
(397, 157, NULL, NULL, 0, NULL, NULL),
(398, 157, NULL, NULL, 0, NULL, NULL),
(399, 157, NULL, NULL, 0, NULL, NULL),
(400, 157, NULL, NULL, 0, NULL, NULL),
(403, 157, NULL, NULL, 0, NULL, NULL),
(407, 157, NULL, NULL, 0, NULL, NULL),
(410, 157, NULL, NULL, 0, NULL, NULL),
(411, 157, NULL, NULL, 0, NULL, NULL),
(412, 157, NULL, NULL, 0, NULL, NULL),
(413, 157, NULL, NULL, 0, NULL, NULL),
(414, 157, NULL, NULL, 0, NULL, NULL),
(416, 157, NULL, NULL, 0, NULL, NULL),
(417, 157, NULL, NULL, 0, NULL, NULL),
(418, 157, NULL, NULL, 0, NULL, NULL),
(419, 157, NULL, NULL, 0, NULL, NULL),
(420, 157, NULL, NULL, 0, NULL, NULL),
(421, 157, NULL, NULL, 0, NULL, NULL),
(422, 157, NULL, NULL, 0, NULL, NULL),
(423, 157, NULL, NULL, 0, NULL, NULL),
(424, 157, NULL, NULL, 0, NULL, NULL),
(425, 157, NULL, NULL, 0, NULL, NULL),
(426, 157, NULL, NULL, 0, NULL, NULL),
(427, 157, NULL, NULL, 0, NULL, NULL),
(428, 157, NULL, NULL, 0, NULL, NULL),
(429, 157, NULL, NULL, 0, NULL, NULL),
(430, 1, NULL, NULL, 0, NULL, NULL),
(431, 80, NULL, NULL, 0, NULL, NULL),
(432, 3, NULL, NULL, 0, NULL, NULL),
(433, 4, NULL, NULL, 0, NULL, NULL),
(434, 14, NULL, NULL, 0, NULL, NULL),
(435, 39, NULL, NULL, 0, NULL, NULL),
(436, 42, NULL, NULL, 0, NULL, NULL),
(437, 5, NULL, NULL, 0, NULL, NULL),
(438, 7, NULL, NULL, 0, NULL, NULL),
(439, 9, NULL, NULL, 0, NULL, NULL),
(440, 10, NULL, NULL, 0, NULL, NULL),
(441, 13, NULL, NULL, 0, NULL, NULL),
(442, 16, NULL, NULL, 0, NULL, NULL),
(443, 17, NULL, NULL, 0, NULL, NULL),
(444, 18, NULL, NULL, 0, NULL, NULL),
(445, 19, NULL, NULL, 0, NULL, NULL),
(446, 23, NULL, NULL, 0, NULL, NULL),
(447, 24, NULL, NULL, 0, NULL, NULL),
(448, 25, NULL, NULL, 0, NULL, NULL),
(449, 26, NULL, NULL, 0, NULL, NULL),
(450, 27, NULL, NULL, 0, NULL, NULL),
(451, 29, NULL, NULL, 0, NULL, NULL),
(452, 30, NULL, NULL, 0, NULL, NULL),
(453, 31, NULL, NULL, 0, NULL, NULL),
(454, 32, NULL, NULL, 0, NULL, NULL),
(455, 33, NULL, NULL, 0, NULL, NULL),
(456, 34, NULL, NULL, 0, NULL, NULL),
(457, 35, NULL, NULL, 0, NULL, NULL),
(458, 37, NULL, NULL, 0, NULL, NULL),
(459, 41, NULL, NULL, 0, NULL, NULL),
(460, 43, NULL, NULL, 0, NULL, NULL),
(461, 48, NULL, NULL, 0, NULL, NULL),
(462, 49, NULL, NULL, 0, NULL, NULL),
(463, 50, NULL, NULL, 0, NULL, NULL),
(464, 51, NULL, NULL, 0, NULL, NULL),
(465, 122, NULL, NULL, 0, NULL, NULL),
(466, 52, NULL, NULL, 0, NULL, NULL),
(467, 55, NULL, NULL, 0, NULL, NULL),
(468, 57, NULL, NULL, 0, NULL, NULL),
(469, 62, NULL, NULL, 0, NULL, NULL),
(470, 68, NULL, NULL, 0, NULL, NULL),
(471, 70, NULL, NULL, 0, NULL, NULL),
(472, 73, NULL, NULL, 0, NULL, NULL),
(473, 74, NULL, NULL, 0, NULL, NULL),
(474, 85, NULL, NULL, 0, NULL, NULL),
(475, 86, NULL, NULL, 0, NULL, NULL),
(476, 81, NULL, NULL, 0, NULL, NULL),
(477, 83, NULL, NULL, 0, NULL, NULL),
(478, 84, NULL, NULL, 0, NULL, NULL),
(479, 91, NULL, NULL, 0, NULL, NULL),
(480, 96, NULL, NULL, 0, NULL, NULL),
(481, 97, NULL, NULL, 0, NULL, NULL),
(482, 98, NULL, NULL, 0, NULL, NULL),
(483, 99, NULL, NULL, 0, NULL, NULL),
(484, 100, NULL, NULL, 0, NULL, NULL),
(485, 101, NULL, NULL, 0, NULL, NULL),
(486, 79, NULL, NULL, 0, NULL, NULL),
(487, 104, NULL, NULL, 0, NULL, NULL),
(488, 105, NULL, NULL, 0, NULL, NULL),
(489, 106, NULL, NULL, 0, NULL, NULL),
(490, 107, NULL, NULL, 0, NULL, NULL),
(491, 108, NULL, NULL, 0, NULL, NULL),
(492, 124, NULL, NULL, 0, NULL, NULL),
(493, 126, NULL, NULL, 0, NULL, NULL),
(494, 127, NULL, NULL, 0, NULL, NULL),
(495, 129, NULL, NULL, 0, NULL, NULL),
(496, 130, NULL, NULL, 0, NULL, NULL),
(497, 132, NULL, NULL, 0, NULL, NULL),
(498, 133, NULL, NULL, 0, NULL, NULL),
(499, 135, NULL, NULL, 0, NULL, NULL),
(500, 147, NULL, NULL, 0, NULL, NULL),
(501, 148, NULL, NULL, 0, NULL, NULL),
(502, 145, NULL, NULL, 0, NULL, NULL),
(503, 139, NULL, NULL, 0, NULL, NULL),
(504, 138, NULL, NULL, 0, NULL, NULL),
(505, 158, NULL, NULL, 0, NULL, NULL),
(506, 158, NULL, NULL, 0, NULL, NULL),
(507, 158, NULL, NULL, 0, NULL, NULL),
(508, 158, NULL, NULL, 0, NULL, NULL),
(509, 158, NULL, NULL, 0, NULL, NULL),
(510, 158, NULL, NULL, 0, NULL, NULL),
(511, 158, NULL, NULL, 0, NULL, NULL),
(512, 158, NULL, NULL, 0, NULL, NULL),
(513, 158, NULL, NULL, 0, NULL, NULL),
(514, 158, NULL, NULL, 0, NULL, NULL),
(515, 158, NULL, NULL, 0, NULL, NULL),
(516, 158, NULL, NULL, 0, NULL, NULL),
(517, 158, NULL, NULL, 0, NULL, NULL),
(518, 158, NULL, NULL, 0, NULL, NULL),
(519, 158, NULL, NULL, 0, NULL, NULL),
(520, 158, NULL, NULL, 0, NULL, NULL),
(521, 158, NULL, NULL, 0, NULL, NULL),
(522, 158, NULL, NULL, 0, NULL, NULL),
(523, 158, NULL, NULL, 0, NULL, NULL),
(524, 158, NULL, NULL, 0, NULL, NULL),
(525, 158, NULL, NULL, 0, NULL, NULL),
(526, 158, NULL, NULL, 0, NULL, NULL),
(527, 158, NULL, NULL, 0, NULL, NULL),
(528, 158, NULL, NULL, 0, NULL, NULL),
(529, 158, NULL, NULL, 0, NULL, NULL),
(530, 158, NULL, NULL, 0, NULL, NULL),
(531, 158, NULL, NULL, 0, NULL, NULL),
(532, 158, NULL, NULL, 0, NULL, NULL),
(533, 158, NULL, NULL, 0, NULL, NULL),
(534, 158, NULL, NULL, 0, NULL, NULL),
(535, 158, NULL, NULL, 0, NULL, NULL),
(536, 158, NULL, NULL, 0, NULL, NULL),
(537, 158, NULL, NULL, 0, NULL, NULL),
(538, 158, NULL, NULL, 0, NULL, NULL),
(539, 158, NULL, NULL, 0, NULL, NULL),
(540, 158, NULL, NULL, 0, NULL, NULL),
(541, 158, NULL, NULL, 0, NULL, NULL),
(542, 158, NULL, NULL, 0, NULL, NULL),
(543, 158, NULL, NULL, 0, NULL, NULL),
(544, 158, NULL, NULL, 0, NULL, NULL),
(545, 158, NULL, NULL, 0, NULL, NULL),
(546, 158, NULL, NULL, 0, NULL, NULL),
(547, 158, NULL, NULL, 0, NULL, NULL),
(548, 158, NULL, NULL, 0, NULL, NULL),
(549, 158, NULL, NULL, 0, NULL, NULL),
(550, 158, NULL, NULL, 0, NULL, NULL),
(551, 158, NULL, NULL, 0, NULL, NULL),
(552, 158, NULL, NULL, 0, NULL, NULL),
(553, 158, NULL, NULL, 0, NULL, NULL),
(554, 158, NULL, NULL, 0, NULL, NULL),
(555, 158, NULL, NULL, 0, NULL, NULL),
(556, 158, NULL, NULL, 0, NULL, NULL),
(557, 158, NULL, NULL, 0, NULL, NULL),
(558, 158, NULL, NULL, 0, NULL, NULL),
(559, 158, NULL, NULL, 0, NULL, NULL),
(560, 158, NULL, NULL, 0, NULL, NULL),
(561, 158, NULL, NULL, 0, NULL, NULL),
(562, 158, NULL, NULL, 0, NULL, NULL),
(563, 158, NULL, NULL, 0, NULL, NULL),
(564, 158, NULL, NULL, 0, NULL, NULL),
(565, 158, NULL, NULL, 0, NULL, NULL),
(566, 158, NULL, NULL, 0, NULL, NULL),
(567, 158, NULL, NULL, 0, NULL, NULL),
(568, 158, NULL, NULL, 0, NULL, NULL),
(569, 158, NULL, NULL, 0, NULL, NULL),
(570, 158, NULL, NULL, 0, NULL, NULL),
(571, 158, NULL, NULL, 0, NULL, NULL),
(572, 158, NULL, NULL, 0, NULL, NULL),
(573, 158, NULL, NULL, 0, NULL, NULL),
(574, 158, NULL, NULL, 0, NULL, NULL),
(575, 158, NULL, NULL, 0, NULL, NULL),
(576, 158, NULL, NULL, 0, NULL, NULL),
(577, 158, NULL, NULL, 0, NULL, NULL),
(578, 158, NULL, NULL, 0, NULL, NULL),
(579, 158, NULL, NULL, 0, NULL, NULL),
(580, 158, NULL, NULL, 0, NULL, NULL),
(581, 158, NULL, NULL, 0, NULL, NULL),
(582, 158, NULL, NULL, 0, NULL, NULL),
(583, 158, NULL, NULL, 0, NULL, NULL),
(584, 158, NULL, NULL, 0, NULL, NULL),
(585, 158, NULL, NULL, 0, NULL, NULL),
(586, 158, NULL, NULL, 0, NULL, NULL),
(587, 158, NULL, NULL, 0, NULL, NULL),
(588, 158, NULL, NULL, 0, NULL, NULL),
(589, 158, NULL, NULL, 0, NULL, NULL),
(590, 158, NULL, NULL, 0, NULL, NULL),
(591, 158, NULL, NULL, 0, NULL, NULL),
(592, 158, NULL, NULL, 0, NULL, NULL),
(593, 158, NULL, NULL, 0, NULL, NULL),
(594, 158, NULL, NULL, 0, NULL, NULL),
(595, 158, NULL, NULL, 0, NULL, NULL),
(596, 158, NULL, NULL, 0, NULL, NULL),
(597, 158, NULL, NULL, 0, NULL, NULL),
(598, 158, NULL, NULL, 0, NULL, NULL),
(599, 158, NULL, NULL, 0, NULL, NULL),
(600, 158, NULL, NULL, 0, NULL, NULL),
(601, 158, NULL, NULL, 0, NULL, NULL),
(602, 158, NULL, NULL, 0, NULL, NULL),
(603, 158, NULL, NULL, 0, NULL, NULL),
(604, 158, NULL, NULL, 0, NULL, NULL),
(605, 158, NULL, NULL, 0, NULL, NULL),
(606, 158, NULL, NULL, 0, NULL, NULL),
(607, 158, NULL, NULL, 0, NULL, NULL),
(608, 158, NULL, NULL, 0, NULL, NULL),
(609, 158, NULL, NULL, 0, NULL, NULL),
(610, 158, NULL, NULL, 0, NULL, NULL),
(611, 158, NULL, NULL, 0, NULL, NULL),
(612, 158, NULL, NULL, 0, NULL, NULL),
(613, 158, NULL, NULL, 0, NULL, NULL),
(614, 158, NULL, NULL, 0, NULL, NULL),
(615, 158, NULL, NULL, 0, NULL, NULL),
(616, 158, NULL, NULL, 0, NULL, NULL),
(617, 158, NULL, NULL, 0, NULL, NULL),
(618, 158, NULL, NULL, 0, NULL, NULL),
(619, 158, NULL, NULL, 0, NULL, NULL),
(620, 158, NULL, NULL, 0, NULL, NULL),
(621, 158, NULL, NULL, 0, NULL, NULL),
(622, 158, NULL, NULL, 0, NULL, NULL),
(623, 158, NULL, NULL, 0, NULL, NULL),
(624, 158, NULL, NULL, 0, NULL, NULL),
(625, 158, NULL, NULL, 0, NULL, NULL),
(626, 158, NULL, NULL, 0, NULL, NULL),
(627, 158, NULL, NULL, 0, NULL, NULL),
(628, 158, NULL, NULL, 0, NULL, NULL),
(629, 158, NULL, NULL, 0, NULL, NULL),
(630, 158, NULL, NULL, 0, NULL, NULL),
(631, 158, NULL, NULL, 0, NULL, NULL),
(632, 158, NULL, NULL, 0, NULL, NULL),
(633, 158, NULL, NULL, 0, NULL, NULL),
(634, 158, NULL, NULL, 0, NULL, NULL),
(635, 158, NULL, NULL, 0, NULL, NULL),
(636, 158, NULL, NULL, 0, NULL, NULL),
(637, 158, NULL, NULL, 0, NULL, NULL),
(638, 158, NULL, NULL, 0, NULL, NULL),
(639, 158, NULL, NULL, 0, NULL, NULL),
(640, 158, NULL, NULL, 0, NULL, NULL),
(641, 158, NULL, NULL, 0, NULL, NULL),
(642, 158, NULL, NULL, 0, NULL, NULL),
(643, 158, NULL, NULL, 0, NULL, NULL),
(644, 158, NULL, NULL, 0, NULL, NULL),
(645, 158, NULL, NULL, 0, NULL, NULL),
(646, 158, NULL, NULL, 0, NULL, NULL),
(647, 158, NULL, NULL, 0, NULL, NULL),
(648, 158, NULL, NULL, 0, NULL, NULL),
(649, 158, NULL, NULL, 0, NULL, NULL),
(650, 158, NULL, NULL, 0, NULL, NULL),
(651, 158, NULL, NULL, 0, NULL, NULL),
(652, 158, NULL, NULL, 0, NULL, NULL),
(653, 158, NULL, NULL, 0, NULL, NULL),
(654, 158, NULL, NULL, 0, NULL, NULL),
(655, 158, NULL, NULL, 0, NULL, NULL),
(656, 158, NULL, NULL, 0, NULL, NULL),
(657, 158, NULL, NULL, 0, NULL, NULL),
(658, 158, NULL, NULL, 0, NULL, NULL),
(659, 159, NULL, NULL, 0, NULL, NULL),
(660, 159, NULL, NULL, 0, NULL, NULL),
(661, 159, NULL, NULL, 0, NULL, NULL),
(662, 159, NULL, NULL, 0, NULL, NULL),
(663, 159, NULL, NULL, 0, NULL, NULL),
(664, 159, NULL, NULL, 0, NULL, NULL),
(665, 159, NULL, NULL, 0, NULL, NULL),
(666, 159, NULL, NULL, 0, NULL, NULL),
(667, 159, NULL, NULL, 0, NULL, NULL),
(668, 159, NULL, NULL, 0, NULL, NULL),
(669, 159, NULL, NULL, 0, NULL, NULL),
(670, 159, NULL, NULL, 0, NULL, NULL),
(671, 159, NULL, NULL, 0, NULL, NULL),
(672, 159, NULL, NULL, 0, NULL, NULL),
(673, 159, NULL, NULL, 0, NULL, NULL),
(674, 159, NULL, NULL, 0, NULL, NULL),
(675, 159, NULL, NULL, 0, NULL, NULL),
(676, 159, NULL, NULL, 0, NULL, NULL),
(677, 159, NULL, NULL, 0, NULL, NULL),
(678, 159, NULL, NULL, 0, NULL, NULL),
(679, 159, NULL, NULL, 0, NULL, NULL),
(680, 159, NULL, NULL, 0, NULL, NULL),
(681, 159, NULL, NULL, 0, NULL, NULL),
(682, 159, NULL, NULL, 0, NULL, NULL),
(683, 159, NULL, NULL, 0, NULL, NULL),
(684, 159, NULL, NULL, 0, NULL, NULL),
(685, 159, NULL, NULL, 0, NULL, NULL),
(686, 159, NULL, NULL, 0, NULL, NULL),
(687, 159, NULL, NULL, 0, NULL, NULL),
(688, 159, NULL, NULL, 0, NULL, NULL),
(689, 159, NULL, NULL, 0, NULL, NULL),
(690, 159, NULL, NULL, 0, NULL, NULL),
(691, 159, NULL, NULL, 0, NULL, NULL),
(692, 159, NULL, NULL, 0, NULL, NULL),
(693, 159, NULL, NULL, 0, NULL, NULL),
(694, 159, NULL, NULL, 0, NULL, NULL),
(695, 159, NULL, NULL, 0, NULL, NULL),
(696, 159, NULL, NULL, 0, NULL, NULL),
(697, 159, NULL, NULL, 0, NULL, NULL),
(698, 159, NULL, NULL, 0, NULL, NULL),
(699, 159, NULL, NULL, 0, NULL, NULL),
(700, 159, NULL, NULL, 0, NULL, NULL),
(701, 159, NULL, NULL, 0, NULL, NULL),
(702, 159, NULL, NULL, 0, NULL, NULL),
(703, 159, NULL, NULL, 0, NULL, NULL),
(704, 159, NULL, NULL, 0, NULL, NULL),
(705, 159, NULL, NULL, 0, NULL, NULL),
(706, 159, NULL, NULL, 0, NULL, NULL),
(707, 159, NULL, NULL, 0, NULL, NULL),
(708, 159, NULL, NULL, 0, NULL, NULL),
(709, 159, NULL, NULL, 0, NULL, NULL),
(710, 159, NULL, NULL, 0, NULL, NULL),
(711, 159, NULL, NULL, 0, NULL, NULL),
(712, 159, NULL, NULL, 0, NULL, NULL),
(713, 159, NULL, NULL, 0, NULL, NULL),
(714, 159, NULL, NULL, 0, NULL, NULL),
(715, 159, NULL, NULL, 0, NULL, NULL),
(716, 159, NULL, NULL, 0, NULL, NULL),
(717, 159, NULL, NULL, 0, NULL, NULL),
(718, 159, NULL, NULL, 0, NULL, NULL),
(719, 159, NULL, NULL, 0, NULL, NULL),
(720, 159, NULL, NULL, 0, NULL, NULL),
(721, 159, NULL, NULL, 0, NULL, NULL),
(722, 159, NULL, NULL, 0, NULL, NULL),
(723, 159, NULL, NULL, 0, NULL, NULL),
(724, 159, NULL, NULL, 0, NULL, NULL),
(725, 159, NULL, NULL, 0, NULL, NULL),
(726, 159, NULL, NULL, 0, NULL, NULL),
(727, 159, NULL, NULL, 0, NULL, NULL),
(728, 159, NULL, NULL, 0, NULL, NULL),
(729, 159, NULL, NULL, 0, NULL, NULL),
(730, 159, NULL, NULL, 0, NULL, NULL),
(731, 159, NULL, NULL, 0, NULL, NULL),
(732, 159, NULL, NULL, 0, NULL, NULL),
(733, 159, NULL, NULL, 0, NULL, NULL),
(734, 159, NULL, NULL, 0, NULL, NULL),
(735, 159, NULL, NULL, 0, NULL, NULL),
(736, 159, NULL, NULL, 0, NULL, NULL),
(737, 159, NULL, NULL, 0, NULL, NULL),
(738, 159, NULL, NULL, 0, NULL, NULL),
(739, 159, NULL, NULL, 0, NULL, NULL),
(740, 159, NULL, NULL, 0, NULL, NULL),
(741, 159, NULL, NULL, 0, NULL, NULL),
(742, 159, NULL, NULL, 0, NULL, NULL),
(743, 159, NULL, NULL, 0, NULL, NULL),
(744, 159, NULL, NULL, 0, NULL, NULL),
(745, 159, NULL, NULL, 0, NULL, NULL),
(746, 159, NULL, NULL, 0, NULL, NULL),
(747, 159, NULL, NULL, 0, NULL, NULL),
(748, 159, NULL, NULL, 0, NULL, NULL),
(749, 159, NULL, NULL, 0, NULL, NULL),
(750, 159, NULL, NULL, 0, NULL, NULL),
(751, 159, NULL, NULL, 0, NULL, NULL),
(752, 159, NULL, NULL, 0, NULL, NULL),
(753, 159, NULL, NULL, 0, NULL, NULL),
(754, 159, NULL, NULL, 0, NULL, NULL),
(755, 159, NULL, NULL, 0, NULL, NULL),
(756, 159, NULL, NULL, 0, NULL, NULL),
(757, 159, NULL, NULL, 0, NULL, NULL),
(758, 159, NULL, NULL, 0, NULL, NULL),
(759, 159, NULL, NULL, 0, NULL, NULL),
(760, 159, NULL, NULL, 0, NULL, NULL),
(761, 159, NULL, NULL, 0, NULL, NULL),
(762, 159, NULL, NULL, 0, NULL, NULL),
(763, 159, NULL, NULL, 0, NULL, NULL),
(764, 159, NULL, NULL, 0, NULL, NULL),
(765, 159, NULL, NULL, 0, NULL, NULL),
(766, 159, NULL, NULL, 0, NULL, NULL),
(767, 159, NULL, NULL, 0, NULL, NULL),
(768, 159, NULL, NULL, 0, NULL, NULL),
(769, 159, NULL, NULL, 0, NULL, NULL),
(770, 159, NULL, NULL, 0, NULL, NULL),
(771, 159, NULL, NULL, 0, NULL, NULL),
(772, 159, NULL, NULL, 0, NULL, NULL),
(773, 159, NULL, NULL, 0, NULL, NULL),
(774, 159, NULL, NULL, 0, NULL, NULL),
(775, 159, NULL, NULL, 0, NULL, NULL),
(776, 159, NULL, NULL, 0, NULL, NULL),
(777, 159, NULL, NULL, 0, NULL, NULL),
(778, 159, NULL, NULL, 0, NULL, NULL),
(779, 159, NULL, NULL, 0, NULL, NULL),
(780, 159, NULL, NULL, 0, NULL, NULL),
(781, 159, NULL, NULL, 0, NULL, NULL),
(782, 159, NULL, NULL, 0, NULL, NULL),
(783, 159, NULL, NULL, 0, NULL, NULL),
(784, 159, NULL, NULL, 0, NULL, NULL),
(785, 159, NULL, NULL, 0, NULL, NULL),
(786, 159, NULL, NULL, 0, NULL, NULL),
(787, 159, NULL, NULL, 0, NULL, NULL),
(788, 159, NULL, NULL, 0, NULL, NULL),
(789, 159, NULL, NULL, 0, NULL, NULL),
(790, 159, NULL, NULL, 0, NULL, NULL),
(791, 159, NULL, NULL, 0, NULL, NULL),
(792, 159, NULL, NULL, 0, NULL, NULL),
(793, 159, NULL, NULL, 0, NULL, NULL),
(794, 159, NULL, NULL, 0, NULL, NULL),
(795, 159, NULL, NULL, 0, NULL, NULL),
(796, 159, NULL, NULL, 0, NULL, NULL),
(797, 159, NULL, NULL, 0, NULL, NULL),
(798, 159, NULL, NULL, 0, NULL, NULL),
(799, 159, NULL, NULL, 0, NULL, NULL),
(800, 159, NULL, NULL, 0, NULL, NULL),
(801, 159, NULL, NULL, 0, NULL, NULL),
(802, 159, NULL, NULL, 0, NULL, NULL),
(803, 159, NULL, NULL, 0, NULL, NULL),
(804, 159, NULL, NULL, 0, NULL, NULL),
(805, 159, NULL, NULL, 0, NULL, NULL),
(806, 159, NULL, NULL, 0, NULL, NULL),
(807, 159, NULL, NULL, 0, NULL, NULL),
(808, 159, NULL, NULL, 0, NULL, NULL),
(809, 159, NULL, NULL, 0, NULL, NULL),
(810, 159, NULL, NULL, 0, NULL, NULL),
(811, 159, NULL, NULL, 0, NULL, NULL),
(812, 159, NULL, NULL, 0, NULL, NULL);

-- --------------------------------------------------------

--
-- Tabellenstruktur für Tabelle `transfer_reservation_dropoff_areas`
--

CREATE TABLE `transfer_reservation_dropoff_areas` (
  `dropoff_id` int UNSIGNED DEFAULT NULL,
  `area_id` int UNSIGNED DEFAULT NULL
) ENGINE=InnoDB DEFAULT CHARSET=utf8mb3;

--
-- Daten für Tabelle `transfer_reservation_dropoff_areas`
--

INSERT INTO `transfer_reservation_dropoff_areas` (`dropoff_id`, `area_id`) VALUES
(1, 11),
(2, 12),
(4, 1),
(4, 11),
(5, 12),
(6, 15),
(7, 3),
(7, 14),
(8, 16),
(9, 17),
(10, 18),
(11, 158),
(12, 19),
(13, 20),
(14, 21),
(15, 22),
(16, 23),
(17, 24),
(18, 25),
(19, 26),
(20, 27),
(21, 28),
(22, 29),
(23, 30),
(24, 31),
(25, 32),
(26, 33),
(27, 34),
(28, 35),
(29, 36),
(30, 37),
(31, 38),
(32, 39),
(33, 40),
(34, 41),
(35, 42),
(36, 43),
(37, 44),
(38, 45),
(39, 46),
(40, 159),
(41, 47),
(42, 160),
(43, 48),
(44, 49),
(45, 51),
(46, 52),
(47, 53),
(48, 54),
(49, 55),
(50, 56),
(51, 57),
(52, 58),
(53, 59),
(54, 161),
(55, 60),
(56, 61),
(57, 62),
(58, 63),
(59, 64),
(60, 163),
(61, 164),
(62, 162),
(63, 65),
(64, 66),
(65, 67),
(66, 68),
(67, 69),
(68, 70),
(69, 71),
(70, 165),
(71, 72),
(72, 73),
(73, 167),
(74, 74),
(75, 166),
(76, 75),
(77, 76),
(78, 77),
(79, 78),
(80, 79),
(81, 80),
(82, 81),
(83, 82),
(84, 83),
(85, 84),
(86, 85),
(87, 86),
(88, 87),
(89, 88),
(90, 89),
(91, 169),
(92, 90),
(93, 168),
(94, 91),
(95, 92),
(96, 93),
(97, 94),
(98, 95),
(99, 96),
(100, 97),
(101, 98),
(102, 99),
(103, 100),
(104, 101),
(105, 102),
(106, 103),
(107, 104),
(108, 105),
(109, 106),
(110, 107),
(111, 108),
(112, 109),
(113, 110),
(114, 111),
(115, 114),
(116, 115),
(117, 116),
(118, 117),
(119, 118),
(120, 119),
(121, 120),
(122, 121),
(123, 122),
(124, 123),
(125, 124),
(126, 125),
(127, 126),
(128, 127),
(129, 128),
(130, 129),
(131, 130),
(132, 131),
(133, 132),
(134, 133),
(135, 134),
(136, 135),
(137, 136),
(138, 137),
(139, 138),
(140, 139),
(141, 140),
(142, 141),
(143, 142),
(144, 143),
(145, 144),
(146, 145),
(147, 146),
(148, 147),
(149, 170),
(150, 148),
(151, 149),
(152, 150),
(153, 151),
(154, 152),
(155, 154),
(156, 51),
(157, 1),
(157, 11),
(158, 1),
(158, 11),
(159, 1),
(159, 11),
(160, 1),
(160, 11),
(161, 1),
(161, 11),
(162, 1),
(162, 11),
(163, 1),
(163, 11),
(164, 1),
(164, 11),
(165, 1),
(165, 11),
(166, 1),
(166, 11),
(167, 1),
(167, 11),
(168, 1),
(168, 11),
(169, 1),
(169, 11),
(170, 1),
(170, 11),
(171, 1),
(171, 11),
(172, 1),
(172, 11),
(173, 1),
(173, 11),
(174, 1),
(174, 11),
(175, 1),
(175, 11),
(176, 1),
(176, 11),
(177, 1),
(177, 11),
(178, 1),
(178, 11),
(179, 1),
(179, 11),
(180, 1),
(180, 11),
(181, 1),
(181, 11),
(182, 1),
(182, 11),
(183, 1),
(183, 11),
(184, 1),
(184, 11),
(185, 1),
(185, 11),
(186, 1),
(186, 11),
(187, 1),
(187, 11),
(188, 1),
(188, 11),
(189, 1),
(189, 11),
(190, 1),
(190, 11),
(191, 1),
(191, 11),
(192, 1),
(192, 11),
(193, 1),
(193, 11),
(194, 1),
(194, 11),
(195, 1),
(195, 11),
(196, 1),
(196, 11),
(197, 1),
(197, 11),
(198, 1),
(198, 11),
(199, 1),
(199, 11),
(200, 1),
(200, 11),
(201, 1),
(201, 11),
(202, 1),
(202, 11),
(203, 1),
(203, 11),
(204, 1),
(204, 11),
(205, 1),
(205, 11),
(206, 1),
(206, 11),
(207, 1),
(207, 11),
(208, 1),
(208, 11),
(209, 1),
(209, 11),
(210, 1),
(210, 11),
(211, 1),
(211, 11),
(212, 1),
(212, 11),
(213, 1),
(213, 11),
(214, 1),
(214, 11),
(215, 1),
(215, 11),
(216, 1),
(216, 11),
(217, 1),
(217, 11),
(218, 1),
(218, 11),
(219, 1),
(219, 11),
(220, 1),
(220, 11),
(221, 1),
(221, 11),
(222, 1),
(222, 11),
(223, 1),
(223, 11),
(224, 1),
(224, 11),
(225, 1),
(225, 11),
(226, 1),
(226, 11),
(227, 1),
(227, 11),
(228, 1),
(228, 11),
(229, 1),
(229, 11),
(230, 1),
(230, 11),
(231, 1),
(231, 11),
(232, 1),
(232, 11),
(233, 1),
(233, 11),
(234, 1),
(234, 11),
(235, 1),
(235, 11),
(236, 1),
(236, 11),
(237, 1),
(237, 11),
(238, 1),
(238, 11),
(239, 1),
(239, 11),
(240, 1),
(240, 11),
(241, 1),
(241, 11),
(242, 1),
(242, 11),
(243, 1),
(243, 11),
(244, 1),
(244, 11),
(245, 1),
(245, 11),
(246, 1),
(246, 11),
(247, 1),
(247, 11),
(248, 1),
(248, 11),
(249, 1),
(249, 11),
(250, 1),
(250, 11),
(251, 1),
(251, 11),
(252, 1),
(252, 11),
(253, 1),
(253, 11),
(254, 1),
(254, 11),
(255, 1),
(255, 11),
(256, 1),
(256, 11),
(257, 1),
(257, 11),
(258, 1),
(258, 11),
(259, 1),
(259, 11),
(260, 1),
(260, 11),
(261, 1),
(261, 11),
(262, 1),
(262, 11),
(263, 1),
(263, 11),
(264, 1),
(264, 11),
(265, 1),
(265, 11),
(266, 1),
(266, 11),
(267, 1),
(267, 11),
(268, 1),
(268, 11),
(269, 1),
(269, 11),
(270, 1),
(270, 11),
(271, 1),
(271, 11),
(272, 1),
(272, 11),
(273, 1),
(273, 11),
(274, 1),
(274, 11),
(275, 1),
(275, 11),
(276, 1),
(276, 11),
(277, 1),
(277, 11),
(278, 1),
(278, 11),
(279, 1),
(279, 11),
(280, 1),
(280, 11),
(281, 1),
(281, 11),
(282, 1),
(282, 11),
(283, 1),
(283, 11),
(284, 1),
(284, 11),
(285, 1),
(285, 11),
(286, 1),
(286, 11),
(287, 1),
(287, 11),
(288, 1),
(288, 11),
(289, 1),
(289, 11),
(290, 1),
(290, 11),
(291, 1),
(291, 11),
(292, 1),
(292, 11),
(293, 1),
(293, 11),
(294, 1),
(294, 11),
(295, 1),
(295, 11),
(296, 1),
(296, 11),
(297, 1),
(297, 11),
(298, 1),
(298, 11),
(299, 1),
(299, 11),
(300, 1),
(300, 11),
(301, 1),
(301, 11),
(302, 1),
(302, 11),
(303, 1),
(303, 11),
(304, 1),
(304, 11),
(305, 1),
(305, 11),
(306, 1),
(306, 11),
(307, 1),
(307, 11),
(308, 1),
(308, 11),
(309, 1),
(309, 11),
(310, 15),
(311, 24),
(312, 18),
(313, 16),
(314, 19),
(315, 20),
(316, 26),
(317, 23),
(318, 28),
(319, 29),
(320, 30),
(321, 47),
(322, 159),
(323, 49),
(324, 1),
(324, 11),
(325, 3),
(325, 14),
(326, 3),
(326, 14),
(327, 3),
(327, 14),
(328, 3),
(328, 14),
(329, 3),
(329, 14),
(330, 3),
(330, 14),
(331, 3),
(331, 14),
(332, 3),
(332, 14),
(333, 3),
(333, 14),
(334, 3),
(334, 14),
(335, 3),
(335, 14),
(336, 3),
(336, 14),
(337, 3),
(337, 14),
(338, 3),
(338, 14),
(339, 14),
(340, 1),
(340, 11),
(341, 79),
(341, 80),
(342, 12),
(344, 24),
(345, 47),
(346, 49),
(347, 16),
(349, 18),
(350, 19),
(351, 20),
(354, 23),
(356, 26),
(357, 27),
(358, 28),
(359, 29),
(360, 30),
(363, 33),
(364, 34),
(365, 35),
(366, 36),
(367, 37),
(373, 38),
(373, 39),
(373, 40),
(373, 41),
(373, 42),
(373, 43),
(373, 44),
(376, 46),
(377, 48),
(378, 50),
(382, 55),
(383, 56),
(384, 57),
(385, 58),
(386, 59),
(387, 61),
(388, 63),
(389, 65),
(390, 71),
(391, 72),
(393, 74),
(394, 166),
(396, 85),
(397, 86),
(398, 81),
(399, 83),
(400, 84),
(403, 90),
(403, 94),
(403, 95),
(403, 96),
(403, 97),
(403, 98),
(403, 99),
(407, 79),
(410, 102),
(411, 103),
(412, 104),
(413, 105),
(414, 106),
(416, 120),
(417, 122),
(418, 124),
(419, 125),
(420, 127),
(421, 128),
(422, 130),
(423, 131),
(424, 133),
(425, 145),
(426, 146),
(427, 143),
(428, 137),
(429, 136),
(430, 4),
(430, 13),
(431, 4),
(431, 13),
(432, 4),
(432, 13),
(433, 4),
(433, 13),
(434, 4),
(434, 13),
(435, 4),
(435, 13),
(436, 4),
(436, 13),
(437, 4),
(437, 13),
(438, 4),
(438, 13),
(439, 4),
(439, 13),
(440, 4),
(440, 13),
(441, 4),
(441, 13),
(442, 4),
(442, 13),
(443, 4),
(443, 13),
(444, 4),
(444, 13),
(445, 4),
(445, 13),
(446, 4),
(446, 13),
(447, 4),
(447, 13),
(448, 4),
(448, 13),
(449, 4),
(449, 13),
(450, 4),
(450, 13),
(451, 4),
(451, 13),
(452, 4),
(452, 13),
(453, 4),
(453, 13),
(454, 4),
(454, 13),
(455, 4),
(455, 13),
(456, 4),
(456, 13),
(457, 4),
(457, 13),
(458, 4),
(458, 13),
(459, 4),
(459, 13),
(460, 4),
(460, 13),
(461, 4),
(461, 13),
(462, 4),
(462, 13),
(463, 4),
(463, 13),
(464, 4),
(464, 13),
(465, 4),
(465, 13),
(466, 4),
(466, 13),
(467, 4),
(467, 13),
(468, 4),
(468, 13),
(469, 4),
(469, 13),
(470, 4),
(470, 13),
(471, 4),
(471, 13),
(472, 4),
(472, 13),
(473, 4),
(473, 13),
(474, 4),
(474, 13),
(475, 4),
(475, 13),
(476, 4),
(476, 13),
(477, 4),
(477, 13),
(478, 4),
(478, 13),
(479, 4),
(479, 13),
(480, 4),
(480, 13),
(481, 4),
(481, 13),
(482, 4),
(482, 13),
(483, 4),
(483, 13),
(484, 4),
(484, 13),
(485, 4),
(485, 13),
(486, 4),
(486, 13),
(487, 4),
(487, 13),
(488, 4),
(488, 13),
(489, 4),
(489, 13),
(490, 4),
(490, 13),
(491, 4),
(491, 13),
(492, 4),
(492, 13),
(493, 4),
(493, 13),
(494, 4),
(494, 13),
(495, 4),
(495, 13),
(496, 4),
(496, 13),
(497, 4),
(497, 13),
(498, 4),
(498, 13),
(499, 4),
(499, 13),
(500, 4),
(500, 13),
(501, 4),
(501, 13),
(502, 4),
(502, 13),
(503, 4),
(503, 13),
(504, 4),
(504, 13),
(505, 1),
(505, 11),
(506, 12),
(507, 15),
(508, 16),
(509, 17),
(510, 18),
(511, 158),
(512, 19),
(513, 20),
(514, 21),
(515, 22),
(516, 23),
(517, 24),
(518, 25),
(519, 26),
(520, 27),
(521, 28),
(522, 29),
(523, 30),
(524, 31),
(525, 32),
(526, 33),
(527, 34),
(528, 35),
(529, 36),
(530, 37),
(531, 38),
(532, 39),
(533, 40),
(534, 41),
(535, 42),
(536, 43),
(537, 44),
(538, 45),
(539, 46),
(540, 159),
(541, 47),
(542, 160),
(543, 48),
(544, 49),
(545, 50),
(546, 52),
(547, 53),
(548, 54),
(549, 55),
(550, 56),
(551, 57),
(552, 58),
(553, 59),
(554, 161),
(555, 60),
(556, 61),
(557, 62),
(558, 63),
(559, 64),
(560, 163),
(561, 164),
(562, 162),
(563, 65),
(564, 66),
(565, 67),
(566, 68),
(567, 69),
(568, 70),
(569, 71),
(570, 165),
(571, 72),
(572, 73),
(573, 167),
(574, 74),
(575, 166),
(576, 75),
(577, 76),
(578, 77),
(579, 78),
(580, 79),
(581, 80),
(582, 81),
(583, 82),
(584, 83),
(585, 84),
(586, 85),
(587, 86),
(588, 87),
(589, 88),
(590, 89),
(591, 169),
(592, 90),
(593, 168),
(594, 91),
(595, 92),
(596, 93),
(597, 94),
(598, 95),
(599, 96),
(600, 97),
(601, 98),
(602, 99),
(603, 100),
(604, 101),
(605, 102),
(606, 103),
(607, 104),
(608, 105),
(609, 106),
(610, 107),
(611, 108),
(612, 109),
(613, 110),
(614, 111),
(615, 114),
(616, 115),
(617, 116),
(618, 117),
(619, 118),
(620, 119),
(621, 120),
(622, 121),
(623, 122),
(624, 123),
(625, 124),
(626, 125),
(627, 126),
(628, 127),
(629, 128),
(630, 129),
(631, 130),
(632, 131),
(633, 132),
(634, 133),
(635, 134),
(636, 135),
(637, 136),
(638, 137),
(639, 138),
(640, 139),
(641, 140),
(642, 141),
(643, 142),
(644, 143),
(645, 144),
(646, 145),
(647, 146),
(648, 147),
(649, 170),
(650, 148),
(651, 149),
(652, 150),
(653, 151),
(654, 152),
(655, 154),
(656, 51),
(657, 3),
(657, 14),
(658, 4),
(658, 13),
(659, 1),
(659, 11),
(660, 12),
(661, 15),
(662, 16),
(663, 17),
(664, 18),
(665, 158),
(666, 19),
(667, 20),
(668, 21),
(669, 22),
(670, 23),
(671, 24),
(672, 25),
(673, 26),
(674, 27),
(675, 28),
(676, 29),
(677, 30),
(678, 31),
(679, 32),
(680, 33),
(681, 34),
(682, 35),
(683, 36),
(684, 37),
(685, 38),
(686, 39),
(687, 40),
(688, 41),
(689, 42),
(690, 43),
(691, 44),
(692, 45),
(693, 46),
(694, 159),
(695, 47),
(696, 160),
(697, 48),
(698, 49),
(699, 50),
(700, 52),
(701, 53),
(702, 54),
(703, 55),
(704, 56),
(705, 57),
(706, 58),
(707, 59),
(708, 161),
(709, 60),
(710, 61),
(711, 62),
(712, 63),
(713, 64),
(714, 163),
(715, 164),
(716, 162),
(717, 65),
(718, 66),
(719, 67),
(720, 68),
(721, 69),
(722, 70),
(723, 71),
(724, 165),
(725, 72),
(726, 73),
(727, 167),
(728, 74),
(729, 166),
(730, 75),
(731, 76),
(732, 77),
(733, 78),
(734, 79),
(735, 80),
(736, 81),
(737, 82),
(738, 83),
(739, 84),
(740, 85),
(741, 86),
(742, 87),
(743, 88),
(744, 89),
(745, 169),
(746, 90),
(747, 168),
(748, 91),
(749, 92),
(750, 93),
(751, 94),
(752, 95),
(753, 96),
(754, 97),
(755, 98),
(756, 99),
(757, 100),
(758, 101),
(759, 102),
(760, 103),
(761, 104),
(762, 105),
(763, 106),
(764, 107),
(765, 108),
(766, 109),
(767, 110),
(768, 111),
(769, 114),
(770, 115),
(771, 116),
(772, 117),
(773, 118),
(774, 119),
(775, 120),
(776, 121),
(777, 122),
(778, 123),
(779, 124),
(780, 125),
(781, 126),
(782, 127),
(783, 128),
(784, 129),
(785, 130),
(786, 131),
(787, 132),
(788, 133),
(789, 134),
(790, 135),
(791, 136),
(792, 137),
(793, 138),
(794, 139),
(795, 140),
(796, 141),
(797, 142),
(798, 143),
(799, 144),
(800, 145),
(801, 146),
(802, 147),
(803, 170),
(804, 148),
(805, 149),
(806, 150),
(807, 151),
(808, 152),
(809, 154),
(810, 51),
(811, 3),
(811, 14),
(812, 4),
(812, 13);

-- --------------------------------------------------------

--
-- Tabellenstruktur für Tabelle `transfer_reservation_extras`
--

CREATE TABLE `transfer_reservation_extras` (
  `id` int UNSIGNED NOT NULL,
  `price` decimal(9,2) DEFAULT NULL,
  `image_path` varchar(255) DEFAULT NULL,
  `status` enum('T','F') DEFAULT NULL,
  `modified` datetime DEFAULT NULL
) ENGINE=InnoDB DEFAULT CHARSET=utf8mb3;

--
-- Daten für Tabelle `transfer_reservation_extras`
--

INSERT INTO `transfer_reservation_extras` (`id`, `price`, `image_path`, `status`, `modified`) VALUES
(1, NULL, NULL, 'T', '2023-11-22 13:55:14'),
(2, NULL, 'app/web/upload/extras/2_65189f9d3506deb7f95a3017435b3553.png', 'T', '2023-11-22 13:55:01'),
(3, NULL, 'app/web/upload/extras/3_c8e6b140f5efe16afdb0db1d9d20040f.png', 'T', '2023-11-22 13:54:13'),
(4, NULL, 'app/web/upload/extras/4_b9bc6b468fb11ec2d677b9e407ae6a3d.png', 'T', '2023-11-22 13:54:00'),
(5, NULL, NULL, 'T', '2023-11-22 13:55:23'),
(6, NULL, NULL, 'T', '2023-09-14 12:17:34'),
(7, NULL, NULL, 'F', '2023-11-22 13:55:45'),
(8, 15.00, NULL, 'T', '2023-11-22 13:53:14');

-- --------------------------------------------------------

--
-- Tabellenstruktur für Tabelle `transfer_reservation_extras_limitations`
--

CREATE TABLE `transfer_reservation_extras_limitations` (
  `id` int UNSIGNED NOT NULL,
  `extra_id` int UNSIGNED DEFAULT NULL,
  `fleet_id` int UNSIGNED DEFAULT NULL,
  `max_qty` int UNSIGNED DEFAULT NULL
) ENGINE=InnoDB DEFAULT CHARSET=utf8mb3;

--
-- Daten für Tabelle `transfer_reservation_extras_limitations`
--

INSERT INTO `transfer_reservation_extras_limitations` (`id`, `extra_id`, `fleet_id`, `max_qty`) VALUES
(1, 1, 1, 3),
(2, 2, 1, 2),
(3, 3, 1, 2),
(4, 4, 1, 2),
(5, 5, 1, 3),
(6, 6, 1, 3),
(28, 8, 1, 2),
(29, 1, 2, 10),
(30, 2, 2, 4),
(31, 3, 2, 4),
(32, 4, 2, 4),
(33, 5, 2, 8),
(34, 6, 2, 8),
(35, 8, 2, 2),
(36, 1, 3, 10),
(37, 2, 3, 4),
(38, 3, 3, 4),
(39, 4, 3, 4),
(40, 5, 3, 8),
(41, 6, 3, 8),
(42, 8, 3, 2),
(43, 1, 4, 3),
(44, 2, 4, 1),
(45, 3, 4, 1),
(46, 4, 4, 1),
(47, 5, 4, 2),
(48, 6, 4, 2),
(49, 8, 4, 2),
(50, 1, 5, 20),
(51, 2, 5, 8),
(52, 3, 5, 8),
(53, 4, 5, 8),
(54, 5, 5, 16),
(55, 6, 5, 16),
(56, 8, 5, 4),
(64, 1, 6, 3),
(65, 2, 6, 2),
(66, 3, 6, 2),
(67, 4, 6, 2),
(68, 5, 6, 2),
(69, 6, 6, 2),
(70, 8, 6, 15),
(71, 1, 7, 10),
(72, 2, 7, 4),
(73, 3, 7, 4),
(74, 4, 7, 4),
(75, 5, 7, 8),
(76, 6, 7, 8),
(77, 8, 7, 15),
(99, 1, 8, 10),
(100, 2, 8, 4),
(101, 3, 8, 4),
(102, 4, 8, 4),
(103, 5, 8, 8),
(104, 6, 8, 8),
(105, 8, 8, 15),
(113, 1, 9, 3),
(114, 2, 9, 1),
(115, 3, 9, 1),
(116, 4, 9, 1),
(117, 5, 9, 2),
(118, 6, 9, 2),
(119, 8, 9, 15),
(120, 1, 10, 20),
(121, 2, 10, 8),
(122, 3, 10, 8),
(123, 4, 10, 8),
(124, 5, 10, 16),
(125, 6, 10, 16),
(126, 8, 10, 15),
(183, 1, 11, 3),
(184, 2, 11, 2),
(185, 3, 11, 2),
(186, 4, 11, 2),
(187, 5, 11, 3),
(188, 6, 11, 3),
(189, 8, 11, 15),
(197, 1, 12, 10),
(198, 2, 12, 4),
(199, 3, 12, 4),
(200, 4, 12, 4),
(201, 5, 12, 8),
(202, 6, 12, 8),
(203, 8, 12, 15),
(204, 1, 13, 20),
(205, 2, 13, 8),
(206, 3, 13, 8),
(207, 4, 13, 8),
(208, 5, 13, 16),
(209, 6, 13, 16),
(210, 8, 13, 15),
(211, 1, 14, 3),
(212, 2, 14, 1),
(213, 3, 14, 1),
(214, 4, 14, 1),
(215, 5, 14, 2),
(216, 6, 14, 2),
(217, 8, 14, 15),
(218, 1, 15, 10),
(219, 2, 15, 4),
(220, 3, 15, 4),
(221, 4, 15, 4),
(222, 5, 15, 8),
(223, 6, 15, 8),
(224, 8, 15, 15),
(225, 1, 16, 3),
(226, 2, 16, 2),
(227, 3, 16, 2),
(228, 4, 16, 2),
(229, 5, 16, 3),
(230, 6, 16, 3),
(231, 8, 16, 15),
(232, 1, 17, 10),
(233, 2, 17, 4),
(234, 3, 17, 4),
(235, 4, 17, 4),
(236, 5, 17, 8),
(237, 6, 17, 8),
(238, 8, 17, 15),
(239, 1, 18, 20),
(240, 2, 18, 8),
(241, 3, 18, 8),
(242, 4, 18, 8),
(243, 5, 18, 16),
(244, 6, 18, 16),
(245, 8, 18, 15),
(246, 1, 19, 3),
(247, 2, 19, 1),
(248, 3, 19, 1),
(249, 4, 19, 1),
(250, 5, 19, 2),
(251, 6, 19, 2),
(252, 8, 19, 15),
(260, 1, 20, 10),
(261, 2, 20, 4),
(262, 3, 20, 4),
(263, 4, 20, 4),
(264, 5, 20, 8),
(265, 6, 20, 8),
(266, 8, 20, 15),
(365, 1, 21, 20),
(366, 2, 21, 4),
(367, 3, 21, 4),
(368, 4, 21, 4),
(369, 5, 21, 10),
(370, 6, 21, 10),
(371, 8, 21, 1);

-- --------------------------------------------------------

--
-- Tabellenstruktur für Tabelle `transfer_reservation_fields`
--

CREATE TABLE `transfer_reservation_fields` (
  `id` int UNSIGNED NOT NULL,
  `key` varchar(100) DEFAULT NULL,
  `type` enum('backend','frontend','arrays') DEFAULT NULL,
  `label` varchar(255) DEFAULT NULL,
  `source` enum('script','plugin') DEFAULT 'script',
  `modified` datetime DEFAULT NULL
) ENGINE=InnoDB DEFAULT CHARSET=utf8mb3;

--
-- Daten für Tabelle `transfer_reservation_fields`
--

INSERT INTO `transfer_reservation_fields` (`id`, `key`, `type`, `label`, `source`, `modified`) VALUES
(1, 'addLocale', 'backend', 'Add language', 'script', NULL),
(2, 'adminForgot', 'backend', 'Forgot password', 'script', NULL),
(3, 'adminLogin', 'backend', 'Admin Login', 'script', NULL),
(4, 'backend', 'backend', 'Backend titles', 'script', NULL),
(5, 'btnAdd', 'backend', 'Button Add', 'script', NULL),
(6, 'btnBack', 'backend', 'Button Back', 'script', NULL),
(7, 'btnBackup', 'backend', 'Button Backup', 'script', NULL),
(8, 'btnCancel', 'backend', 'Button Cancel', 'script', NULL),
(9, 'btnContinue', 'backend', 'Button Continue', 'script', NULL),
(10, 'btnDelete', 'backend', 'Button Delete', 'script', NULL),
(11, 'btnLogin', 'backend', 'Login', 'script', NULL),
(12, 'btnReset', 'backend', 'Reset', 'script', NULL),
(13, 'btnSave', 'backend', 'Save', 'script', NULL),
(14, 'btnSearch', 'backend', 'Search', 'script', NULL),
(15, 'btnSend', 'backend', 'Button Send', 'script', NULL),
(16, 'btnUpdate', 'backend', 'Update', 'script', NULL),
(17, 'created', 'backend', 'Created', 'script', NULL),
(18, 'email', 'backend', 'E-Mail', 'script', NULL),
(19, 'emailForgotBody', 'backend', 'Email / Forgot Body', 'script', NULL),
(20, 'emailForgotSubject', 'backend', 'Email / Forgot Subject', 'script', NULL),
(21, 'frontend', 'backend', 'Front-end titles', 'script', NULL),
(22, 'gridActionTitle', 'backend', 'Grid / Action Title', 'script', NULL),
(23, 'gridBtnCancel', 'backend', 'Grid / Button Cancel', 'script', NULL),
(24, 'gridBtnDelete', 'backend', 'Grid / Button Delete', 'script', NULL),
(25, 'gridBtnOk', 'backend', 'Grid / Button OK', 'script', NULL),
(26, 'gridChooseAction', 'backend', 'Grid / Choose Action', 'script', NULL),
(27, 'gridConfirmationTitle', 'backend', 'Grid / Confirmation Title', 'script', NULL),
(28, 'gridDeleteConfirmation', 'backend', 'Grid / Delete confirmation', 'script', NULL),
(29, 'gridEmptyResult', 'backend', 'Grid / Empty resultset', 'script', NULL),
(30, 'gridGotoPage', 'backend', 'Grid / Go to page', 'script', NULL),
(31, 'gridItemsPerPage', 'backend', 'Grid / Items per page', 'script', NULL),
(32, 'gridNext', 'backend', 'Grid / Next', 'script', NULL),
(33, 'gridNextPage', 'backend', 'Grid / Next page', 'script', NULL),
(34, 'gridPrev', 'backend', 'Grid / Prev', 'script', NULL),
(35, 'gridPrevPage', 'backend', 'Grid / Prev page', 'script', NULL),
(36, 'gridTotalItems', 'backend', 'Grid / Total items', 'script', NULL),
(37, 'infoListingAddressBody', 'backend', 'Infobox / Listing Address Body', 'script', NULL),
(38, 'infoListingAddressTitle', 'backend', 'Infobox / Listing Address Title', 'script', NULL),
(39, 'infoListingBookingsBody', 'backend', 'Infobox / Listing Bookings Body', 'script', NULL),
(40, 'infoListingBookingsTitle', 'backend', 'Infobox / Listing Bookings Title', 'script', NULL),
(41, 'infoListingContactBody', 'backend', 'Infobox / Listing Contact Body', 'script', NULL),
(42, 'infoListingContactTitle', 'backend', 'Infobox / Listing Contact Title', 'script', NULL),
(43, 'infoListingExtendBody', 'backend', 'Infobox / Extend exp.date Body', 'script', NULL),
(44, 'infoListingExtendTitle', 'backend', 'Infobox / Extend exp.date Title', 'script', NULL),
(45, 'infoListingPricesBody', 'backend', 'Infobox / Listing Prices Body', 'script', NULL),
(46, 'infoListingPricesTitle', 'backend', 'Infobox / Listing Prices Title', 'script', NULL),
(47, 'infoLocalesArraysBody', 'backend', 'Locale / Languages Array Body', 'script', NULL),
(48, 'infoLocalesArraysTitle', 'backend', 'Locale / Languages Array Title', 'script', NULL),
(49, 'infoLocalesBackendBody', 'backend', 'Infobox / Locales Backend Body', 'script', NULL),
(50, 'infoLocalesBackendTitle', 'backend', 'Infobox / Locales Backend Title', 'script', NULL),
(51, 'infoLocalesBody', 'backend', 'Infobox / Locales Body', 'script', NULL),
(52, 'infoLocalesFrontendBody', 'backend', 'Infobox / Locales Frontend Body', 'script', NULL),
(53, 'infoLocalesFrontendTitle', 'backend', 'Infobox / Locales Frontend Title', 'script', NULL),
(54, 'infoLocalesTitle', 'backend', 'Infobox / Locales Title', 'script', NULL),
(55, 'lblAddUser', 'backend', 'Add user', 'script', NULL),
(56, 'lblBackupDatabase', 'backend', 'Backup / Database', 'script', NULL),
(57, 'lblBackupFiles', 'backend', 'Backup / Files', 'script', NULL),
(58, 'lblChoose', 'backend', 'Choose', 'script', NULL),
(59, 'lblDays', 'backend', 'Days', 'script', NULL),
(60, 'lblDelete', 'backend', 'Delete', 'script', NULL),
(61, 'lblError', 'backend', 'Error', 'script', NULL),
(62, 'lblExport', 'backend', 'Export', 'script', NULL),
(63, 'lblForgot', 'backend', 'Forgot password', 'script', NULL),
(64, 'lblIp', 'backend', 'IP address', 'script', NULL),
(65, 'lblIsActive', 'backend', 'Is Active', 'script', NULL),
(66, 'lblName', 'backend', 'Name', 'script', NULL),
(67, 'lblNo', 'backend', 'No', 'script', NULL),
(68, 'lblOption', 'backend', 'Option', 'script', NULL),
(69, 'lblOptionList', 'backend', 'Option list', 'script', NULL),
(70, 'lblRole', 'backend', 'Role', 'script', NULL),
(71, 'lblStatus', 'backend', 'Status', 'script', NULL),
(72, 'lblType', 'backend', 'Type', 'script', NULL),
(73, 'lblUpdateUser', 'backend', 'Update user', 'script', NULL),
(74, 'lblUserCreated', 'backend', 'User / Registration Date & Time', 'script', NULL),
(75, 'lblValue', 'backend', 'Value', 'script', NULL),
(76, 'lblYes', 'backend', 'Yes', 'script', NULL),
(77, 'lnkBack', 'backend', 'Link Back', 'script', NULL),
(78, 'localeArrays', 'backend', 'Locale / Arrays titles', 'script', NULL),
(79, 'locales', 'backend', 'Languages', 'script', NULL),
(80, 'locale_flag', 'backend', 'Locale / Flag', 'script', NULL),
(81, 'locale_is_default', 'backend', 'Locale / Is default', 'script', NULL),
(82, 'locale_order', 'backend', 'Locale / Order', 'script', NULL),
(83, 'locale_title', 'backend', 'Locale / Title', 'script', NULL),
(84, 'menuBackup', 'backend', 'Menu Backup', 'script', NULL),
(85, 'menuDashboard', 'backend', 'Menu Dashboard', 'script', NULL),
(86, 'menuLang', 'backend', 'Menu Multi lang', 'script', NULL),
(87, 'menuLocales', 'backend', 'Menu Languages', 'script', NULL),
(88, 'menuLogout', 'backend', 'Menu Logout', 'script', NULL),
(89, 'menuOptions', 'backend', 'Menu Options', 'script', NULL),
(90, 'menuPlugins', 'backend', 'Menu Plugins', 'script', NULL),
(91, 'menuProfile', 'backend', 'Menu Profile', 'script', NULL),
(92, 'menuUsers', 'backend', 'Menu Users', 'script', NULL),
(93, 'multilangTooltip', 'backend', 'MultiLang / Tooltip', 'script', NULL),
(94, 'opt_o_currency', 'backend', 'Options / Currency', 'script', NULL),
(95, 'opt_o_date_format', 'backend', 'Options / Date format', 'script', NULL),
(96, 'opt_o_send_email', 'backend', 'opt_o_send_email', 'script', NULL),
(97, 'opt_o_smtp_host', 'backend', 'opt_o_smtp_host', 'script', NULL),
(98, 'opt_o_smtp_pass', 'backend', 'opt_o_smtp_pass', 'script', NULL),
(99, 'opt_o_smtp_port', 'backend', 'opt_o_smtp_port', 'script', NULL),
(100, 'opt_o_smtp_user', 'backend', 'opt_o_smtp_user', 'script', NULL),
(101, 'opt_o_timezone', 'backend', 'Options / Timezone', 'script', NULL),
(102, 'opt_o_week_start', 'backend', 'Options / First day of the week', 'script', NULL),
(103, 'pass', 'backend', 'Password', 'script', NULL),
(125, 'revert_status', 'backend', 'Revert status', 'script', NULL),
(126, 'url', 'backend', 'URL', 'script', NULL),
(127, 'user', 'backend', 'Username', 'script', NULL),
(128, 'pj_email_taken', 'backend', 'Users / Email already taken', 'script', NULL),
(129, 'days_ARRAY_0', 'arrays', 'days_ARRAY_0', 'script', '2023-11-22 13:46:34'),
(130, 'days_ARRAY_1', 'arrays', 'days_ARRAY_1', 'script', '2023-11-22 13:45:09'),
(131, 'days_ARRAY_2', 'arrays', 'days_ARRAY_2', 'script', '2023-11-22 13:45:21'),
(132, 'days_ARRAY_3', 'arrays', 'days_ARRAY_3', 'script', '2023-11-22 13:45:33'),
(133, 'days_ARRAY_4', 'arrays', 'days_ARRAY_4', 'script', '2023-11-22 13:45:44'),
(134, 'days_ARRAY_5', 'arrays', 'days_ARRAY_5', 'script', '2023-11-22 13:45:59'),
(135, 'days_ARRAY_6', 'arrays', 'days_ARRAY_6', 'script', '2023-11-22 13:46:20'),
(136, 'day_names_ARRAY_0', 'arrays', 'day_names_ARRAY_0', 'script', NULL),
(137, 'day_names_ARRAY_1', 'arrays', 'day_names_ARRAY_1', 'script', NULL),
(138, 'day_names_ARRAY_2', 'arrays', 'day_names_ARRAY_2', 'script', NULL),
(139, 'day_names_ARRAY_3', 'arrays', 'day_names_ARRAY_3', 'script', NULL),
(140, 'day_names_ARRAY_4', 'arrays', 'day_names_ARRAY_4', 'script', NULL),
(141, 'day_names_ARRAY_5', 'arrays', 'day_names_ARRAY_5', 'script', NULL),
(142, 'day_names_ARRAY_6', 'arrays', 'day_names_ARRAY_6', 'script', NULL),
(143, 'error_bodies_ARRAY_AA10', 'arrays', 'error_bodies_ARRAY_AA10', 'script', NULL),
(144, 'error_bodies_ARRAY_AA11', 'arrays', 'error_bodies_ARRAY_AA11', 'script', NULL),
(145, 'error_bodies_ARRAY_AA12', 'arrays', 'error_bodies_ARRAY_AA12', 'script', NULL),
(146, 'error_bodies_ARRAY_AA13', 'arrays', 'error_bodies_ARRAY_AA13', 'script', NULL),
(147, 'error_bodies_ARRAY_AB01', 'arrays', 'error_bodies_ARRAY_AB01', 'script', NULL),
(148, 'error_bodies_ARRAY_AB02', 'arrays', 'error_bodies_ARRAY_AB02', 'script', NULL),
(149, 'error_bodies_ARRAY_AB03', 'arrays', 'error_bodies_ARRAY_AB03', 'script', NULL),
(150, 'error_bodies_ARRAY_AB04', 'arrays', 'error_bodies_ARRAY_AB04', 'script', NULL),
(151, 'error_bodies_ARRAY_ALC01', 'arrays', 'error_bodies_ARRAY_ALC01', 'script', NULL),
(152, 'error_bodies_ARRAY_AO01', 'arrays', 'error_bodies_ARRAY_AO01', 'script', NULL),
(153, 'error_bodies_ARRAY_AU01', 'arrays', 'error_bodies_ARRAY_AU01', 'script', NULL),
(154, 'error_bodies_ARRAY_AU03', 'arrays', 'error_bodies_ARRAY_AU03', 'script', NULL),
(155, 'error_bodies_ARRAY_AU04', 'arrays', 'error_bodies_ARRAY_AU04', 'script', NULL),
(156, 'error_bodies_ARRAY_AU08', 'arrays', 'error_bodies_ARRAY_AU08', 'script', NULL),
(159, 'error_titles_ARRAY_AA10', 'arrays', 'error_titles_ARRAY_AA10', 'script', NULL),
(160, 'error_titles_ARRAY_AA11', 'arrays', 'error_titles_ARRAY_AA11', 'script', NULL),
(161, 'error_titles_ARRAY_AA12', 'arrays', 'error_titles_ARRAY_AA12', 'script', NULL),
(162, 'error_titles_ARRAY_AA13', 'arrays', 'error_titles_ARRAY_AA13', 'script', NULL),
(163, 'error_titles_ARRAY_AB01', 'arrays', 'error_titles_ARRAY_AB01', 'script', NULL),
(164, 'error_titles_ARRAY_AB02', 'arrays', 'error_titles_ARRAY_AB02', 'script', NULL),
(165, 'error_titles_ARRAY_AB03', 'arrays', 'error_titles_ARRAY_AB03', 'script', NULL),
(166, 'error_titles_ARRAY_AB04', 'arrays', 'error_titles_ARRAY_AB04', 'script', NULL),
(167, 'error_titles_ARRAY_AO01', 'arrays', 'error_titles_ARRAY_AO01', 'script', NULL),
(168, 'error_titles_ARRAY_AU01', 'arrays', 'error_titles_ARRAY_AU01', 'script', NULL),
(169, 'error_titles_ARRAY_AU03', 'arrays', 'error_titles_ARRAY_AU03', 'script', NULL),
(170, 'error_titles_ARRAY_AU04', 'arrays', 'error_titles_ARRAY_AU04', 'script', NULL),
(171, 'error_titles_ARRAY_AU08', 'arrays', 'error_titles_ARRAY_AU08', 'script', NULL),
(174, 'filter_ARRAY_active', 'arrays', 'filter_ARRAY_active', 'script', NULL),
(175, 'filter_ARRAY_inactive', 'arrays', 'filter_ARRAY_inactive', 'script', NULL),
(176, 'login_err_ARRAY_1', 'arrays', 'login_err_ARRAY_1', 'script', NULL),
(177, 'login_err_ARRAY_2', 'arrays', 'login_err_ARRAY_2', 'script', NULL),
(178, 'login_err_ARRAY_3', 'arrays', 'login_err_ARRAY_3', 'script', NULL),
(179, 'months_ARRAY_1', 'arrays', 'months_ARRAY_1', 'script', '2023-11-21 15:46:41'),
(180, 'months_ARRAY_10', 'arrays', 'months_ARRAY_10', 'script', '2023-11-21 15:47:37'),
(181, 'months_ARRAY_11', 'arrays', 'months_ARRAY_11', 'script', NULL),
(182, 'months_ARRAY_12', 'arrays', 'months_ARRAY_12', 'script', '2023-11-21 15:47:44'),
(183, 'months_ARRAY_2', 'arrays', 'months_ARRAY_2', 'script', '2023-11-21 15:46:51'),
(184, 'months_ARRAY_3', 'arrays', 'months_ARRAY_3', 'script', '2023-11-21 15:47:00'),
(185, 'months_ARRAY_4', 'arrays', 'months_ARRAY_4', 'script', NULL),
(186, 'months_ARRAY_5', 'arrays', 'months_ARRAY_5', 'script', '2023-11-21 15:47:15'),
(187, 'months_ARRAY_6', 'arrays', 'months_ARRAY_6', 'script', '2023-11-21 15:47:20'),
(188, 'months_ARRAY_7', 'arrays', 'months_ARRAY_7', 'script', '2023-11-21 15:47:26'),
(189, 'months_ARRAY_8', 'arrays', 'months_ARRAY_8', 'script', NULL),
(190, 'months_ARRAY_9', 'arrays', 'months_ARRAY_9', 'script', NULL),
(191, 'personal_titles_ARRAY_dr', 'arrays', 'personal_titles_ARRAY_dr', 'script', NULL),
(192, 'personal_titles_ARRAY_miss', 'arrays', 'personal_titles_ARRAY_miss', 'script', NULL),
(193, 'personal_titles_ARRAY_mr', 'arrays', 'personal_titles_ARRAY_mr', 'script', '2023-11-22 11:36:05'),
(194, 'personal_titles_ARRAY_mrs', 'arrays', 'personal_titles_ARRAY_mrs', 'script', '2023-11-22 11:36:05'),
(195, 'personal_titles_ARRAY_ms', 'arrays', 'personal_titles_ARRAY_ms', 'script', '2023-11-22 11:36:37'),
(196, 'personal_titles_ARRAY_other', 'arrays', 'personal_titles_ARRAY_other', 'script', '2023-11-22 11:36:46'),
(197, 'personal_titles_ARRAY_prof', 'arrays', 'personal_titles_ARRAY_prof', 'script', NULL),
(198, 'personal_titles_ARRAY_rev', 'arrays', 'personal_titles_ARRAY_rev', 'script', NULL),
(199, 'short_months_ARRAY_1', 'arrays', 'short_months_ARRAY_1', 'script', NULL),
(200, 'short_months_ARRAY_10', 'arrays', 'short_months_ARRAY_10', 'script', NULL),
(201, 'short_months_ARRAY_11', 'arrays', 'short_months_ARRAY_11', 'script', NULL),
(202, 'short_months_ARRAY_12', 'arrays', 'short_months_ARRAY_12', 'script', NULL),
(203, 'short_months_ARRAY_2', 'arrays', 'short_months_ARRAY_2', 'script', NULL),
(204, 'short_months_ARRAY_3', 'arrays', 'short_months_ARRAY_3', 'script', NULL),
(205, 'short_months_ARRAY_4', 'arrays', 'short_months_ARRAY_4', 'script', NULL),
(206, 'short_months_ARRAY_5', 'arrays', 'short_months_ARRAY_5', 'script', '2023-11-21 15:47:15'),
(207, 'short_months_ARRAY_6', 'arrays', 'short_months_ARRAY_6', 'script', NULL),
(208, 'short_months_ARRAY_7', 'arrays', 'short_months_ARRAY_7', 'script', NULL),
(209, 'short_months_ARRAY_8', 'arrays', 'short_months_ARRAY_8', 'script', NULL),
(210, 'short_months_ARRAY_9', 'arrays', 'short_months_ARRAY_9', 'script', NULL),
(211, 'status_ARRAY_1', 'arrays', 'status_ARRAY_1', 'script', NULL),
(212, 'status_ARRAY_123', 'arrays', 'status_ARRAY_123', 'script', NULL),
(213, 'status_ARRAY_2', 'arrays', 'status_ARRAY_2', 'script', NULL),
(214, 'status_ARRAY_3', 'arrays', 'status_ARRAY_3', 'script', NULL),
(215, 'status_ARRAY_7', 'arrays', 'status_ARRAY_7', 'script', NULL),
(216, 'status_ARRAY_996', 'arrays', 'status_ARRAY_996', 'script', NULL),
(217, 'status_ARRAY_997', 'arrays', 'status_ARRAY_997', 'script', NULL),
(218, 'status_ARRAY_998', 'arrays', 'status_ARRAY_998', 'script', NULL),
(219, 'status_ARRAY_999', 'arrays', 'status_ARRAY_999', 'script', NULL),
(220, 'status_ARRAY_9997', 'arrays', 'status_ARRAY_9997', 'script', NULL),
(221, 'status_ARRAY_9998', 'arrays', 'status_ARRAY_9998', 'script', NULL),
(222, 'status_ARRAY_9999', 'arrays', 'status_ARRAY_9999', 'script', NULL),
(223, 'timezones_ARRAY_-10800', 'arrays', 'timezones_ARRAY_-10800', 'script', NULL),
(224, 'timezones_ARRAY_-14400', 'arrays', 'timezones_ARRAY_-14400', 'script', NULL),
(225, 'timezones_ARRAY_-18000', 'arrays', 'timezones_ARRAY_-18000', 'script', NULL),
(226, 'timezones_ARRAY_-21600', 'arrays', 'timezones_ARRAY_-21600', 'script', NULL),
(227, 'timezones_ARRAY_-25200', 'arrays', 'timezones_ARRAY_-25200', 'script', NULL),
(228, 'timezones_ARRAY_-28800', 'arrays', 'timezones_ARRAY_-28800', 'script', NULL),
(229, 'timezones_ARRAY_-32400', 'arrays', 'timezones_ARRAY_-32400', 'script', NULL),
(230, 'timezones_ARRAY_-3600', 'arrays', 'timezones_ARRAY_-3600', 'script', NULL),
(231, 'timezones_ARRAY_-36000', 'arrays', 'timezones_ARRAY_-36000', 'script', NULL),
(232, 'timezones_ARRAY_-39600', 'arrays', 'timezones_ARRAY_-39600', 'script', NULL),
(233, 'timezones_ARRAY_-43200', 'arrays', 'timezones_ARRAY_-43200', 'script', NULL),
(234, 'timezones_ARRAY_-7200', 'arrays', 'timezones_ARRAY_-7200', 'script', NULL),
(235, 'timezones_ARRAY_0', 'arrays', 'timezones_ARRAY_0', 'script', NULL),
(236, 'timezones_ARRAY_10800', 'arrays', 'timezones_ARRAY_10800', 'script', NULL),
(237, 'timezones_ARRAY_14400', 'arrays', 'timezones_ARRAY_14400', 'script', NULL),
(238, 'timezones_ARRAY_18000', 'arrays', 'timezones_ARRAY_18000', 'script', NULL),
(239, 'timezones_ARRAY_21600', 'arrays', 'timezones_ARRAY_21600', 'script', NULL),
(240, 'timezones_ARRAY_25200', 'arrays', 'timezones_ARRAY_25200', 'script', NULL),
(241, 'timezones_ARRAY_28800', 'arrays', 'timezones_ARRAY_28800', 'script', NULL),
(242, 'timezones_ARRAY_32400', 'arrays', 'timezones_ARRAY_32400', 'script', NULL),
(243, 'timezones_ARRAY_3600', 'arrays', 'timezones_ARRAY_3600', 'script', NULL),
(244, 'timezones_ARRAY_36000', 'arrays', 'timezones_ARRAY_36000', 'script', NULL),
(245, 'timezones_ARRAY_39600', 'arrays', 'timezones_ARRAY_39600', 'script', NULL),
(246, 'timezones_ARRAY_43200', 'arrays', 'timezones_ARRAY_43200', 'script', NULL),
(247, 'timezones_ARRAY_46800', 'arrays', 'timezones_ARRAY_46800', 'script', NULL),
(248, 'timezones_ARRAY_7200', 'arrays', 'timezones_ARRAY_7200', 'script', NULL),
(249, 'u_statarr_ARRAY_F', 'arrays', 'u_statarr_ARRAY_F', 'script', NULL),
(250, 'u_statarr_ARRAY_T', 'arrays', 'u_statarr_ARRAY_T', 'script', NULL),
(251, '_yesno_ARRAY_F', 'arrays', '_yesno_ARRAY_F', 'script', NULL),
(252, '_yesno_ARRAY_T', 'arrays', '_yesno_ARRAY_T', 'script', NULL),
(253, 'delete_selected', 'backend', 'Label / Delete selected', 'script', NULL),
(254, 'delete_confirmation', 'backend', 'Label / delete confirmation', 'script', NULL),
(255, 'lblAll', 'backend', 'Label / All', 'script', NULL),
(256, 'email_taken', 'backend', 'Label / email taken', 'script', NULL),
(308, 'lblDashLastLogin', 'backend', 'Label / Last login', 'script', NULL),
(360, 'menuNews', 'backend', 'Menu / News', 'script', NULL),
(361, 'menuInstall', 'backend', 'Menu / Install', 'script', NULL),
(413, 'menuLocations', 'backend', 'Menu / Locations', 'script', NULL),
(414, 'menuFleets', 'backend', 'Menu / Fleets', 'script', NULL),
(415, 'menuReservations', 'backend', 'Menu / Reservations', 'script', NULL),
(416, 'opt_o_time_format', 'backend', 'Options / Time format', 'script', NULL),
(417, 'infoLocationsTitle', 'backend', 'Infobox / Locations title', 'script', NULL),
(418, 'infoLocationsDesc', 'backend', 'Infobox / Locations description', 'script', NULL),
(419, 'lblAddLocation', 'backend', 'Label / Add location', 'script', NULL),
(420, 'lblPickupLocation', 'backend', 'Label / Pickup location', 'script', NULL),
(421, 'lblAddress', 'backend', 'Label / Address', 'script', NULL),
(422, 'tr_field_required', 'backend', 'Label / This field is required.', 'script', '2023-11-22 13:34:09'),
(423, 'infoAddLocationTitle', 'backend', 'Infobox / Add new location', 'script', NULL),
(424, 'infoAddLocationDesc', 'backend', 'Infobox / Add new location desc', 'script', NULL),
(425, 'lblDropoff', 'backend', 'Label / Drop-off', 'script', NULL),
(426, 'lblLocation', 'backend', 'Label / Location', 'script', NULL),
(427, 'lblDistance', 'backend', 'Label / Distance', 'script', NULL),
(428, 'btnRemove', 'backend', 'Button / Remove', 'script', NULL),
(429, 'lblKm', 'backend', 'Label / Km', 'script', NULL),
(430, 'error_titles_ARRAY_AL01', 'arrays', 'error_titles_ARRAY_AL01', 'script', NULL),
(431, 'error_bodies_ARRAY_AL01', 'arrays', 'error_bodies_ARRAY_AL01', 'script', NULL),
(432, 'error_titles_ARRAY_AL03', 'arrays', 'error_titles_ARRAY_AL03', 'script', NULL),
(433, 'error_bodies_ARRAY_AL03', 'arrays', 'error_bodies_ARRAY_AL03', 'script', NULL),
(434, 'error_titles_ARRAY_AL04', 'arrays', 'error_titles_ARRAY_AL04', 'script', NULL),
(435, 'error_bodies_ARRAY_AL04', 'arrays', 'error_bodies_ARRAY_AL04', 'script', NULL),
(436, 'error_titles_ARRAY_AL08', 'arrays', 'error_titles_ARRAY_AL08', 'script', NULL),
(437, 'error_bodies_ARRAY_AL08', 'arrays', 'error_bodies_ARRAY_AL08', 'script', NULL),
(438, 'infoUpdateLocationTitle', 'backend', 'Infobox / Update location title', 'script', NULL),
(439, 'infoUpdateLocationDesc', 'backend', 'Infobox / Update location description', 'script', NULL),
(440, 'lblAddFleet', 'backend', 'Label / Add fleet', 'script', NULL),
(441, 'lblFleet', 'backend', 'Label / Fleet', 'script', NULL),
(442, 'lblPassengers', 'backend', 'Label / Passengers', 'script', NULL),
(443, 'lblLuggage', 'backend', 'Label / Luggage', 'script', NULL),
(444, 'lblImage', 'backend', 'Label / Image', 'script', NULL),
(445, 'lblCount', 'backend', 'Label / Count', 'script', NULL),
(446, 'lblDescription', 'backend', 'Label / Description', 'script', NULL),
(447, 'infoFleetsTitle', 'backend', 'Infobox / Fleets title', 'script', NULL),
(448, 'infoFleetsDesc', 'backend', 'Infobox / Fleets description', 'script', NULL),
(449, 'infoAddFleetTitle', 'backend', 'Infobox / Add new fleet', 'script', NULL),
(450, 'infoAddFleetDesc', 'backend', 'Infobox / Add new fleet', 'script', NULL),
(451, 'lblUpdateFleet', 'backend', 'Label / Update fleet', 'script', NULL),
(452, 'infoUpdateFleetTitle', 'backend', 'Infobox / Update fleet', 'script', NULL),
(453, 'infoUpdateFleetDesc', 'backend', 'Infobox / Update fleet', 'script', NULL),
(454, 'lblDeleteImage', 'backend', 'Label / Delete image', 'script', NULL),
(455, 'lblDeleteConfirmation', 'backend', 'Label / Delete confirmation', 'script', NULL),
(456, 'buttons_ARRAY_yes', 'arrays', 'buttons_ARRAY_yes', 'script', NULL),
(457, 'buttons_ARRAY_no', 'arrays', 'buttons_ARRAY_no', 'script', NULL),
(458, 'error_titles_ARRAY_AF01', 'arrays', 'error_titles_ARRAY_AF01', 'script', NULL),
(459, 'error_bodies_ARRAY_AF01', 'arrays', 'error_bodies_ARRAY_AF01', 'script', NULL),
(460, 'error_titles_ARRAY_AF03', 'arrays', 'error_titles_ARRAY_AF03', 'script', NULL),
(461, 'error_bodies_ARRAY_AF03', 'arrays', 'error_bodies_ARRAY_AF03', 'script', NULL),
(462, 'error_titles_ARRAY_AF04', 'arrays', 'error_titles_ARRAY_AF04', 'script', NULL),
(463, 'error_bodies_ARRAY_AF04', 'arrays', 'error_bodies_ARRAY_AF04', 'script', NULL),
(464, 'error_titles_ARRAY_AF08', 'arrays', 'error_titles_ARRAY_AF08', 'script', NULL),
(465, 'error_bodies_ARRAY_AF08', 'arrays', 'error_bodies_ARRAY_AF08', 'script', NULL),
(517, 'menuGeneral', 'backend', 'Menu / General', 'script', NULL),
(518, 'menuReservation', 'backend', 'Menu / Reservation', 'script', NULL),
(519, 'menuReservationForm', 'backend', 'Menu / Checkout form', 'script', NULL),
(520, 'menuNotifications', 'backend', 'Menu / Notifications', 'script', NULL),
(521, 'menuTerms', 'backend', 'Menu / Terms', 'script', NULL),
(522, 'opt_o_deposit_payment', 'backend', 'Options / Deposit payment', 'script', NULL),
(523, 'opt_o_tax_payment', 'backend', 'Options / Tax payment', 'script', NULL),
(524, 'opt_o_booking_status', 'backend', 'Options / Booking status', 'script', NULL),
(525, 'opt_o_payment_status', 'backend', 'Options / Payment status', 'script', NULL),
(526, 'opt_o_thankyou_page', 'backend', 'Options / Thank you page', 'script', NULL),
(527, 'opt_o_payment_disable', 'backend', 'Options / Payment disable', 'script', NULL),
(528, 'opt_o_allow_paypal', 'backend', 'Options / Allow payment', 'script', NULL),
(529, 'opt_o_paypal_address', 'backend', 'Options / Paypal address', 'script', NULL),
(530, 'opt_o_allow_authorize', 'backend', 'Options / Allow payments with Authorize.net ', 'script', NULL),
(531, 'opt_o_authorize_transkey', 'backend', 'Options / Authorize.net transaction key ', 'script', NULL),
(532, 'opt_o_authorize_merchant_id', 'backend', 'Options / Authorize.net merchant ID  ', 'script', NULL),
(533, 'opt_o_authorize_timezone', 'backend', 'Options / Authorize.net time zone ', 'script', NULL),
(534, 'opt_o_authorize_md5_hash', 'backend', 'Options / Authorize.net MD5 hash ', 'script', NULL),
(535, 'opt_o_allow_cash', 'backend', 'Options / Allow payment with cash', 'script', NULL),
(536, 'opt_o_allow_creditcard', 'backend', 'Options / Allow credit card', 'script', NULL),
(537, 'opt_o_allow_bank', 'backend', 'Options / Allow bank account', 'script', NULL),
(538, 'opt_o_bank_account', 'backend', 'Options / Bank account', 'script', NULL),
(539, 'opt_o_bf_include_title', 'backend', 'Options / Title', 'script', NULL),
(540, 'opt_o_bf_include_fname', 'backend', 'Options / First name', 'script', NULL),
(541, 'opt_o_bf_include_lname', 'backend', 'Options / Last name', 'script', NULL),
(542, 'opt_o_bf_include_phone', 'backend', 'Options / Phone', 'script', NULL),
(543, 'opt_o_bf_include_email', 'backend', 'Options / Email', 'script', NULL),
(544, 'opt_o_bf_include_company', 'backend', 'Options / Company', 'script', NULL),
(545, 'opt_o_bf_include_address', 'backend', 'Options / Address', 'script', NULL),
(546, 'opt_o_bf_include_notes', 'backend', 'Options / Notes', 'script', NULL),
(547, 'opt_o_bf_include_city', 'backend', 'Options / City', 'script', NULL),
(548, 'opt_o_bf_include_state', 'backend', 'Options / State', 'script', NULL),
(549, 'opt_o_bf_include_zip', 'backend', 'Options / Zip', 'script', NULL),
(550, 'opt_o_bf_include_country', 'backend', 'Options / Country', 'script', NULL),
(551, 'opt_o_bf_include_captcha', 'backend', 'Options / Captcha', 'script', NULL),
(552, 'opt_o_email_confirmation', 'backend', 'Options / New reservation received email', 'script', NULL),
(553, 'opt_o_email_confirmation_subject', 'backend', 'Options / Reservation confirmation subject', 'script', NULL),
(554, 'opt_o_email_confirmation_message', 'backend', 'Options / Reservation confirmation message', 'script', NULL),
(555, 'opt_o_email_confirmation_text', 'backend', 'Options / New reservation received email', 'script', NULL),
(556, 'opt_o_email_confirmation_message_text', 'backend', 'Options / Reservation confirmation message', 'script', NULL),
(557, 'opt_o_email_payment', 'backend', 'Options / Send payment confirmation email', 'script', NULL),
(558, 'opt_o_email_payment_text', 'backend', 'Options / Send payment confirmation email', 'script', NULL),
(559, 'opt_o_email_payment_subject', 'backend', 'Options / Payment confirmation subject', 'script', NULL),
(560, 'opt_o_email_payment_message', 'backend', 'Options / Payment confirmation message', 'script', NULL),
(561, 'opt_o_email_payment_message_text', 'backend', 'Options / Payment confirmation message', 'script', NULL),
(562, 'opt_o_email_cancel', 'backend', 'Options / Send cancellation email', 'script', NULL),
(563, 'opt_o_email_cancel_text', 'backend', 'Options / Send cancellation email', 'script', NULL),
(564, 'opt_o_email_cancel_subject', 'backend', 'Options / Cancel confirmation subject', 'script', NULL),
(565, 'opt_o_email_cancel_message', 'backend', 'Options / Cancel confirmation message', 'script', NULL),
(566, 'opt_o_email_cancel_message_text', 'backend', 'Options / Cancel confirmation message', 'script', NULL),
(567, 'opt_o_admin_email_confirmation_text', 'backend', 'Options / Send confirmation email', 'script', NULL),
(568, 'opt_o_admin_email_payment_text', 'backend', 'Options / Send payment email', 'script', NULL),
(569, 'opt_o_admin_email_cancel_text', 'backend', 'Options / Send cancellation email', 'script', NULL),
(570, 'opt_o_sms_confirmation_message', 'backend', 'Options / Reservation reminder SMS', 'script', NULL),
(571, 'opt_o_sms_confirmation_message_text', 'backend', 'Options / Reservation reminder SMS', 'script', NULL),
(572, 'opt_o_admin_sms_confirmation_message', 'backend', 'Options / New Reservation SMS', 'script', NULL),
(573, 'opt_o_admin_sms_confirmation_message_text', 'backend', 'Options / New Reservation SMS', 'script', NULL),
(574, 'opt_o_admin_sms_payment_message', 'backend', 'Options / Payment confirmation SMS', 'script', NULL),
(575, 'opt_o_admin_sms_payment_message_text', 'backend', 'Options / Payment confirmation SMS', 'script', NULL),
(576, 'opt_o_terms', 'backend', 'Options / Terms and Conditions', 'script', NULL),
(577, 'infoTermsTitle', 'backend', 'Infobox / Terms and Conditions', 'script', NULL),
(578, 'infoTermsDesc', 'backend', 'Infobox / Terms and Conditions', 'script', NULL),
(579, 'infoConfirmationDesc', 'backend', 'Infobox / Notifications description', 'script', NULL),
(580, 'infoBookingFormTitle', 'backend', 'Infobox / Reservation form options', 'script', NULL),
(581, 'infoBookingFormDesc', 'backend', 'Infobox / Reservation form options', 'script', NULL),
(582, 'infoReservationTitle', 'backend', 'Infobox / Reservation options', 'script', NULL),
(583, 'infoReservationDesc', 'backend', 'Infobox / Reservation options', 'script', NULL),
(584, 'lblOptionClient', 'backend', 'Label / Client', 'script', NULL),
(585, 'lblOptionAdministrator', 'backend', 'Label / Administrator', 'script', NULL),
(586, 'lblLegendEmails', 'backend', 'Label / Emails', 'script', NULL),
(587, 'lblLegendSMS', 'backend', 'Label / SMS', 'script', NULL),
(588, 'infoConfirmation2Desc', 'backend', 'Infobox / Notifications description', 'script', NULL),
(590, 'error_titles_ARRAY_AO02', 'arrays', 'error_titles_ARRAY_AO02', 'script', NULL),
(591, 'error_bodies_ARRAY_AO02', 'arrays', 'error_bodies_ARRAY_AO02', 'script', NULL),
(592, 'error_titles_ARRAY_AO03', 'arrays', 'error_titles_ARRAY_AO03', 'script', NULL),
(593, 'error_bodies_ARRAY_AO03', 'arrays', 'error_bodies_ARRAY_AO03', 'script', NULL),
(594, 'error_titles_ARRAY_AO04', 'arrays', 'error_titles_ARRAY_AO04', 'script', NULL),
(595, 'error_bodies_ARRAY_AO04', 'arrays', 'error_bodies_ARRAY_AO04', 'script', NULL),
(596, 'error_titles_ARRAY_AO05', 'arrays', 'error_titles_ARRAY_AO05', 'script', NULL),
(597, 'error_bodies_ARRAY_AO05', 'arrays', 'error_bodies_ARRAY_AO05', 'script', NULL),
(688, 'lblClient', 'backend', 'Label / Client', 'script', NULL),
(690, 'booking_statuses_ARRAY_confirmed', 'arrays', 'booking_statuses_ARRAY_confirmed', 'script', NULL),
(691, 'booking_statuses_ARRAY_cancelled', 'arrays', 'booking_statuses_ARRAY_cancelled', 'script', NULL),
(692, 'booking_statuses_ARRAY_pending', 'arrays', 'booking_statuses_ARRAY_pending', 'script', NULL),
(693, 'infoReservationListTitle', 'backend', 'Infobox / Reservations list', 'script', NULL),
(694, 'infoReservationListDesc', 'backend', 'Infobox / Reservations list', 'script', NULL),
(695, 'lblAddReservation', 'backend', 'Label / Add reservation', 'script', NULL),
(696, 'lblEditDropoff', 'backend', 'Label / Edit drop-off', 'script', NULL),
(697, 'btnEdit', 'backend', 'Button / Edit', 'script', NULL),
(698, 'buttons_ARRAY_set', 'arrays', 'buttons_ARRAY_set', 'script', NULL),
(699, 'lblDropoffLocation', 'backend', 'Label / Drop-off location', 'script', NULL),
(700, 'lblDuration', 'backend', 'Label / Duration', 'script', NULL),
(701, 'lblPrice', 'backend', 'Label / Price', 'script', NULL),
(702, 'infoAddBookingTitle', 'backend', 'Infobox / Add new reservation', 'script', NULL),
(703, 'infoAddBookingDesc', 'backend', 'Infobox / Add new reservation', 'script', NULL),
(704, 'lblBookingDetails', 'backend', 'Label / Reservation details', 'script', NULL),
(705, 'lblClientDetails', 'backend', 'Label / Client details', 'script', NULL),
(706, 'lblDate', 'backend', 'Label / Date', 'script', NULL),
(707, 'lblSubTotal', 'backend', 'Label / Sub-total', 'script', NULL),
(708, 'lblTax', 'backend', 'Label / Tax', 'script', NULL),
(709, 'lblTotal', 'backend', 'Label / Total', 'script', NULL),
(710, 'lblDeposit', 'backend', 'Label / Deposit', 'script', NULL),
(711, 'lblPaymentMethod', 'backend', 'Label / Payment method', 'script', NULL),
(712, 'payment_methods_ARRAY_paypal', 'arrays', 'payment_methods_ARRAY_paypal', 'script', NULL),
(713, 'payment_methods_ARRAY_authorize', 'arrays', 'payment_methods_ARRAY_authorize', 'script', NULL),
(714, 'payment_methods_ARRAY_creditcard', 'arrays', 'payment_methods_ARRAY_creditcard', 'script', NULL),
(715, 'payment_methods_ARRAY_cash', 'arrays', 'payment_methods_ARRAY_cash', 'script', '2023-11-22 12:04:36'),
(716, 'payment_methods_ARRAY_bank', 'arrays', 'payment_methods_ARRAY_bank', 'script', NULL),
(717, 'lblCCType', 'backend', 'Label / CC Type', 'script', NULL),
(718, 'cc_types_ARRAY_AmericanExpress', 'arrays', 'cc_types_ARRAY_AmericanExpress', 'script', NULL),
(719, 'cc_types_ARRAY_Maestro', 'arrays', 'cc_types_ARRAY_Maestro', 'script', NULL),
(720, 'cc_types_ARRAY_MasterCard', 'arrays', 'cc_types_ARRAY_MasterCard', 'script', NULL),
(721, 'cc_types_ARRAY_Visa', 'arrays', 'cc_types_ARRAY_Visa', 'script', NULL),
(722, 'lblCCNum', 'backend', 'Label / CC number', 'script', NULL),
(723, 'lblCCExp', 'backend', 'Label / CC expiration date', 'script', NULL),
(724, 'lblCCCode', 'backend', 'Label / CC code', 'script', NULL),
(725, 'lblBookingTitle', 'backend', 'Label / Title', 'script', NULL),
(726, 'lblBookingFname', 'backend', 'Label / First name', 'script', NULL),
(727, 'lblBookingLname', 'backend', 'Label / Last name', 'script', NULL),
(728, 'lblBookingPhone', 'backend', 'Label / Phone', 'script', NULL),
(729, 'lblBookingEmail', 'backend', 'Label / Email', 'script', NULL),
(730, 'lblBookingNotes', 'backend', 'Label / Notes', 'script', NULL),
(731, 'lblBookingCompany', 'backend', 'Label / Company', 'script', NULL),
(732, 'lblBookingAddress', 'backend', 'Label / Address', 'script', NULL),
(733, 'lblBookingCity', 'backend', 'Label / City', 'script', NULL),
(734, 'lblBookingState', 'backend', 'Label / State', 'script', NULL),
(735, 'lblBookingZip', 'backend', 'Label / Zip', 'script', NULL),
(736, 'lblBookingCountry', 'backend', 'Label / Country', 'script', NULL),
(737, 'lblUpdateLocation', 'backend', 'Label / Update location', 'script', NULL),
(738, 'lblUpdateReservation', 'backend', 'Label / Update reservation', 'script', NULL),
(739, 'infoUpdateBookingTitle', 'backend', 'Infobox / Update booking', 'script', NULL),
(740, 'infoUpdateBookingDesc', 'backend', 'Infobox / Update booking', 'script', NULL),
(741, 'lblIpAddress', 'backend', 'Label / IP address', 'script', NULL),
(742, 'lblCreatedOn', 'backend', 'Label / Created on', 'script', NULL),
(743, 'lblUniqueID', 'backend', 'Label / Unique ID', 'script', NULL),
(744, 'error_titles_ARRAY_ABB01', 'arrays', 'error_titles_ARRAY_ABB01', 'script', NULL),
(745, 'error_bodies_ARRAY_ABB01', 'arrays', 'error_bodies_ARRAY_ABB01', 'script', NULL),
(746, 'error_titles_ARRAY_ABB03', 'arrays', 'error_titles_ARRAY_ABB03', 'script', NULL),
(747, 'error_bodies_ARRAY_ABB03', 'arrays', 'error_bodies_ARRAY_ABB03', 'script', NULL),
(748, 'error_titles_ARRAY_ABB04', 'arrays', 'error_titles_ARRAY_ABB04', 'script', NULL),
(749, 'error_bodies_ARRAY_ABB04', 'arrays', 'error_bodies_ARRAY_ABB04', 'script', NULL),
(750, 'error_titles_ARRAY_ABB08', 'arrays', 'error_titles_ARRAY_ABB08', 'script', NULL),
(751, 'error_bodies_ARRAY_ABB08', 'arrays', 'error_bodies_ARRAY_ABB08', 'script', NULL),
(752, 'lblMinutes', 'backend', 'Label / Minutes', 'script', NULL),
(753, 'opt_o_mileage', 'backend', 'Options / Mileage', 'script', NULL),
(754, 'lblResendConfirmation', 'backend', 'Label / Re-send confirmation', 'script', NULL),
(755, 'infoResendEmailTitle', 'backend', 'Infobox / Re-send confirmation', 'script', NULL),
(756, 'infoResendEmailDesc', 'backend', 'Infobox / Re-send confirmation', 'script', NULL),
(757, 'lblReminderTo', 'backend', 'Label / To', 'script', NULL),
(758, 'lblReminderSubject', 'backend', 'Label / Subject', 'script', NULL),
(759, 'lblReminderMessage', 'backend', 'Label / Message', 'script', NULL),
(761, 'error_titles_ARRAY_AB09', 'arrays', 'error_titles_ARRAY_AB09', 'script', NULL),
(762, 'error_bodies_ARRAY_AB09', 'arrays', 'error_bodies_ARRAY_AB09', 'script', NULL),
(763, 'error_titles_ARRAY_AB10', 'arrays', 'error_titles_ARRAY_AB10', 'script', NULL),
(764, 'error_bodies_ARRAY_AB10', 'arrays', 'error_bodies_ARRAY_AB10', 'script', NULL),
(765, 'lblMaximum', 'backend', 'Label / maximum', 'script', NULL),
(766, 'lblDateTime', 'backend', 'Label / Pickup date & time', 'script', NULL),
(767, 'lblPickupDropoff', 'backend', 'Label / Pickup / Dropoff', 'script', NULL),
(768, 'lblPickupDate', 'backend', 'Label / Pickup date', 'script', NULL),
(769, 'lblPhone', 'backend', 'Label / Phone', 'script', NULL),
(770, 'lblManageFleet', 'backend', 'Label / Manage fleet', 'script', NULL),
(771, 'lblHere', 'backend', 'Label / here', 'script', NULL),
(772, 'menuPreview', 'backend', 'Menu / Preview', 'script', NULL),
(773, 'front_plan_your_ride', 'frontend', 'Label / Plan your ride', 'script', NULL),
(774, 'front_from', 'frontend', 'Label / From', 'script', '2023-11-21 15:21:37'),
(775, 'front_to', 'frontend', 'Label / To', 'script', '2023-11-21 15:21:48'),
(776, 'front_choose', 'frontend', 'Label / Choose', 'script', NULL),
(777, 'front_on', 'frontend', 'Label / On', 'script', NULL),
(778, 'front_return_on', 'frontend', 'Label / Return on', 'script', NULL),
(779, 'front_passengers', 'frontend', 'Label / Passengers', 'script', '2023-11-22 11:12:10'),
(780, 'front_pieces_of_luggage', 'frontend', 'Label / Pieces of luggage', 'script', NULL),
(781, 'front_search', 'frontend', 'Label / Search', 'script', NULL),
(782, 'front_no_fleet_found', 'frontend', 'Label / No fleet found', 'script', NULL),
(783, 'front_choose_provider', 'frontend', 'Label / Choose provider & service', 'script', NULL),
(784, 'front_with', 'frontend', 'Label / With', 'script', NULL),
(785, 'front_passenger', 'frontend', 'Label / Passenger', 'script', NULL),
(786, 'front_piece_of_luggage', 'frontend', 'Label / Piece of luggage', 'script', NULL),
(787, 'front_all_inclusive', 'frontend', 'Label / All inclusive for only', 'script', NULL),
(788, 'front_checkout', 'frontend', 'Label / Checkout', 'script', NULL),
(789, 'front_ride', 'frontend', 'Label / Ride', 'script', NULL),
(790, 'front_subtotal', 'frontend', 'Label / Subtotal', 'script', NULL),
(791, 'front_tax', 'frontend', 'Label / Tax', 'script', NULL),
(792, 'front_total', 'frontend', 'Label / Total', 'script', '2023-11-22 12:53:22'),
(793, 'front_deposit_required', 'frontend', 'Label / Deposit required', 'script', NULL),
(794, 'front_title', 'frontend', 'Label / Title', 'script', NULL),
(795, 'front_fname', 'frontend', 'Label / First name', 'script', '2023-11-22 11:37:00'),
(796, 'front_lname', 'frontend', 'Label / Last name', 'script', '2023-11-22 11:37:57'),
(797, 'front_phone', 'frontend', 'Label / Phone', 'script', NULL),
(798, 'front_email', 'frontend', 'Label / Email', 'script', '2023-11-22 11:53:17'),
(799, 'front_notes', 'frontend', 'Label / Notes', 'script', '2023-11-22 10:58:42'),
(800, 'front_address', 'frontend', 'Label / Address', 'script', '2023-11-22 11:22:32'),
(801, 'front_city', 'frontend', 'Label / City', 'script', NULL),
(802, 'front_state', 'frontend', 'Label / State', 'script', NULL),
(803, 'front_zip', 'frontend', 'Label / Zip', 'script', NULL),
(804, 'front_country', 'frontend', 'Label / Country', 'script', '2023-11-22 11:53:45'),
(806, 'front_payment_medthod', 'frontend', 'Label / Payment method', 'script', '2023-11-22 12:52:59'),
(807, 'front_cc_type', 'frontend', 'Label / CC Type', 'script', NULL),
(808, 'front_cc_num', 'frontend', 'Label / CC Number', 'script', NULL),
(809, 'front_cc_exp', 'frontend', 'Label / CC expiration date', 'script', NULL),
(810, 'front_cc_code', 'frontend', 'Label / CC code', 'script', NULL),
(811, 'front_captcha', 'frontend', 'Label / Captcha', 'script', NULL),
(812, 'front_agree', 'frontend', 'Label / Agreement', 'script', '2023-11-22 12:25:40'),
(813, 'front_terms_conditions', 'frontend', 'Label / Terms and conditions', 'script', NULL),
(814, 'front_back', 'frontend', 'Label / Back', 'script', NULL),
(815, 'front_confirm', 'frontend', 'Label / Confirm', 'script', NULL),
(816, 'front_required_field', 'frontend', 'Label / This field is required.', 'script', '2023-11-22 13:34:09'),
(817, 'front_invalid_email', 'frontend', 'Label / Invalid email', 'script', NULL),
(818, 'front_incorrect_captcha', 'frontend', 'Label / Captcha is not correct.', 'script', NULL),
(819, 'front_company', 'frontend', 'Label / Company', 'script', NULL),
(820, 'front_preview', 'frontend', 'Label / Preview', 'script', NULL),
(821, 'front_messages_ARRAY_0', 'arrays', 'front_messages_ARRAY_0', 'script', '2023-11-22 13:49:08'),
(822, 'front_messages_ARRAY_1', 'arrays', 'front_messages_ARRAY_1', 'script', NULL),
(823, 'front_messages_ARRAY_2', 'arrays', 'front_messages_ARRAY_2', 'script', NULL),
(824, 'front_messages_ARRAY_3', 'arrays', 'front_messages_ARRAY_3', 'script', NULL),
(825, 'front_messages_ARRAY_4', 'arrays', 'front_messages_ARRAY_4', 'script', NULL),
(826, 'front_messages_ARRAY_5', 'arrays', 'front_messages_ARRAY_5', 'script', NULL),
(827, 'front_transfer_reservation', 'frontend', 'Label / Transfer Reservation', 'script', NULL),
(828, 'cancel_err_ARRAY_200', 'arrays', 'cancel_err_ARRAY_200', 'script', NULL),
(829, 'cancel_err_ARRAY_1', 'arrays', 'cancel_err_ARRAY_1', 'script', NULL),
(830, 'cancel_err_ARRAY_2', 'arrays', 'cancel_err_ARRAY_2', 'script', NULL),
(831, 'cancel_err_ARRAY_3', 'arrays', 'cancel_err_ARRAY_3', 'script', NULL),
(832, 'cancel_err_ARRAY_4', 'arrays', 'cancel_err_ARRAY_4', 'script', NULL),
(833, 'front_booking_details', 'frontend', 'Label / Booking Details', 'script', NULL),
(834, 'front_booking_id', 'frontend', 'Label / Booking ID', 'script', NULL),
(835, 'front_booking_created', 'frontend', 'Label / Booking created', 'script', NULL),
(836, 'front_txn_id', 'frontend', 'Label / Paypal Transaction ID', 'script', NULL),
(837, 'front_processed_on', 'frontend', 'Label / Processed on', 'script', NULL),
(838, 'front_search_again', 'frontend', 'Label / Search again', 'script', NULL),
(839, 'front_change', 'frontend', 'Label / Change', 'script', NULL),
(840, 'front_personal_details', 'frontend', 'Label / Personal Details', 'script', NULL),
(841, 'front_single_ride', 'frontend', 'Label / Single ride', 'script', NULL),
(842, 'front_km', 'frontend', 'Label / km', 'script', NULL),
(843, 'front_minutes', 'frontend', 'Label / minutes', 'script', NULL),
(844, 'lblReturnOn', 'backend', 'Label / Return on', 'script', NULL),
(845, 'lblThumb', 'backend', 'Label / Thumb', 'script', NULL),
(846, 'lblCopyLocation', 'backend', 'Label / copy location', 'script', NULL),
(847, 'lblCopyDropoff', 'backend', 'Label / Copy Drop-off Locations', 'script', NULL),
(848, 'buttons_ARRAY_copy', 'arrays', 'buttons_ARRAY_copy', 'script', NULL),
(849, 'buttons_ARRAY_cancel', 'arrays', 'buttons_ARRAY_cancel', 'script', NULL),
(940, 'lblReturnDateTime', 'backend', 'Label / Return date & time', 'script', NULL),
(941, 'lblSendSMSNotification', 'backend', 'Label / Send SMS notification', 'script', NULL),
(942, 'infoSendSmsTitle', 'backend', 'Label / Send SMS notification', 'script', NULL),
(943, 'infoSendSmsDesc', 'backend', 'Label / Send SMS notification', 'script', NULL),
(944, 'lblSmsMessage', 'backend', 'Label / SMS message', 'script', NULL),
(945, 'error_titles_ARRAY_AB11', 'arrays', 'error_titles_ARRAY_AB11', 'script', NULL),
(946, 'error_bodies_ARRAY_AB11', 'arrays', 'error_bodies_ARRAY_AB11', 'script', NULL),
(947, 'error_titles_ARRAY_AB12', 'arrays', 'error_titles_ARRAY_AB12', 'script', NULL),
(948, 'error_bodies_ARRAY_AB12', 'arrays', 'error_bodies_ARRAY_AB12', 'script', NULL),
(949, 'lblNewReservationsToday', 'backend', 'Label / new reservations today', 'script', NULL),
(950, 'lblNewReservationToday', 'backend', 'Label / new reservation today', 'script', NULL),
(951, 'lblTransfersToday', 'backend', 'Label / Transfers Today', 'script', NULL),
(952, 'lblTransferToday', 'backend', 'Label / Transfer Today', 'script', NULL),
(953, 'lblLatestReservations', 'backend', 'Label / Latest Reservations', 'script', NULL),
(954, 'lblReservationsToday', 'backend', 'Label / Reservations Today', 'script', NULL),
(955, 'lblID', 'backend', 'Label / ID', 'script', NULL),
(956, 'lblCustomer', 'backend', 'Label / Customer', 'script', NULL),
(957, 'lblPickup', 'backend', 'Label / Pickup', 'script', NULL),
(958, 'lblVehicle', 'backend', 'Label / Vehicle', 'script', NULL),
(959, 'lblReservationsNotFound', 'backend', 'Label / Reservations not found', 'script', NULL),
(960, 'lblDashViewAll', 'backend', 'Label / view all', 'script', NULL),
(961, 'lblReturn', 'backend', 'Label / Return', 'script', NULL),
(962, 'lblFrom', 'backend', 'Label / From', 'script', NULL),
(963, 'lblTo', 'backend', 'Label / To', 'script', NULL),
(964, 'lblPrint', 'backend', 'Label / Print', 'script', NULL),
(965, 'opt_o_bf_include_airline_company', 'backend', 'Options / Airline company', 'script', NULL),
(966, 'opt_o_bf_include_flight_number', 'backend', 'Options / Flight number', 'script', NULL),
(967, 'opt_o_bf_include_flight_time', 'backend', 'Options / Flight time', 'script', NULL),
(968, 'opt_o_bf_include_destination_address', 'backend', 'Options / Complete destination address', 'script', NULL),
(969, 'opt_o_bf_include_cruise_ship', 'backend', 'Options / Cruise ship', 'script', NULL),
(970, 'front_airline_company', 'frontend', 'Label / Arrival airline company', 'script', '2023-11-21 15:54:43'),
(971, 'front_flight_number', 'frontend', 'Label / Arrival flight number', 'script', '2023-11-21 15:53:32'),
(972, 'front_flight_time', 'frontend', 'Label / Flight arrival time', 'script', '2023-11-21 15:53:14'),
(973, 'front_destination_address', 'frontend', 'Label / Complete destination address', 'script', '2023-11-21 15:59:50'),
(974, 'front_cruise_ship', 'frontend', 'Label / Cruise ship', 'script', NULL),
(975, 'lblBookingAirlineCompany', 'backend', 'Label / Airline company', 'script', NULL),
(976, 'lblBookingFlightNumber', 'backend', 'Label / Flight number', 'script', NULL),
(977, 'lblBookingFlightTime', 'backend', 'Label / Flight Time', 'script', NULL),
(978, 'lblBookingDestAddress', 'backend', 'Label / Complete destination address', 'script', NULL),
(979, 'lblBookingCruiseShip', 'backend', 'Label / Cruise ship', 'script', NULL),
(980, 'lblTransferDate', 'backend', 'Label / Transfer date', 'script', NULL),
(981, 'lblTransferDestinations', 'backend', 'Label / Transfer Destinations', 'script', NULL),
(982, 'lblTransferDateTime', 'backend', 'Label / Transfer Date & Time', 'script', NULL),
(983, 'lblFromTo', 'backend', 'Label / From / To', 'script', NULL),
(984, 'lblPayment', 'backend', 'Label / Payment', 'script', NULL),
(985, 'lblAdditionalInfo', 'backend', 'Label / Additional info', 'script', NULL),
(986, 'lblBookingID', 'backend', 'Label / Booking ID', 'script', NULL),
(987, 'lblDateAndTime', 'backend', 'Label / Date & Time', 'script', NULL),
(988, 'lblPassenger', 'backend', 'Label / Passenger', 'script', NULL),
(989, 'lblToCollect', 'backend', 'Label / To collect', 'script', NULL),
(990, 'menuReports', 'backend', 'Menu / Reports', 'script', NULL),
(991, 'lblGeneralReport', 'backend', 'Label / General Report', 'script', NULL),
(992, 'lblPickupLocationReport', 'backend', 'Label / Pickup Location Report', 'script', NULL),
(993, 'lblVehicleReport', 'backend', 'Label / Vehicle Report', 'script', NULL),
(994, 'lblDateFrom', 'backend', 'Label / Date from', 'script', NULL),
(995, 'lblDateTo', 'backend', 'Label / Date to', 'script', NULL),
(996, 'btnGenerate', 'backend', 'Button / Generate', 'script', NULL),
(997, 'infoGeneralTitle', 'backend', 'Infobox / General Report', 'script', NULL),
(998, 'infoGeneralDesc', 'backend', 'Infobox / General Report', 'script', NULL),
(999, 'infoPickupLocationTitle', 'backend', 'Infobox / Pickup Location Report', 'script', NULL),
(1000, 'infoPickupLocationDesc', 'backend', 'Infobox / Pickup Location Report', 'script', NULL),
(1001, 'infoVehicleTitle', 'backend', 'Infobox / Vehicle Report', 'script', NULL),
(1002, 'infoVehicleDesc', 'backend', 'Infobox / Vehicle Report', 'script', NULL),
(1003, 'lblReservations', 'backend', 'Label / Reservations', 'script', NULL),
(1004, 'lblPassengersServed', 'backend', 'Label / Passengers Served', 'script', NULL),
(1005, 'lblLuggageCaried', 'backend', 'Label / Luggage Carried', 'script', NULL),
(1006, 'lblTotalAmount', 'backend', 'Label / Total Amount', 'script', NULL),
(1007, 'lblTotalReservations', 'backend', 'Label / Total Reservations', 'script', NULL),
(1008, 'lblConfirmedReservations', 'backend', 'Label / Confirmed Reservations', 'script', NULL),
(1009, 'lblCancelledReservations', 'backend', 'Label / Cancelled Reservations', 'script', NULL),
(1010, 'lblOneWayRoundTrip', 'backend', 'Label / One-way vs Round-trip Reservations', 'script', NULL),
(1011, 'lblOneWayReservations', 'backend', 'Label / One-way Reservations', 'script', NULL),
(1012, 'lblRoundTripReservations', 'backend', 'Label / Round-trip Reservations', 'script', NULL),
(1013, 'lblPassengersPer', 'backend', 'Label / Passengers per reservation', 'script', NULL),
(1014, 'lblDestinationTrips', 'backend', 'Label / Destinations Trips', 'script', NULL),
(1015, 'lblVehicleUsed', 'backend', 'Label / Vehicle Used', 'script', NULL),
(1016, 'lblInstallJs1_title', 'backend', 'Label / Installation', 'script', NULL),
(1017, 'lblInstallJs1_body', 'backend', 'Label / Installation', 'script', NULL),
(1018, 'lblInstallConfig', 'backend', 'Label / Installation configuration', 'script', NULL),
(1019, 'lblInstallConfigLocale', 'backend', 'Label / Select language', 'script', NULL),
(1020, 'btnPreview', 'backend', 'Button / Preview', 'script', NULL),
(1021, 'lblInstallConfigHide', 'backend', 'Button / Hide language selector ', 'script', NULL),
(1022, 'lblPositiveNumber', 'backend', 'Label / Enter a positive number.', 'script', NULL),
(1023, 'lblMaxNumber', 'backend', 'Label / Maximum number', 'script', NULL),
(1024, 'lblDuplicatedUniqueID', 'backend', 'Label / Duplicated Unique ID', 'script', NULL),
(1025, 'front_invalid_date', 'frontend', 'Label / Invalid date time', 'script', NULL),
(1026, 'front_exp_month', 'frontend', 'Label / Expiration month is required.', 'script', NULL),
(1027, 'front_exp_year', 'frontend', 'Label / Expiration year is required.', 'script', NULL),
(1028, 'lblGeneralReservationsReport', 'backend', 'Label / General Reservations Report', 'script', NULL),
(1029, 'lblReportPickupLocation', 'backend', 'Label / Report by Pickup Location', 'script', NULL),
(1030, 'lblReportVehicle', 'backend', 'Label / Vehicle Report', 'script', NULL),
(1031, 'lblReservationPrintList', 'backend', 'Label / Reservations Print List', 'script', NULL),
(1032, 'lblReservationPrint', 'backend', 'Label / Print Reservation', 'script', NULL),
(1033, 'lblVia', 'backend', 'Label / via', 'script', NULL),
(1034, 'opt_o_vehicle_per_page', 'backend', 'Options / Vehicles per page', 'script', NULL),
(1035, 'error_titles_ARRAY_AF05', 'arrays', 'error_titles_ARRAY_AF05', 'script', NULL),
(1036, 'error_bodies_ARRAY_AF05', 'arrays', 'error_bodies_ARRAY_AF05', 'script', NULL),
(1037, 'error_titles_ARRAY_AF06', 'arrays', 'error_titles_ARRAY_AF06', 'script', NULL),
(1038, 'error_bodies_ARRAY_AF06', 'arrays', 'error_bodies_ARRAY_AF06', 'script', NULL),
(1039, 'error_titles_ARRAY_AF09', 'arrays', 'error_titles_ARRAY_AF09', 'script', NULL),
(1040, 'error_bodies_ARRAY_AF09', 'arrays', 'error_bodies_ARRAY_AF09', 'script', NULL),
(1041, 'error_titles_ARRAY_AF10', 'arrays', 'error_titles_ARRAY_AF10', 'script', NULL),
(1042, 'error_bodies_ARRAY_AF10', 'arrays', 'error_bodies_ARRAY_AF10', 'script', NULL),
(1043, 'error_titles_ARRAY_AF11', 'arrays', 'error_titles_ARRAY_AF11', 'script', NULL),
(1044, 'error_bodies_ARRAY_AF11', 'arrays', 'error_bodies_ARRAY_AF11', 'script', NULL),
(1045, 'lblDetails', 'backend', 'Label / Details', 'script', NULL);
INSERT INTO `transfer_reservation_fields` (`id`, `key`, `type`, `label`, `source`, `modified`) VALUES
(1046, 'lblPrices', 'backend', 'Label / Prices', 'script', NULL),
(1047, 'infoUpdatePriceTitle', 'backend', 'Label / Prices', 'script', NULL),
(1048, 'infoUpdatePriceDesc', 'backend', 'Label / Prices', 'script', NULL),
(1049, 'error_titles_ARRAY_AL09', 'arrays', 'error_titles_ARRAY_AL09', 'script', NULL),
(1050, 'error_bodies_ARRAY_AL09', 'arrays', 'error_bodies_ARRAY_AL09', 'script', NULL),
(1051, 'front_departure_flight_number', 'frontend', 'Label / Departure flight number', 'script', NULL),
(1052, 'front_flight_departure_time', 'frontend', 'Label / Flight departure time', 'script', '2023-11-22 11:31:23'),
(1053, 'front_departure_airline_company', 'frontend', 'Label / Departure airline company', 'script', NULL),
(1054, 'lblRoundTrip', 'backend', 'Label / roundtrip', 'script', NULL),
(1055, 'lblSingle', 'backend', 'Label / single', 'script', NULL),
(1056, 'lblTransfer', 'frontend', 'Label / Transfer', 'script', NULL),
(1057, 'lblReturnTrip', 'backend', 'Label / Return trip', 'script', NULL),
(1058, 'lblPrintReservation', 'backend', 'Label / Print Reservation', 'script', NULL),
(1059, 'lblDepartureAirlineCompany', 'backend', 'Label / Departure airline company', 'script', NULL),
(1060, 'lblArrivalFlightNumber', 'backend', 'Label / Arrival flight number', 'script', NULL),
(1061, 'lblFlightArrivalTime', 'backend', 'Label / Flight arrival time', 'script', NULL),
(1062, 'lblDepartureFlightNumber', 'backend', 'Label / Departure flight number', 'script', NULL),
(1063, 'lblFlightDepartureTime', 'backend', 'Label / Flight departure time', 'script', '2023-11-22 11:31:23'),
(1064, 'lblDeleteDropoff', 'backend', 'Label / Delete drop-off location', 'script', NULL),
(1065, 'lblDeleteDropoffConfirm', 'backend', 'Label / Delete confirmation', 'script', NULL),
(1066, 'lblTodayTransfers', 'backend', 'Label / Today Transfers', 'script', NULL),
(1067, 'lblFlightTime', 'backend', 'Label / Flight time', 'script', NULL),
(1068, 'lblSetPrices', 'backend', 'Label / Set prices', 'script', NULL),
(1069, 'lblToDropoffLocation', 'backend', 'Label / To drop-off location', 'script', NULL),
(1070, 'lblFromPickupLocation', 'backend', 'Label / From pick-up location', 'script', NULL),
(1071, 'error_titles_ARRAY_AR01', 'arrays', 'error_titles_ARRAY_AR01', 'script', NULL),
(1072, 'error_bodies_ARRAY_AR01', 'arrays', 'error_bodies_ARRAY_AR01', 'script', NULL),
(1073, 'plugin_locale_languages', 'backend', 'Locale plugin / Languages', 'plugin', NULL),
(1074, 'plugin_locale_titles', 'backend', 'Locale plugin / Title', 'plugin', NULL),
(1075, 'plugin_locale_index_title', 'backend', 'Locale plugin / Languages info title', 'plugin', NULL),
(1076, 'plugin_locale_index_body', 'backend', 'Locale plugin / Languages info body', 'plugin', NULL),
(1077, 'plugin_locale_titles_title', 'backend', 'Locale plugin / Titles info title', 'plugin', NULL),
(1078, 'plugin_locale_titles_body', 'backend', 'Locale plugin / Titles info body', 'plugin', NULL),
(1079, 'plugin_locale_lbl_title', 'backend', 'Locale plugin / Title', 'plugin', NULL),
(1080, 'plugin_locale_lbl_flag', 'backend', 'Locale plugin / Flag', 'plugin', NULL),
(1081, 'plugin_locale_lbl_is_default', 'backend', 'Locale plugin / Is default', 'plugin', NULL),
(1082, 'plugin_locale_lbl_order', 'backend', 'Locale plugin / Order', 'plugin', NULL),
(1083, 'plugin_locale_add_lang', 'backend', 'Locale plugin / Add Language', 'plugin', NULL),
(1084, 'plugin_locale_lbl_field', 'backend', 'Locale plugin / Field', 'plugin', NULL),
(1085, 'plugin_locale_lbl_value', 'backend', 'Locale plugin / Value', 'plugin', NULL),
(1086, 'plugin_locale_type_backend', 'backend', 'Locale plugin / Back-end title', 'plugin', NULL),
(1087, 'plugin_locale_type_frontend', 'backend', 'Locale plugin / Front-end title', 'plugin', NULL),
(1088, 'plugin_locale_type_arrays', 'backend', 'Locale plugin / Special title', 'plugin', NULL),
(1089, 'error_titles_ARRAY_PAL01', 'arrays', 'Locale plugin / Status title', 'plugin', NULL),
(1090, 'error_bodies_ARRAY_PAL01', 'arrays', 'Locale plugin / Status body', 'plugin', NULL),
(1091, 'plugin_locale_lbl_rows', 'backend', 'Locale plugin / Per page', 'plugin', NULL),
(1092, 'error_titles_ARRAY_PAL02', 'arrays', 'Locale plugin / Status title', 'plugin', NULL),
(1093, 'error_bodies_ARRAY_PAL02', 'arrays', 'Locale plugin / Status body', 'plugin', NULL),
(1094, 'error_titles_ARRAY_PAL03', 'arrays', 'Locale plugin / Status title', 'plugin', NULL),
(1095, 'error_bodies_ARRAY_PAL03', 'arrays', 'Locale plugin / Status body', 'plugin', NULL),
(1096, 'error_titles_ARRAY_PAL04', 'arrays', 'Locale plugin / Status title', 'plugin', NULL),
(1097, 'error_bodies_ARRAY_PAL04', 'arrays', 'Locale plugin / Status body', 'plugin', NULL),
(1098, 'error_titles_ARRAY_PAL05', 'arrays', 'Locale plugin / Status title', 'plugin', NULL),
(1099, 'error_bodies_ARRAY_PAL05', 'arrays', 'Locale plugin / Status body', 'plugin', NULL),
(1100, 'plugin_locale_import_export', 'backend', 'Locale plugin / Import Export menu', 'plugin', NULL),
(1101, 'plugin_locale_import', 'backend', 'Locale plugin / Import', 'plugin', NULL),
(1102, 'plugin_locale_export', 'backend', 'Locale plugin / Export', 'plugin', NULL),
(1103, 'plugin_locale_browse', 'backend', 'Locale plugin / Browse your computer', 'plugin', NULL),
(1104, 'plugin_locale_ie_title', 'backend', 'Locale plugin / Import Export (title)', 'plugin', NULL),
(1105, 'plugin_locale_ie_body', 'backend', 'Locale plugin / Import Export (body)', 'plugin', NULL),
(1106, 'plugin_locale_lbl_id', 'backend', 'Label / ID:', 'plugin', NULL),
(1107, 'plugin_locale_lbl_show_id', 'backend', 'Label / Show ID in all titles to easily locate them', 'plugin', NULL),
(1108, 'plugin_locale_separator', 'backend', 'Locale plugin / Delimiter', 'plugin', '2014-07-16 14:02:18'),
(1109, 'plugin_locale_separators_ARRAY_comma', 'arrays', 'Locale plugin / Delimiter: comma', 'plugin', '2014-07-16 14:02:36'),
(1110, 'plugin_locale_separators_ARRAY_semicolon', 'arrays', 'Locale plugin / Delimiter: semicolon', 'plugin', '2014-07-16 14:02:52'),
(1111, 'plugin_locale_separators_ARRAY_tab', 'arrays', 'Locale plugin / Delimiter: tab', 'plugin', '2014-07-16 14:03:09'),
(1112, 'error_bodies_ARRAY_PAL20', 'arrays', 'error_bodies_ARRAY_PAL20', 'plugin', '2014-07-21 07:54:40'),
(1113, 'error_titles_ARRAY_PAL20', 'arrays', 'error_titles_ARRAY_PAL20', 'plugin', '2014-07-21 07:55:25'),
(1114, 'error_titles_ARRAY_PAL11', 'arrays', 'error_titles_ARRAY_PAL11', 'plugin', '2014-07-21 07:58:06'),
(1115, 'error_bodies_ARRAY_PAL11', 'arrays', 'error_bodies_ARRAY_PAL11', 'plugin', '2014-07-21 07:58:37'),
(1116, 'error_titles_ARRAY_PAL12', 'arrays', 'error_titles_ARRAY_PAL12', 'plugin', '2014-07-21 07:59:00'),
(1117, 'error_bodies_ARRAY_PAL12', 'arrays', 'error_bodies_ARRAY_PAL12', 'plugin', '2014-07-21 07:59:46'),
(1118, 'error_titles_ARRAY_PAL13', 'arrays', 'error_titles_ARRAY_PAL13', 'plugin', '2014-07-21 08:00:05'),
(1119, 'error_bodies_ARRAY_PAL13', 'arrays', 'error_bodies_ARRAY_PAL13', 'plugin', '2014-07-21 08:01:02'),
(1120, 'error_titles_ARRAY_PAL14', 'arrays', 'error_titles_ARRAY_PAL14', 'plugin', '2014-07-21 08:01:15'),
(1121, 'error_bodies_ARRAY_PAL14', 'arrays', 'error_bodies_ARRAY_PAL14', 'plugin', '2014-07-21 08:01:37'),
(1122, 'error_titles_ARRAY_PAL15', 'arrays', 'error_titles_ARRAY_PAL15', 'plugin', '2014-07-21 08:01:51'),
(1123, 'error_bodies_ARRAY_PAL15', 'arrays', 'error_bodies_ARRAY_PAL15', 'plugin', '2014-07-21 08:04:05'),
(1124, 'error_titles_ARRAY_PAL16', 'arrays', 'error_titles_ARRAY_PAL16', 'plugin', '2014-07-21 08:04:13'),
(1125, 'error_bodies_ARRAY_PAL16', 'arrays', 'error_bodies_ARRAY_PAL16', 'plugin', '2014-07-21 08:05:29'),
(1126, 'error_titles_ARRAY_PAL17', 'arrays', 'error_titles_ARRAY_PAL17', 'plugin', '2014-07-21 08:06:10'),
(1127, 'error_bodies_ARRAY_PAL17', 'arrays', 'error_bodies_ARRAY_PAL17', 'plugin', '2014-07-21 08:06:27'),
(1128, 'error_titles_ARRAY_PAL18', 'arrays', 'error_titles_ARRAY_PAL18', 'plugin', '2014-07-21 08:26:34'),
(1129, 'error_bodies_ARRAY_PAL18', 'arrays', 'error_bodies_ARRAY_PAL18', 'plugin', '2014-07-21 08:27:01'),
(1130, 'error_titles_ARRAY_PAL19', 'arrays', 'error_titles_ARRAY_PAL19', 'plugin', '2014-07-21 08:27:15'),
(1131, 'error_bodies_ARRAY_PAL19', 'arrays', 'error_bodies_ARRAY_PAL19', 'plugin', '2014-07-21 08:27:27'),
(1132, 'plugin_locale_showid_dialog_title', 'backend', 'Label / Show IDs', 'plugin', NULL),
(1133, 'plugin_locale_showid_dialog_desc', 'backend', 'Label / Show IDs', 'plugin', NULL),
(1134, 'plugin_locale_button_confirm', 'backend', 'Button / Confirm', 'plugin', NULL),
(1135, 'plugin_locale_button_cancel', 'backend', 'Button / Cancel', 'plugin', NULL),
(1136, 'plugin_locale_default', 'backend', 'Label / default', 'plugin', NULL),
(1137, 'plugin_locale_lbl_dir', 'backend', 'Locale plugin / Text direction', 'plugin', '2016-02-05 10:14:28'),
(1138, 'plugin_locale_lbl_fend', 'backend', 'Locale plugin / Front-end title', 'plugin', '2016-02-05 10:17:06'),
(1139, 'plugin_locale_dir_ARRAY_ltr', 'arrays', 'Locale plugin / Left to Right', 'plugin', '2016-02-05 10:54:19'),
(1140, 'plugin_locale_dir_ARRAY_rtl', 'arrays', 'Locale plugin / Right to Left', 'plugin', '2016-02-05 10:54:34'),
(1141, 'plugin_locale_flag_reset_title', 'backend', 'Locale plugin / Reset flag', 'plugin', '2016-02-05 14:24:57'),
(1142, 'plugin_locale_flag_reset_content', 'backend', 'Locale plugin / Reset flag: confirmation', 'plugin', '2016-02-05 14:25:26'),
(1143, 'plugin_locale_btn_reset', 'backend', 'Locale plugin / Button: Reset', 'plugin', '2016-02-05 14:27:33'),
(1144, 'plugin_locale_tooltip_upload', 'backend', 'Locale plugin / Upload tooltip', 'plugin', '2016-02-05 14:32:44'),
(1145, 'plugin_locale_tooltip_reset', 'backend', 'Locale plugin / Reset tooltip', 'plugin', '2016-02-05 14:32:59'),
(1146, 'plugin_locale_lbl_language', 'backend', 'Locale plugin / Language', 'plugin', '2016-02-05 14:55:07'),
(1147, 'plugin_locale_btn_close', 'backend', 'Locale plugin / Button: Close', 'plugin', '2016-03-07 13:10:40'),
(1148, 'plugin_locale_flag_info_title', 'backend', 'Locale plugin / Info message', 'plugin', '2016-03-07 13:13:33'),
(1149, 'plugin_locale_error_line', 'backend', 'Label / Error found at line', 'plugin', NULL),
(1150, 'plugin_locale_reset_search', 'backend', 'Locale plugin / Reset search', 'plugin', '2016-08-23 09:48:29'),
(1151, 'error_titles_ARRAY_PBU01', 'arrays', 'error_titles_ARRAY_PBU01', 'plugin', NULL),
(1152, 'error_titles_ARRAY_PBU02', 'arrays', 'error_titles_ARRAY_PBU02', 'plugin', NULL),
(1153, 'error_titles_ARRAY_PBU03', 'arrays', 'error_titles_ARRAY_PBU03', 'plugin', NULL),
(1154, 'error_titles_ARRAY_PBU04', 'arrays', 'error_titles_ARRAY_PBU04', 'plugin', NULL),
(1155, 'error_bodies_ARRAY_PBU01', 'arrays', 'error_bodies_ARRAY_PBU01', 'plugin', NULL),
(1156, 'error_bodies_ARRAY_PBU02', 'arrays', 'error_bodies_ARRAY_PBU02', 'plugin', NULL),
(1157, 'error_bodies_ARRAY_PBU03', 'arrays', 'error_bodies_ARRAY_PBU03', 'plugin', NULL),
(1158, 'error_bodies_ARRAY_PBU04', 'arrays', 'error_bodies_ARRAY_PBU04', 'plugin', NULL),
(1159, 'plugin_backup_menu_backup', 'backend', 'Backup plugin / Menu Backup', 'plugin', NULL),
(1160, 'plugin_backup_database', 'backend', 'Backup plugin / Backup database', 'plugin', NULL),
(1161, 'plugin_backup_files', 'backend', 'Backup plugin / Backup files', 'plugin', NULL),
(1162, 'plugin_backup_btn_backup', 'backend', 'Backup plugin / Backup button', 'plugin', NULL),
(1163, 'error_titles_ARRAY_PBU05', 'arrays', 'error_titles_ARRAY_PBU05', 'plugin', NULL),
(1164, 'error_bodies_ARRAY_PBU05', 'arrays', 'error_bodies_ARRAY_PBU05', 'plugin', NULL),
(1165, 'error_titles_ARRAY_PBU06', 'arrays', 'error_titles_ARRAY_PBU06', 'plugin', NULL),
(1166, 'error_bodies_ARRAY_PBU06', 'arrays', 'error_bodies_ARRAY_PBU06', 'plugin', NULL),
(1167, 'plugin_backup_datetime', 'backend', 'Label / Date/time', 'plugin', '2015-11-17 09:38:32'),
(1168, 'plugin_backup_type', 'backend', 'Label / Type', 'plugin', '2015-11-17 09:38:57'),
(1169, 'plugin_backup_file', 'backend', 'Label / File', 'plugin', '2015-11-17 09:39:15'),
(1170, 'plugin_backup_delete_confirmation', 'backend', 'Backup plugin / Delete confirmation', 'plugin', '2015-11-17 09:40:22'),
(1171, 'plugin_backup_delete_selected', 'backend', 'Backup plugin / Delete selected', 'plugin', '2015-11-17 09:41:00'),
(1172, 'plugin_backup_size', 'backend', 'Plugin / Size', 'script', '2016-01-04 08:58:41'),
(1173, 'plugin_backup_sizeXXXXXX', 'backend', 'Plugin / Size', 'script', '2016-01-04 08:58:41'),
(1174, 'plugin_log_menu_log', 'backend', 'Log plugin / Menu Log', 'plugin', NULL),
(1175, 'plugin_log_menu_config', 'backend', 'Log plugin / Menu Config', 'plugin', NULL),
(1176, 'plugin_log_btn_empty', 'backend', 'Log plugin / Empty button', 'plugin', NULL),
(1177, 'error_titles_ARRAY_PLG01', 'arrays', 'error_titles_ARRAY_PLG01', 'plugin', NULL),
(1178, 'error_bodies_ARRAY_PLG01', 'arrays', 'error_bodies_ARRAY_PLG01', 'plugin', NULL),
(1179, 'plugin_one_admin_menu_index', 'backend', 'One Admin plugin / List', 'plugin', NULL),
(1180, 'plugin_one_admin_btn_add', 'backend', 'One Admin plugin / Add button', 'plugin', NULL),
(1181, 'error_titles_ARRAY_POA01', 'arrays', 'error_titles_ARRAY_POA01', 'plugin', NULL),
(1182, 'error_bodies_ARRAY_POA01', 'arrays', 'error_bodies_ARRAY_POA01', 'plugin', NULL),
(1183, 'plugin_country_name', 'backend', 'Country plugin / Country name', 'plugin', NULL),
(1184, 'plugin_country_alpha_2', 'backend', 'Country plugin / Alpha 2', 'plugin', NULL),
(1185, 'plugin_country_alpha_3', 'backend', 'Country plugin / Alpha 3', 'plugin', NULL),
(1186, 'plugin_country_status', 'backend', 'Country plugin / Status', 'plugin', NULL),
(1187, 'plugin_country_btn_add', 'backend', 'Country plugin / Button Add', 'plugin', NULL),
(1188, 'plugin_country_statuses_ARRAY_T', 'arrays', 'Country plugin / Status (active)', 'plugin', NULL),
(1189, 'plugin_country_statuses_ARRAY_F', 'arrays', 'Country plugin / Status (inactive)', 'plugin', NULL),
(1190, 'plugin_country_btn_save', 'backend', 'Country plugin / Button Save', 'plugin', NULL),
(1191, 'plugin_country_btn_cancel', 'backend', 'Country plugin / Button Cancel', 'plugin', NULL),
(1192, 'plugin_country_menu_countries', 'backend', 'Country plugin / Menu Countries', 'plugin', NULL),
(1193, 'error_titles_ARRAY_PCY01', 'arrays', 'error_titles_ARRAY_PCY01', 'plugin', NULL),
(1194, 'error_titles_ARRAY_PCY03', 'arrays', 'error_titles_ARRAY_PCY03', 'plugin', NULL),
(1195, 'error_titles_ARRAY_PCY04', 'arrays', 'error_titles_ARRAY_PCY04', 'plugin', NULL),
(1196, 'error_titles_ARRAY_PCY08', 'arrays', 'error_titles_ARRAY_PCY08', 'plugin', NULL),
(1197, 'error_titles_ARRAY_PCY10', 'arrays', 'error_titles_ARRAY_PCY10', 'plugin', NULL),
(1198, 'error_titles_ARRAY_PCY11', 'arrays', 'error_titles_ARRAY_PCY11', 'plugin', NULL),
(1199, 'error_titles_ARRAY_PCY12', 'arrays', 'error_titles_ARRAY_PCY12', 'plugin', NULL),
(1200, 'error_bodies_ARRAY_PCY01', 'arrays', 'error_bodies_ARRAY_PCY01', 'plugin', NULL),
(1201, 'error_bodies_ARRAY_PCY03', 'arrays', 'error_bodies_ARRAY_PCY03', 'plugin', NULL),
(1202, 'error_bodies_ARRAY_PCY04', 'arrays', 'error_bodies_ARRAY_PCY04', 'plugin', NULL),
(1203, 'error_bodies_ARRAY_PCY08', 'arrays', 'error_bodies_ARRAY_PCY08', 'plugin', NULL),
(1204, 'error_bodies_ARRAY_PCY10', 'arrays', 'error_bodies_ARRAY_PCY10', 'plugin', NULL),
(1205, 'error_bodies_ARRAY_PCY11', 'arrays', 'error_bodies_ARRAY_PCY11', 'plugin', NULL),
(1206, 'error_bodies_ARRAY_PCY12', 'arrays', 'error_bodies_ARRAY_PCY12', 'plugin', NULL),
(1207, 'plugin_country_delete_confirmation', 'backend', 'Country plugin / Delete confirmation', 'plugin', NULL),
(1208, 'plugin_country_delete_selected', 'backend', 'Country plugin / Delete selected', 'plugin', NULL),
(1209, 'plugin_country_btn_all', 'backend', 'Country plugin / Button All', 'plugin', NULL),
(1210, 'plugin_country_btn_search', 'backend', 'Country plugin / Button Search', 'plugin', NULL),
(1211, 'plugin_country_revert_status', 'backend', 'Plugin / Revert status', 'script', NULL),
(1212, 'plugin_sms_menu_sms', 'backend', 'SMS plugin / Menu SMS', 'plugin', NULL),
(1213, 'plugin_sms_config', 'backend', 'SMS plugin / SMS config', 'plugin', NULL),
(1214, 'plugin_sms_number', 'backend', 'SMS plugin / Number', 'plugin', NULL),
(1215, 'plugin_sms_text', 'backend', 'SMS plugin / Text', 'plugin', NULL),
(1216, 'plugin_sms_status', 'backend', 'SMS plugin / Status', 'plugin', NULL),
(1217, 'plugin_sms_created', 'backend', 'SMS plugin / Date & Time', 'plugin', NULL),
(1218, 'plugin_sms_api', 'backend', 'SMS plugin / API Key', 'plugin', NULL),
(1219, 'error_titles_ARRAY_PSS01', 'arrays', 'SMS plugin / Info title', 'plugin', NULL),
(1220, 'error_bodies_ARRAY_PSS01', 'arrays', 'SMS plugin / Info body', 'plugin', NULL),
(1221, 'error_titles_ARRAY_PSS02', 'arrays', 'SMS plugin / API key updates info title', 'plugin', NULL),
(1222, 'error_bodies_ARRAY_PSS02', 'arrays', 'SMS plugin / API key updates info body', 'plugin', NULL),
(1223, 'plugin_sms_reset_search', 'backend', 'SMS plugin / Reset search', 'plugin', '2016-08-23 07:22:36'),
(1224, 'plugin_paypal_dt', 'backend', 'Paypal plugin / Date & Time', 'plugin', '2014-07-18 14:21:44'),
(1225, 'plugin_paypal_mc_gross', 'backend', 'Paypal plugin / MC Gross', 'plugin', '2014-07-18 14:21:59'),
(1226, 'plugin_paypal_mc_currency', 'backend', 'Paypal plugin / MC Currency', 'plugin', '2014-07-18 14:22:15'),
(1227, 'plugin_paypal_payer_email', 'backend', 'Paypal plugin / Payer email', 'plugin', '2014-07-18 14:22:31'),
(1228, 'plugin_paypal_txn_type', 'backend', 'Paypal plugin / Txn type', 'plugin', '2014-07-18 14:22:49'),
(1229, 'plugin_paypal_txn_id', 'backend', 'Paypal plugin / Txn ID', 'plugin', '2014-07-18 14:22:58'),
(1230, 'plugin_paypal_subscr_id', 'backend', 'Paypal plugin / Subscription ID', 'plugin', '2014-07-18 14:23:13'),
(1231, 'plugin_paypal_foreign_id', 'backend', 'Paypal plugin / Foreign ID', 'plugin', '2014-07-18 14:23:25'),
(1232, 'plugin_paypal_btn_close', 'backend', 'Paypal plugin / Close', 'plugin', '2014-07-18 14:27:07'),
(1233, 'plugin_paypal_info_title', 'backend', 'Paypal plugin / Transaction details', 'plugin', '2014-07-18 14:30:48'),
(1234, 'plugin_paypal_btn_view', 'backend', 'Paypal plugin / View', 'plugin', '2014-07-18 14:37:18'),
(1235, 'plugin_paypal_menu_ipn', 'backend', 'Paypal plugin / IPN', 'plugin', '2014-07-18 14:53:47'),
(1236, 'day_short_names_ARRAY_0', 'arrays', 'day_short_names_ARRAY_0', 'script', NULL),
(1237, 'day_short_names_ARRAY_1', 'arrays', 'day_short_names_ARRAY_1', 'script', NULL),
(1238, 'day_short_names_ARRAY_2', 'arrays', 'day_short_names_ARRAY_2', 'script', NULL),
(1239, 'day_short_names_ARRAY_3', 'arrays', 'day_short_names_ARRAY_3', 'script', NULL),
(1240, 'day_short_names_ARRAY_4', 'arrays', 'day_short_names_ARRAY_4', 'script', NULL),
(1241, 'day_short_names_ARRAY_5', 'arrays', 'day_short_names_ARRAY_5', 'script', NULL),
(1242, 'day_short_names_ARRAY_6', 'arrays', 'day_short_names_ARRAY_6', 'script', NULL),
(1243, 'lblStatusTitle', 'backend', 'Label / Status', 'script', NULL),
(1244, 'lblStatusStart', 'backend', 'Label / Please wait while locations are saved.', 'script', NULL),
(1245, 'lblStatusEnd', 'backend', 'Label / Locations have been saved.', 'script', NULL),
(1246, 'lblStatusFail', 'backend', 'Label / Locations could not be saved.', 'script', NULL),
(1247, 'lblPriceStatusStart', 'backend', 'Label / Please wait while prices are saved.', 'script', NULL),
(1248, 'lblPriceStatusEnd', 'backend', 'Label / Prices have been saved.', 'script', NULL),
(1249, 'lblPriceStatusFail', 'backend', 'Label / Prices could not be saved.', 'script', NULL),
(1250, 'front_departure', 'frontend', 'Label / Departure', 'script', NULL),
(1251, 'opt_o_email_client_account', 'backend', 'Options / New client account email', 'script', '2016-11-02 05:48:22'),
(1252, 'opt_o_email_client_account_text', 'backend', 'Options / New client account email', 'script', '2016-11-02 05:49:36'),
(1253, 'opt_o_email_client_account_subject', 'backend', 'Options / Subject', 'script', '2016-11-02 05:51:28'),
(1254, 'opt_o_email_client_account_message', 'backend', 'Options / Subject', 'script', '2016-11-02 05:51:14'),
(1255, 'opt_o_email_client_account_message_text', 'backend', 'Options / Account tokens', 'script', '2016-11-02 06:03:15'),
(1256, 'opt_o_admin_email_client_account_text', 'backend', 'Options / New client account email', 'script', '2016-11-02 05:55:37'),
(1257, 'opt_o_admin_email_client_account_message_text', 'backend', 'Options / Account tokens', 'script', '2016-11-02 06:03:00'),
(1258, 'menuClients', 'backend', 'Menu / Clients', 'script', '2016-11-02 06:22:31'),
(1259, 'error_bodies_ARRAY_AC01', 'arrays', 'error_bodies_ARRAY_AC01', 'script', NULL),
(1260, 'error_bodies_ARRAY_AC03', 'arrays', 'error_bodies_ARRAY_AC03', 'script', NULL),
(1261, 'error_bodies_ARRAY_AC04', 'arrays', 'error_bodies_ARRAY_AC04', 'script', NULL),
(1262, 'error_bodies_ARRAY_AC08', 'arrays', 'error_bodies_ARRAY_AC08', 'script', NULL),
(1263, 'error_titles_ARRAY_AC01', 'arrays', 'error_titles_ARRAY_AC01', 'script', NULL),
(1264, 'error_titles_ARRAY_AC03', 'arrays', 'error_titles_ARRAY_AC03', 'script', NULL),
(1265, 'error_titles_ARRAY_AC04', 'arrays', 'error_titles_ARRAY_AC04', 'script', NULL),
(1266, 'error_titles_ARRAY_AC08', 'arrays', 'error_titles_ARRAY_AC08', 'script', NULL),
(1267, 'lblAddClient', 'backend', 'Label / Add client', 'script', '2016-11-02 06:45:12'),
(1268, 'infoClientsTitle', 'backend', 'Infobox / List of clients', 'script', '2016-11-02 06:51:16'),
(1269, 'infoClientsDesc', 'backend', 'Infobox / List of clients', 'script', '2016-11-02 06:52:28'),
(1270, 'infoAddClientTitle', 'backend', 'Infobox / Add client', 'script', '2016-11-02 06:53:45'),
(1271, 'infoAddClientDesc', 'backend', 'Infobox / Add client', 'script', '2016-11-02 06:54:11'),
(1272, 'infoUpdateClientTitle', 'backend', 'Infobox / Update', 'script', '2016-11-02 07:01:48'),
(1273, 'infoUpdateClientDesc', 'backend', 'Infobox / Update', 'script', '2016-11-02 07:02:02'),
(1274, 'lblUpdateClient', 'backend', 'Label / Update client', 'script', '2016-11-02 07:02:27'),
(1275, 'lblExistingClient', 'backend', 'Label / Existing client', 'script', '2016-11-02 07:12:34'),
(1276, 'lblNewClient', 'backend', 'Label / New client', 'script', '2016-11-02 07:16:15'),
(1277, 'lblEnquiries', 'backend', 'Label / Enquiries', 'script', '2016-11-02 08:24:52'),
(1278, 'front_password', 'frontend', 'Label / Password', 'script', '2016-11-02 08:38:19'),
(1279, 'front_new_client', 'frontend', 'Label / New client', 'script', '2016-11-02 08:41:43'),
(1280, 'front_existing_client', 'frontend', 'Label / Existing client', 'script', '2016-11-02 08:42:39'),
(1281, 'front_email_does_not_exist', 'frontend', 'Label / Email does not exist.', 'script', '2016-11-02 09:32:12'),
(1282, 'front_incorrect_password', 'frontend', 'Label / Password is not correct.', 'script', '2016-11-02 09:32:34'),
(1283, 'front_your_account_disabled', 'frontend', 'Label / Your account is disabled.', 'script', '2016-11-02 09:32:58'),
(1284, 'front_already_logged_in', 'frontend', 'Label / You already logged in.', 'script', '2016-11-02 09:49:29'),
(1285, 'opt_o_email_forgot_subject', 'backend', 'Options / Subject', 'script', '2016-11-16 02:54:20'),
(1286, 'opt_o_email_forgot_message', 'backend', 'Options / Subject', 'script', '2016-11-16 02:54:31'),
(1287, 'opt_o_email_forgot_message_text', 'backend', 'Options / Account tokens', 'script', '2016-11-02 06:03:15'),
(1288, 'front_forgot_password', 'frontend', 'Label / Forgot password?', 'script', '2016-11-16 02:51:18'),
(1289, 'front_btn_send', 'frontend', 'Button / Send', 'script', '2016-11-16 03:12:14'),
(1290, 'front_password_sent', 'frontend', 'Label / The password has been sent to your email address.', 'script', '2016-11-16 03:31:04'),
(1291, 'front_miles', 'frontend', 'Label / miles', 'script', '2016-11-21 02:24:43'),
(1292, 'btnAddTransfer', 'backend', 'Button / + Add transfer', 'script', '2016-12-05 07:40:25'),
(1293, 'btnAddVehicle', 'backend', 'Button / + Add vehicle', 'script', '2016-12-05 07:45:55'),
(1294, 'btnAddEnquiry', 'backend', 'Button / + Add enquiry', 'script', '2016-12-05 07:48:12'),
(1295, 'btnAddClient', 'backend', 'Button / + Add client', 'script', '2016-12-05 07:50:44'),
(1296, 'btnAddUser', 'backend', 'Button / + Add user', 'script', '2016-12-05 07:53:07'),
(1297, 'infoUsersTitle', 'backend', 'Infobox / Users', 'script', '2016-12-05 07:55:22'),
(1298, 'infoUsersDesc', 'backend', 'Infobox / Users', 'script', '2016-12-05 07:55:40'),
(1299, 'infoAddUserTitle', 'backend', 'Infobox / Add user', 'script', '2016-12-05 07:56:04'),
(1300, 'infoAddUserDesc', 'backend', 'Infobox / Add user', 'script', '2016-12-05 07:56:19'),
(1301, 'infoUpdateUserTitle', 'backend', 'Infobox / Update user', 'script', '2016-12-05 07:56:52'),
(1302, 'infoUpdateUserDesc', 'backend', 'Infobox / Update user', 'script', '2016-12-05 07:57:23'),
(1303, 'front_btn_login', 'frontend', 'Button / Login', 'script', '2016-12-05 08:14:58'),
(1304, 'lblMinPassenger', 'backend', 'Label / Minimum passenger', 'script', NULL),
(1305, 'lblMaxPassenger', 'backend', 'Label / Maximum passenger', 'script', NULL),
(1306, 'lblIsAirport', 'backend', 'Label / Is airport?', 'script', NULL),
(1307, 'booking_statuses_ARRAY_passed_on', 'arrays', 'booking_statuses_ARRAY_passed_on', 'script', NULL),
(1308, 'lblPassedOnReservations', 'backend', 'Label / Passed On Reservations', 'script', NULL),
(1309, 'opt_o_allow_creditcard_later', 'backend', 'Options / Allow credit card', 'script', NULL),
(1310, 'payment_methods_ARRAY_creditcard_later', 'arrays', 'payment_methods_ARRAY_creditcard_later', 'script', '2023-11-22 12:06:10'),
(1311, 'menuExtras', 'backend', 'Menu Extras', 'script', NULL),
(1312, 'lblAddExtra', 'backend', 'Label / Add Extra', 'script', NULL),
(1313, 'lblAllExtras', 'backend', 'Label / All Extras', 'script', NULL),
(1314, 'lblUpdateExtra', 'backend', 'Label / Update Extra', 'script', NULL),
(1315, 'infoExtrasTitle', 'backend', 'Infobox / Extras Title', 'script', NULL),
(1316, 'infoExtrasBody', 'backend', 'Infobox / Extras Body', 'script', NULL),
(1317, 'infoAddExtraTitle', 'backend', 'Infobox / Add Extra Title', 'script', NULL),
(1318, 'infoAddExtraBody', 'backend', 'Infobox / Add Extra Body', 'script', NULL),
(1319, 'infoUpdateExtraTitle', 'backend', 'Infobox / Update Extra Title', 'script', NULL),
(1320, 'infoUpdateExtraBody', 'backend', 'Infobox / Update Extra Body', 'script', NULL),
(1321, 'error_titles_ARRAY_AE01', 'arrays', 'error_titles_ARRAY_AE01', 'script', NULL),
(1322, 'error_bodies_ARRAY_AE01', 'arrays', 'error_bodies_ARRAY_AE01', 'script', NULL),
(1323, 'error_titles_ARRAY_AE03', 'arrays', 'error_titles_ARRAY_AE03', 'script', NULL),
(1324, 'error_bodies_ARRAY_AE03', 'arrays', 'error_bodies_ARRAY_AE03', 'script', NULL),
(1325, 'error_titles_ARRAY_AE04', 'arrays', 'error_titles_ARRAY_AE04', 'script', NULL),
(1326, 'error_bodies_ARRAY_AE04', 'arrays', 'error_bodies_ARRAY_AE04', 'script', NULL),
(1327, 'error_titles_ARRAY_AE08', 'arrays', 'error_titles_ARRAY_AE08', 'script', NULL),
(1328, 'error_bodies_ARRAY_AE08', 'arrays', 'error_bodies_ARRAY_AE08', 'script', NULL),
(1329, 'menuDrivers', 'backend', 'Menu Drivers', 'script', NULL),
(1330, 'btnAddDriver', 'backend', 'Button / + Add driver', 'script', NULL),
(1331, 'infoDriversTitle', 'backend', 'Infobox / Drivers Title', 'script', NULL),
(1332, 'infoDriversBody', 'backend', 'Infobox / Drivers Body', 'script', NULL),
(1333, 'infoAddDriverTitle', 'backend', 'Infobox / Add Driver Title', 'script', NULL),
(1334, 'infoAddDriverBody', 'backend', 'Infobox / Add Driver Body', 'script', NULL),
(1335, 'infoUpdateDriverTitle', 'backend', 'Infobox / Update Driver Title', 'script', NULL),
(1336, 'infoUpdateDriverBody', 'backend', 'Infobox / Update Driver Body', 'script', NULL),
(1337, 'error_titles_ARRAY_AD01', 'arrays', 'error_titles_ARRAY_AD01', 'script', NULL),
(1338, 'error_bodies_ARRAY_AD01', 'arrays', 'error_bodies_ARRAY_AD01', 'script', NULL),
(1339, 'error_titles_ARRAY_AD02', 'arrays', 'error_titles_ARRAY_AD02', 'script', NULL),
(1340, 'error_bodies_ARRAY_AD02', 'arrays', 'error_bodies_ARRAY_AD02', 'script', NULL),
(1341, 'error_titles_ARRAY_AD03', 'arrays', 'error_titles_ARRAY_AD03', 'script', NULL),
(1342, 'error_bodies_ARRAY_AD03', 'arrays', 'error_bodies_ARRAY_AD03', 'script', NULL),
(1343, 'error_titles_ARRAY_AD04', 'arrays', 'error_titles_ARRAY_AD04', 'script', NULL),
(1344, 'error_bodies_ARRAY_AD04', 'arrays', 'error_bodies_ARRAY_AD04', 'script', NULL),
(1345, 'menuDialingCodes', 'backend', 'Menu Dialing Codes', 'script', NULL),
(1346, 'lblDialingCode', 'backend', 'Label / Dialing Code', 'script', NULL),
(1347, 'btnAddDialingCode', 'backend', 'Button / + Add dialing code', 'script', NULL),
(1348, 'infoDialingCodesTitle', 'backend', 'Infobox / Dialing Codes Title', 'script', NULL),
(1349, 'infoDialingCodesBody', 'backend', 'Infobox / Dialing Codes Body', 'script', NULL),
(1350, 'infoAddDialingCodeTitle', 'backend', 'Infobox / Add Dialing Code Title', 'script', NULL),
(1351, 'infoAddDialingCodeBody', 'backend', 'Infobox / Add Dialing Code Body', 'script', NULL),
(1352, 'infoUpdateDialingCodeTitle', 'backend', 'Infobox / Update Dialing Code Title', 'script', NULL),
(1353, 'infoUpdateDialingCodeBody', 'backend', 'Infobox / Update Dialing Code Body', 'script', NULL),
(1354, 'error_titles_ARRAY_ADC01', 'arrays', 'error_titles_ARRAY_ADC01', 'script', NULL),
(1355, 'error_bodies_ARRAY_ADC01', 'arrays', 'error_bodies_ARRAY_ADC01', 'script', NULL),
(1356, 'error_titles_ARRAY_ADC02', 'arrays', 'error_titles_ARRAY_ADC02', 'script', NULL),
(1357, 'error_bodies_ARRAY_ADC02', 'arrays', 'error_bodies_ARRAY_ADC02', 'script', NULL),
(1358, 'error_titles_ARRAY_ADC03', 'arrays', 'error_titles_ARRAY_ADC03', 'script', NULL),
(1359, 'error_bodies_ARRAY_ADC03', 'arrays', 'error_bodies_ARRAY_ADC03', 'script', NULL),
(1360, 'error_titles_ARRAY_ADC04', 'arrays', 'error_titles_ARRAY_ADC04', 'script', NULL),
(1361, 'error_bodies_ARRAY_ADC04', 'arrays', 'error_bodies_ARRAY_ADC04', 'script', NULL),
(1362, 'menuVouchers', 'backend', 'Menu Vouchers', 'script', NULL),
(1363, 'btnAddVoucher', 'backend', 'Button / + Add voucher', 'script', NULL),
(1364, 'infoVouchersTitle', 'backend', 'Infobox / Vouchers Title', 'script', NULL),
(1365, 'infoVouchersBody', 'backend', 'Infobox / Vouchers Body', 'script', NULL),
(1366, 'voucher_types_ARRAY_amount', 'arrays', 'voucher_types_ARRAY_amount', 'script', NULL),
(1367, 'voucher_types_ARRAY_percent', 'arrays', 'voucher_types_ARRAY_percent', 'script', NULL),
(1368, 'voucher_valids_ARRAY_fixed', 'arrays', 'voucher_valids_ARRAY_fixed', 'script', NULL),
(1369, 'voucher_valids_ARRAY_period', 'arrays', 'voucher_valids_ARRAY_period', 'script', NULL),
(1370, 'voucher_valids_ARRAY_recurring', 'arrays', 'voucher_valids_ARRAY_recurring', 'script', NULL),
(1371, 'daynames_ARRAY_monday', 'arrays', 'daynames_ARRAY_monday', 'script', '2023-11-22 13:45:09'),
(1372, 'daynames_ARRAY_tuesday', 'arrays', 'daynames_ARRAY_tuesday', 'script', '2023-11-22 13:45:21'),
(1373, 'daynames_ARRAY_wednesday', 'arrays', 'daynames_ARRAY_wednesday', 'script', '2023-11-22 13:45:33'),
(1374, 'daynames_ARRAY_thursday', 'arrays', 'daynames_ARRAY_thursday', 'script', '2023-11-22 13:45:44'),
(1375, 'daynames_ARRAY_friday', 'arrays', 'daynames_ARRAY_friday', 'script', '2023-11-22 13:45:59'),
(1376, 'daynames_ARRAY_saturday', 'arrays', 'daynames_ARRAY_saturday', 'script', '2023-11-22 13:46:20'),
(1377, 'daynames_ARRAY_sunday', 'arrays', 'daynames_ARRAY_sunday', 'script', '2023-11-22 13:46:34'),
(1378, 'infoAddVoucherTitle', 'backend', 'Infobox / Add Voucher Title', 'script', NULL),
(1379, 'infoAddVoucherBody', 'backend', 'Infobox / Add Voucher Body', 'script', NULL),
(1380, 'infoUpdateVoucherTitle', 'backend', 'Infobox / Update Voucher Title', 'script', NULL),
(1381, 'infoUpdateVoucherBody', 'backend', 'Infobox / Update Voucher Body', 'script', NULL),
(1382, 'voucher_code', 'backend', 'voucher_code', 'script', NULL),
(1383, 'voucher_discount', 'backend', 'voucher_discount', 'script', NULL),
(1384, 'voucher_valid', 'backend', 'voucher_valid', 'script', NULL),
(1385, 'voucher_date', 'backend', 'voucher_date', 'script', NULL),
(1386, 'voucher_time_from', 'backend', 'voucher_time_from', 'script', NULL),
(1387, 'voucher_time_to', 'backend', 'voucher_time_to', 'script', NULL),
(1388, 'voucher_date_from', 'backend', 'voucher_date_from', 'script', NULL),
(1389, 'voucher_date_to', 'backend', 'voucher_date_to', 'script', NULL),
(1390, 'voucher_every', 'backend', 'voucher_every', 'script', NULL),
(1391, 'error_titles_ARRAY_AV01', 'arrays', 'error_titles_ARRAY_AV01', 'script', NULL),
(1392, 'error_bodies_ARRAY_AV01', 'arrays', 'error_bodies_ARRAY_AV01', 'script', NULL),
(1393, 'error_titles_ARRAY_AV02', 'arrays', 'error_titles_ARRAY_AV02', 'script', NULL),
(1394, 'error_bodies_ARRAY_AV02', 'arrays', 'error_bodies_ARRAY_AV02', 'script', NULL),
(1395, 'error_titles_ARRAY_AV03', 'arrays', 'error_titles_ARRAY_AV03', 'script', NULL),
(1396, 'error_bodies_ARRAY_AV03', 'arrays', 'error_bodies_ARRAY_AV03', 'script', NULL),
(1397, 'error_titles_ARRAY_AV04', 'arrays', 'error_titles_ARRAY_AV04', 'script', NULL),
(1398, 'error_bodies_ARRAY_AV04', 'arrays', 'error_bodies_ARRAY_AV04', 'script', NULL),
(1399, 'front_btn_select', 'frontend', 'Button / Select', 'script', '2023-11-21 15:44:40'),
(1400, 'front_btn_continue', 'frontend', 'Button / Continue', 'script', '2023-11-22 11:16:19'),
(1401, 'front_btn_book_now', 'frontend', 'Button / Book Now', 'script', '2023-11-22 12:34:05'),
(1402, 'front_transfer_type_return', 'frontend', 'Label / Transfer type - Return', 'script', '2023-11-21 15:21:13'),
(1403, 'front_transfer_type_one_way', 'frontend', 'Label / Transfer type - One way', 'script', '2023-11-21 15:20:22'),
(1404, 'front_max_passengers', 'frontend', 'Label / Max passenger per vehicle', 'script', '2023-11-21 15:42:30'),
(1405, 'front_estimated_distance', 'frontend', 'Label / Estimated distance', 'script', NULL),
(1406, 'front_estimated_time', 'frontend', 'Label / Estimated time', 'script', '2023-11-21 15:36:29'),
(1407, 'front_extra_description', 'frontend', 'Label / Extras description', 'script', NULL),
(1408, 'front_extra', 'frontend', 'Label / Extra', 'script', NULL),
(1409, 'front_price', 'frontend', 'Label / Price', 'script', NULL),
(1410, 'front_count', 'frontend', 'Label / Count', 'script', NULL),
(1411, 'front_free', 'frontend', 'Label / Free', 'script', NULL),
(1412, 'front_step_x', 'frontend', 'Label / Step X', 'script', NULL),
(1413, 'front_step_choose_vehicle', 'frontend', 'Steps / Choose Vehicle', 'script', NULL),
(1414, 'front_step_extras', 'frontend', 'Steps / Choose Extras', 'script', NULL),
(1415, 'front_step_departure_info', 'frontend', 'Steps / Departure Information', 'script', NULL),
(1416, 'front_step_return_info', 'frontend', 'Steps / Return Information', 'script', NULL),
(1417, 'front_step_passenger_details', 'frontend', 'Steps / Passenger Details', 'script', '2023-11-22 12:50:50'),
(1418, 'front_step_payment_details', 'frontend', 'Steps / Payment Details', 'script', '2023-11-22 12:00:28'),
(1419, 'front_step_booking_summary', 'frontend', 'Steps / Booking Summary', 'script', '2023-11-22 12:50:35'),
(1420, 'front_number_of_passengers', 'frontend', 'Label / Exact number of passengers', 'script', '2023-11-21 15:53:00'),
(1421, 'front_hotel', 'frontend', 'Label / Name of hotel/pension', 'script', '2023-11-22 12:51:47'),
(1422, 'front_hour', 'frontend', 'Label / Hour', 'script', NULL),
(1423, 'front_minute', 'frontend', 'Label / Minute', 'script', NULL),
(1424, 'front_pickup_time', 'frontend', 'Label / Pick-up time', 'script', '2023-11-22 11:21:44'),
(1425, 'front_pickup_date', 'frontend', 'Label / Pick-up date', 'script', '2023-11-22 11:17:21'),
(1426, 'front_passenger_description', 'frontend', 'Label / Passenger description', 'script', NULL),
(1427, 'front_confirm_email', 'frontend', 'Label / Confirm email address', 'script', '2023-11-22 11:53:17'),
(1428, 'front_dialing_code', 'frontend', 'Label / Dialing code', 'script', NULL),
(1429, 'front_payment_details_description', 'frontend', 'Label / Payment details description', 'script', NULL),
(1430, 'front_discount_code', 'frontend', 'Label / Discount Code', 'script', '2023-11-22 12:01:05'),
(1431, 'front_accept_shared_trip', 'frontend', 'Label / Accept Shared Trip', 'script', NULL),
(1432, 'front_month', 'frontend', 'Label / Month', 'script', NULL),
(1433, 'front_year', 'frontend', 'Label / Year', 'script', NULL),
(1434, 'front_cc_owner', 'frontend', 'Label / Credit card owner', 'script', NULL),
(1435, 'front_booking_summary', 'frontend', 'Label / Booking Summary', 'script', '2023-11-22 10:59:12'),
(1436, 'front_cart_departure', 'frontend', 'Label / Departure', 'script', '2023-11-22 10:59:51'),
(1437, 'front_cart_return', 'frontend', 'Label / Return', 'script', '2023-11-22 12:28:12'),
(1438, 'front_date', 'frontend', 'Label / Date', 'script', '2023-11-22 11:00:19'),
(1439, 'front_cart_from', 'frontend', 'Label / From', 'script', '2023-11-22 11:10:52'),
(1440, 'front_cart_to', 'frontend', 'Label / To', 'script', '2023-11-22 11:11:37'),
(1441, 'front_cart_passengers', 'frontend', 'Label / Pax.', 'script', NULL),
(1442, 'front_vehicle', 'frontend', 'Label / Vehicle', 'script', '2023-11-22 11:11:54'),
(1443, 'front_extras', 'frontend', 'Label / Extras', 'script', NULL),
(1444, 'front_time', 'frontend', 'Label / Time', 'script', '2023-11-22 12:32:47'),
(1445, 'front_discount', 'frontend', 'Label / Discount', 'script', NULL),
(1446, 'front_payment', 'frontend', 'Label / Payment', 'script', '2023-11-22 12:33:35'),
(1447, 'front_email_mismatch', 'frontend', 'Label / Email mismatch', 'script', '2023-11-22 13:34:48'),
(1448, 'front_name_surname', 'frontend', 'Label / Name and surname', 'script', '2023-11-22 12:51:14'),
(1449, 'front_mobile_number', 'frontend', 'Label / Mobile number', 'script', '2023-11-22 12:51:21'),
(1450, 'front_how_many_people', 'frontend', 'Label / How many people?', 'script', NULL),
(1451, 'front_transfer_details', 'frontend', 'Label / Transfer Details', 'script', NULL),
(1452, 'front_return_transfer_details', 'frontend', 'Label / Return Transfer Details', 'script', '2023-11-22 12:52:28'),
(1453, 'front_about_us', 'frontend', 'Label / About us', 'script', NULL),
(1454, 'front_about_us_text', 'frontend', 'Label / About us', 'script', NULL),
(1455, 'front_need_help', 'frontend', 'Label / Need help?', 'script', NULL),
(1456, 'front_need_help_text', 'frontend', 'Label / Need help?', 'script', NULL),
(1457, 'front_need_help_phone', 'frontend', 'Label / Need help?', 'script', NULL),
(1458, 'front_need_help_email', 'frontend', 'Label / Need help?', 'script', NULL),
(1459, 'front_follow_us', 'frontend', 'Label / Follow us', 'script', NULL),
(1460, 'front_contact_us', 'frontend', 'Label / Contact us', 'script', NULL),
(1461, 'front_copyright', 'frontend', 'Label / Copyright', 'script', NULL),
(1462, 'front_home', 'frontend', 'Label / Home', 'script', NULL),
(1463, 'front_blog', 'frontend', 'Label / Blog', 'script', NULL),
(1464, 'front_help', 'frontend', 'Label / Help', 'script', NULL),
(1465, 'front_terms_of_use', 'frontend', 'Label / Terms of use', 'script', NULL),
(1466, 'front_for_partners', 'frontend', 'Label / For partners', 'script', NULL),
(1467, 'front_error', 'frontend', 'Label / Error', 'script', NULL),
(1468, 'lblAcceptsSharedTrip', 'backend', 'Label / Accepts shared trip', 'script', NULL),
(1469, 'lblCCOwner', 'backend', 'Label / CC Owner', 'script', NULL),
(1470, 'lblRemindClientViaEmail', 'backend', 'Label / Remind the Client via Email', 'script', NULL),
(1471, 'lblRemindClientViaSMS', 'backend', 'Label / Remind the Client via SMS', 'script', NULL),
(1472, 'lblDriver', 'backend', 'Label / Driver', 'script', NULL),
(1473, 'opt_o_email_driver', 'backend', 'Options / Assigned transfer email', 'script', NULL),
(1474, 'opt_o_email_driver_subject', 'backend', 'Options / Assigned transfer email subject', 'script', NULL),
(1475, 'opt_o_email_driver_message', 'backend', 'Options / Assigned transfer email message', 'script', NULL),
(1476, 'opt_o_email_driver_text', 'backend', 'Options / Assigned transfer email', 'script', NULL),
(1477, 'opt_o_email_driver_message_text', 'backend', 'Options / Assigned transfer email', 'script', NULL),
(1478, 'opt_o_email_reminder', 'backend', 'Options / Booking reminder email', 'script', NULL),
(1479, 'opt_o_email_reminder_subject', 'backend', 'Options / Booking reminder email subject', 'script', NULL),
(1480, 'opt_o_email_reminder_message', 'backend', 'Options / Booking reminder email message', 'script', NULL),
(1481, 'opt_o_email_reminder_text', 'backend', 'Options / Booking reminder email', 'script', NULL),
(1482, 'opt_o_sms_reminder_message', 'backend', 'Options / Booking reminder SMS', 'script', NULL),
(1483, 'opt_o_sms_reminder_message_text', 'backend', 'Options / Booking reminder SMS', 'script', NULL),
(1484, 'legend_available', 'backend', 'Label / Available', 'script', NULL),
(1485, 'legend_pending', 'backend', 'Label / Pending', 'script', NULL),
(1486, 'legend_booked', 'backend', 'Label / Booked', 'script', NULL),
(1487, 'legend_past', 'backend', 'Label / Past', 'script', NULL),
(1488, 'opt_o_shared_trip_info', 'backend', 'Options / Shared trip information', 'script', NULL),
(1489, 'front_deposit_payment_in_advance', 'frontend', 'Label / Deposit payment in advance', 'script', NULL),
(1490, 'front_deposit', 'frontend', 'Label / Deposit', 'script', NULL),
(1491, 'front_rest', 'frontend', 'Label / Rest', 'script', NULL),
(1492, 'lblInternalNotes', 'backend', 'Label / Internal notes', 'script', NULL),
(1493, 'lblFirstDrive', 'backend', 'Label / First drive', 'script', NULL),
(1494, 'lblSecondDrive', 'backend', 'Label / Second drive', 'script', NULL),
(1495, 'lblSendPaymentConfirmation', 'backend', 'Label / Send Payment Confirmation to the Client', 'script', NULL),
(1496, 'front_step_booking_summary_desc', 'frontend', 'Steps / Booking Summary', 'script', '2023-11-22 13:38:20'),
(1497, 'lblSendCancellationEmail', 'backend', 'Label / Send Cancellation Email to the Client', 'script', NULL),
(1498, 'opt_o_email_sender', 'backend', 'Options / Email sender', 'script', NULL),
(1499, 'front_select_transfer_date', 'frontend', 'Label / Select transfer date', 'script', NULL),
(1500, 'front_search_placeholder', 'frontend', 'Placeholder / Search', 'script', '2023-11-21 15:28:04'),
(1501, 'front_verify_departure_date', 'frontend', 'Label / Verify departure date', 'script', '2023-11-22 11:18:05'),
(1502, 'lblReturnDiscount', 'backend', 'Label / Return discount', 'script', NULL),
(1503, 'front_step_choose_transfer_type', 'frontend', 'Label / Select Transfer Type', 'script', NULL),
(1504, 'front_transfer_type_description', 'frontend', 'Label / Transfer type description', 'script', NULL),
(1505, 'front_one_way_transfer', 'frontend', 'Label / One way transfer', 'script', NULL),
(1506, 'front_return_transfer', 'frontend', 'Label / Return transfer', 'script', NULL),
(1507, 'front_return_transfer_discount', 'frontend', 'Label / Return transfer discount', 'script', NULL),
(1508, 'front_total_price', 'frontend', 'Label / Total price', 'script', NULL),
(1509, 'infoExtrasLimitationsTitle', 'backend', 'Infobox / Extras\' limitations', 'script', NULL),
(1510, 'infoExtrasLimitationsDesc', 'backend', 'Infobox / Extras\' limitations', 'script', NULL),
(1511, 'opt_o_email_return_reminder', 'backend', 'Options / Return transfer reminder email', 'script', NULL),
(1512, 'opt_o_email_return_reminder_subject', 'backend', 'Options / Return transfer reminder email subject', 'script', NULL),
(1513, 'opt_o_email_return_reminder_message', 'backend', 'Options / Return transfer reminder email message', 'script', NULL),
(1514, 'opt_o_email_return_reminder_text', 'backend', 'Options / Return transfer reminder email', 'script', NULL),
(1515, 'opt_o_sms_return_reminder_message', 'backend', 'Options / Return transfer reminder SMS', 'script', NULL),
(1516, 'opt_o_sms_return_reminder_message_text', 'backend', 'Options / Return transfer reminder SMS', 'script', NULL),
(1517, 'lblRemindClientForReturnViaEmail', 'backend', 'Label / Remind the Client for the Return trip via Email', 'script', NULL),
(1518, 'lblRemindClientForReturnViaSMS', 'backend', 'Label / Remind the Client for the Return trip via SMS', 'script', NULL),
(1519, 'front_btn_choose_date', 'frontend', 'Button / Choose Date', 'script', '2023-11-22 13:42:48'),
(1520, 'front_price_not_available', 'frontend', 'Label / Price not available', 'script', NULL),
(1521, 'front_price_not_available_text', 'frontend', 'Label / Price not available text', 'script', '2023-11-22 13:42:01'),
(1522, 'front_date_change_message', 'frontend', 'Label / Date change message', 'script', NULL),
(1523, 'lblPricesLoadByDefault', 'backend', 'Label / Prices load by default', 'script', NULL),
(1524, 'front_pickup_address', 'frontend', 'Label / Pick-up address', 'script', '2023-11-22 11:22:43'),
(1525, 'front_dropoff_address', 'frontend', 'Label / Drop-off address', 'script', '2023-11-21 16:01:36'),
(1526, 'lblPickupAddress', 'frontend', 'Label / Pick-up address', 'script', NULL),
(1527, 'lblDropAddress', 'frontend', 'Label / Drop-off address', 'script', NULL),
(1528, 'opt_o_email_rating_subject', 'backend', 'Options / Rating email subject', 'script', NULL),
(1529, 'opt_o_email_rating_message', 'backend', 'Options / Rating email message', 'script', NULL),
(1530, 'lblSendRatingEmail', 'backend', 'Options / Rating email', 'script', NULL),
(1531, 'error_titles_ARRAY_AB13', 'arrays', 'error_titles_ARRAY_AB13', 'script', NULL),
(1532, 'error_bodies_ARRAY_AB13', 'arrays', 'error_bodies_ARRAY_AB13', 'script', NULL),
(1533, 'error_titles_ARRAY_AB14', 'arrays', 'error_titles_ARRAY_AB14', 'script', NULL),
(1534, 'error_bodies_ARRAY_AB14', 'arrays', 'error_bodies_ARRAY_AB14', 'script', NULL),
(1535, 'lblAirport', 'backend', 'Label / Airport?', 'script', NULL),
(1536, 'opt_o_message_bird_originator', 'backend', 'Options / Message bird originator', 'script', NULL),
(1537, 'opt_o_message_bird_access_key', 'backend', 'Options / Message bird access key', 'script', NULL),
(1538, 'lblStatusReturnTrip', 'backend', 'Label / Status return trip', 'script', NULL),
(1539, 'lblExtras', 'backend', 'Label / Extras', 'script', NULL),
(1540, 'lblPassengersReturn', 'backend', 'Label / Passengers return', 'script', NULL),
(1541, 'tabExportEmails', 'backend', 'Tab / Export Emails', 'script', NULL),
(1542, 'lblExportFrom', 'backend', 'Label / From', 'script', NULL),
(1543, 'lblExportTo', 'backend', 'Label / To', 'script', NULL),
(1544, 'btnExport', 'backend', 'Button / Export', 'script', NULL),
(1545, 'lblPrintReservationDetails', 'backend', 'Label / Print reservation details', 'script', NULL),
(1546, '_fleet_additional_discount_ARRAY_F', 'arrays', '_fleet_additional_discount_ARRAY_F', 'script', NULL),
(1547, '_fleet_additional_discount_ARRAY_T', 'arrays', '_fleet_additional_discount_ARRAY_T', 'script', NULL),
(1548, 'opt_o_email_arrival_confirmation', 'backend', 'Options / New booking arrival', 'script', NULL),
(1549, 'opt_o_email_arrival_confirmation_text', 'backend', 'Options / New booking arrival', 'script', NULL),
(1550, 'opt_o_email_arrival_confirmation_subject', 'backend', 'Options / Subject', 'script', NULL),
(1551, 'opt_o_email_arrival_confirmation_message', 'backend', 'Options / Message body', 'script', NULL),
(1552, 'opt_o_admin_email_arrival_confirmation', 'backend', 'Options / New booking arrival', 'script', NULL),
(1553, 'opt_o_admin_email_arrival_confirmation_text', 'backend', 'Options / New booking arrival', 'script', NULL),
(1554, 'opt_o_admin_email_arrival_confirmation_subject', 'backend', 'Options / Subject', 'script', NULL),
(1555, 'opt_o_admin_email_arrival_confirmation_message', 'backend', 'Options / Message body', 'script', NULL),
(1556, 'lblCopyLocationAndPrice', 'backend', 'Label / Copy prices & locations', 'script', NULL),
(1557, 'front_return_discount_info', 'frontend', 'Label / Return discount info', 'script', '2023-11-22 13:02:13'),
(1558, 'front_recommended_airport_pickup_time_info', 'frontend', 'Label / Recommended pick-up time info', 'script', '2023-11-22 11:19:01'),
(1559, 'front_recommended_pickup_time_info', 'frontend', 'Label / Recommended pick-up time info', 'script', '2023-11-21 15:59:35'),
(1560, 'front_step_booking_summary_1', 'frontend', 'Steps / Booking Summary', 'script', '2023-11-22 13:50:25'),
(1561, 'front_step_booking_summary_1_desc', 'frontend', 'Steps / Booking Summary', 'script', '2023-11-22 13:50:50'),
(1562, 'fleet_additional_discount_valid', 'backend', 'Label / Valid', 'script', NULL),
(1563, '_fleet_additional_discount_valid_ARRAY_always', 'arrays', '_fleet_additional_discount_valid_ARRAY_always', 'script', NULL),
(1564, '_fleet_additional_discount_valid_ARRAY_period', 'arrays', '_fleet_additional_discount_valid_ARRAY_period', 'script', NULL),
(1565, 'fleet_additional_discount_date_from', 'backend', 'Label / Date from', 'script', NULL),
(1566, 'fleet_additional_discount_date_to', 'backend', 'Label / Date to', 'script', NULL),
(1567, 'lblIconAirport', 'backend', 'Label / Icon airport', 'script', NULL),
(1568, 'lblIconTrain', 'backend', 'Label / Icon train station', 'script', NULL),
(1569, 'lblIconCity', 'backend', 'Label / Icon city', 'script', NULL),
(1570, 'lblIconSkiing', 'backend', 'Label / Icon skiing', 'script', NULL),
(1571, 'lblIcon', 'backend', 'Label / Icon', 'script', NULL),
(1572, 'menuInstall2', 'backend', 'Menu / Install 2', 'script', NULL),
(1573, 'lblStartingPoint', 'backend', 'Label / Starting point', 'script', NULL),
(1574, 'lblYourDestination', 'backend', 'Label / Your destination', 'script', NULL),
(1575, 'lblYourDate', 'backend', 'Label / Date', 'script', NULL),
(1576, 'lblSeePrices', 'backend', 'Label / See prices', 'script', '2023-11-21 15:25:43'),
(1577, 'opt_o_site_url', 'backend', 'Options / Site URL', 'script', NULL),
(1578, 'lblGridRemindClientForReturnViaEmail', 'backend', 'Label / Remind Client for Return Transfer', 'script', NULL),
(1579, 'lblGridRemindClientViaEmail', 'backend', 'Label / Remind Client for Transfer', 'script', NULL),
(1580, 'lblBookingDuplicate', 'backend', 'Label / Duplicate booking', 'script', NULL),
(1581, 'menuArrivalNotice', 'backend', 'Menu / Send Arrival Notice', 'script', NULL),
(1582, 'error_titles_ARRAY_AOAN01', 'arrays', 'error_titles_ARRAY_AOAN01', 'script', NULL),
(1583, 'error_bodies_ARRAY_AOAN01', 'arrays', 'error_bodies_ARRAY_AOAN01', 'script', NULL),
(1584, 'lblPrintReservationDetailsSingle', 'backend', 'Label / Print reservation details single', 'script', NULL),
(1585, 'lblPrintReservationDetailsSingle2', 'backend', 'Label / Print reservation details single (first trip)', 'script', NULL),
(1586, 'lblPrintReservationDetailsSingle3', 'backend', 'Label / Print reservation details single (return trip)', 'script', NULL);
INSERT INTO `transfer_reservation_fields` (`id`, `key`, `type`, `label`, `source`, `modified`) VALUES
(1587, 'lblOrderIndex', 'backend', 'Label / Order index', 'script', NULL),
(1588, 'opt_o_link_to_inquiry_form', 'backend', 'Options / Link to inquiry form', 'script', NULL),
(1589, 'lblSendInquiry', 'backend', 'Label / Send inquiry', 'script', '2023-11-22 13:47:15'),
(1590, 'lblVehicleCrossedOutPrice', 'backend', 'Label / Crossed-out price', 'script', NULL),
(1591, 'lblReportBookingsCreated', 'backend', 'Label / Bookings created', 'script', NULL),
(1592, 'payment_methods_short_ARRAY_authorize', 'arrays', 'payment_methods_short_ARRAY_authorize', 'script', NULL),
(1593, 'payment_methods_short_ARRAY_bank', 'arrays', 'payment_methods_short_ARRAY_bank', 'script', NULL),
(1594, 'payment_methods_short_ARRAY_cash', 'arrays', 'payment_methods_short_ARRAY_cash', 'script', NULL),
(1595, 'payment_methods_short_ARRAY_creditcard', 'arrays', 'payment_methods_short_ARRAY_creditcard', 'script', NULL),
(1596, 'payment_methods_short_ARRAY_creditcard_later', 'arrays', 'payment_methods_short_ARRAY_creditcard_later', 'script', NULL),
(1597, 'payment_methods_short_ARRAY_paypal', 'arrays', 'payment_methods_short_ARRAY_paypal', 'script', NULL),
(1598, 'lblBookingCustomizedNamePlate', 'backend', 'Label / Customized name plate', 'script', NULL),
(1599, 'opt_o_driver_script_path', 'backend', 'Options / Path to Driver Script', 'script', NULL),
(1600, 'lblPriceTransfer', 'backend', 'Label / Transfer', 'script', NULL),
(1601, 'lblPriceFirstTransfer', 'backend', 'Label / Price first transfer', 'script', NULL),
(1602, 'lblPriceReturnTransfer', 'backend', 'Label / Price return transfer', 'script', NULL),
(1603, 'lblPercent', 'backend', 'Label / Percent', 'script', NULL),
(1604, 'lblBookingGoogleMapsLink', 'backend', 'Label / Google maps link', 'script', NULL),
(1605, 'lblBookingPickupGoogleMapsLink', 'backend', 'Label / Pick-up google maps link', 'script', NULL),
(1606, 'lblBookingDropoffGoogleMapsLink', 'backend', 'Label / Drop-off google maps link', 'script', NULL),
(1607, 'front_free_cancellation_msg', 'frontend', 'Label / Free cancellation up to 12 hours before your transfer', 'script', '2023-11-22 14:28:38'),
(1608, 'lblVehicleBadget', 'backend', 'Label / Badget', 'script', NULL),
(1609, 'front_more_info', 'frontend', 'Label / More info', 'script', NULL),
(1610, 'front_no_credit_card_fee', 'frontend', 'Label / No credit card fees', 'script', '2023-11-21 15:35:32'),
(1611, 'front_free_cancellation_wt', 'frontend', 'Label / Free cancellation & Waiting Time', 'script', NULL),
(1612, 'front_meet_freet_service', 'frontend', 'Label / Meet & Greet-Service', 'script', NULL),
(1613, 'front_badget_free_cancellation', 'frontend', 'Label / Free cancellation', 'script', '2023-11-21 15:44:22'),
(1614, 'front_your_transfer_from', 'frontend', 'Label / Your transfer is from', 'script', '2023-11-21 15:51:44'),
(1615, 'front_stress_free', 'frontend', 'Label / Travel stress free! We monitor your flight number and in case of delay, we will always wait for you!', 'script', '2023-11-21 15:48:49'),
(1616, 'front_select_flight_landing_time', 'frontend', 'Label / Please select your flight landing time', 'script', '2023-11-21 15:55:23'),
(1617, 'front_going_to', 'frontend', 'Label / You are goning to', 'script', '2023-11-21 15:55:42'),
(1618, 'front_discount_code_desc', 'frontend', 'Label / Discount code', 'script', '2023-11-22 12:01:32'),
(1619, 'front_payment_method_desc', 'frontend', 'Label / Payment method', 'script', NULL),
(1620, 'payment_methods_desc_ARRAY_authorize', 'arrays', 'payment_methods_desc_ARRAY_authorize', 'script', '2023-11-22 12:33:35'),
(1621, 'payment_methods_desc_ARRAY_bank', 'arrays', 'payment_methods_desc_ARRAY_bank', 'script', NULL),
(1622, 'payment_methods_desc_ARRAY_cash', 'arrays', 'payment_methods_desc_ARRAY_cash', 'script', '2023-11-22 12:04:36'),
(1623, 'payment_methods_desc_ARRAY_creditcard', 'arrays', 'payment_methods_desc_ARRAY_creditcard', 'script', NULL),
(1624, 'payment_methods_desc_ARRAY_creditcard_later', 'arrays', 'payment_methods_desc_ARRAY_creditcard_later', 'script', '2023-11-22 12:06:10'),
(1625, 'payment_methods_desc_ARRAY_paypal', 'arrays', 'payment_methods_desc_ARRAY_paypal', 'script', NULL),
(1626, 'opt_o_google_api_key', 'backend', 'Options / Google API key', 'script', NULL),
(1627, 'opt_o_default_country', 'backend', 'Options / Default country', 'script', NULL),
(1628, 'opt_o_max_base_station_distance', 'backend', 'Label / Maximum Base station distance', 'script', NULL),
(1629, 'opt_o_min_travel_distance', 'backend', 'Label / Minimum travel distance', 'script', NULL),
(1630, 'menuStations', 'backend', 'Menu / Stations', 'script', NULL),
(1631, 'lblStationTitle', 'backend', 'Label / Title', 'script', NULL),
(1632, 'lblStationAddress', 'backend', 'Label / Address', 'script', NULL),
(1633, 'lblStationBaseStation', 'backend', 'Label / Base station', 'script', NULL),
(1634, 'lblStationStartFee', 'backend', 'Label / Start fee', 'script', NULL),
(1635, 'btnAddStation', 'backend', 'Button / + Add station', 'script', NULL),
(1636, 'infoStationsTitle', 'backend', 'Infobox / Stations Title', 'script', NULL),
(1637, 'infoStationsBody', 'backend', 'Infobox / Stations Body', 'script', NULL),
(1638, 'infoAddStationTitle', 'backend', 'Infobox / Add Station Title', 'script', NULL),
(1639, 'infoAddStationBody', 'backend', 'Infobox / Add Station Body', 'script', NULL),
(1640, 'infoUpdateStationTitle', 'backend', 'Infobox / Update Station Title', 'script', NULL),
(1641, 'infoUpdateStationBody', 'backend', 'Infobox / Update Station Body', 'script', NULL),
(1642, 'error_titles_ARRAY_ASTA01', 'arrays', 'error_titles_ARRAY_ASTA01', 'script', NULL),
(1643, 'error_bodies_ARRAY_ASTA01', 'arrays', 'error_bodies_ARRAY_ASTA01', 'script', NULL),
(1644, 'error_titles_ARRAY_ASTA02', 'arrays', 'error_titles_ARRAY_ASTA02', 'script', NULL),
(1645, 'error_bodies_ARRAY_ASTA02', 'arrays', 'error_bodies_ARRAY_ASTA02', 'script', NULL),
(1646, 'error_titles_ARRAY_ASTA03', 'arrays', 'error_titles_ARRAY_ASTA03', 'script', NULL),
(1647, 'error_bodies_ARRAY_ASTA03', 'arrays', 'error_bodies_ARRAY_ASTA03', 'script', NULL),
(1648, 'error_titles_ARRAY_ASTA04', 'arrays', 'error_titles_ARRAY_ASTA04', 'script', NULL),
(1649, 'error_bodies_ARRAY_ASTA04', 'arrays', 'error_bodies_ARRAY_ASTA04', 'script', NULL),
(1650, 'lblFromInKm', 'backend', 'Label / From (km)', 'script', NULL),
(1651, 'lblToInKm', 'backend', 'Label / To (km)', 'script', NULL),
(1652, 'lblPricePerKm', 'backend', 'Label / Price per km', 'script', NULL),
(1653, 'pj_digits_validation', 'backend', 'Label / Please enter only digits', 'script', NULL),
(1654, 'lblToGreaterThanFrom', 'backend', 'Label / To must be greater than From', 'script', NULL),
(1655, 'lblLocationAddress', 'backend', 'Label / Pick-up location address', 'script', NULL),
(1656, 'lblStationRadius', 'backend', 'Label / Radius', 'script', NULL),
(1657, 'lblStationFee', 'backend', 'Label / Station fee', 'script', NULL),
(1658, 'lblStationFeePerPerson', 'backend', 'Label / Fee per person', 'script', NULL),
(1659, 'lblFleetStartFee', 'backend', 'Label / Start fee', 'script', NULL),
(1660, 'lblFleetFeePerPerson', 'backend', 'Label / Fee per person', 'script', NULL),
(1661, 'menuAreas', 'backend', 'Menu / Areas', 'script', NULL),
(1662, 'lblAreaName', 'backend', 'Label / Name', 'script', NULL),
(1663, 'btnDeleteShape', 'backend', 'Label / Delete Selected Shape', 'script', NULL),
(1664, 'infoAreasTitle', 'backend', 'Infobox / Areas Title', 'script', NULL),
(1665, 'infoAreasBody', 'backend', 'Infobox / Areas Body', 'script', NULL),
(1666, 'infoAddAreaTitle', 'backend', 'Infobox / Add Area Title', 'script', NULL),
(1667, 'infoAddAreaBody', 'backend', 'Infobox / Add Area Body', 'script', NULL),
(1668, 'infoUpdateAreaTitle', 'backend', 'Infobox / Update Area Title', 'script', NULL),
(1669, 'infoUpdateAreaBody', 'backend', 'Infobox / Update Area Body', 'script', NULL),
(1670, 'error_titles_ARRAY_AAREA01', 'arrays', 'error_titles_ARRAY_AAREA01', 'script', NULL),
(1671, 'error_bodies_ARRAY_AAREA01', 'arrays', 'error_bodies_ARRAY_AAREA01', 'script', NULL),
(1672, 'error_titles_ARRAY_AAREA02', 'arrays', 'error_titles_ARRAY_AAREA02', 'script', NULL),
(1673, 'error_bodies_ARRAY_AAREA02', 'arrays', 'error_bodies_ARRAY_AAREA02', 'script', NULL),
(1674, 'error_titles_ARRAY_AAREA03', 'arrays', 'error_titles_ARRAY_AAREA03', 'script', NULL),
(1675, 'error_bodies_ARRAY_AAREA03', 'arrays', 'error_bodies_ARRAY_AAREA03', 'script', NULL),
(1676, 'error_titles_ARRAY_AAREA04', 'arrays', 'error_titles_ARRAY_AAREA04', 'script', NULL),
(1677, 'error_bodies_ARRAY_AAREA04', 'arrays', 'error_bodies_ARRAY_AAREA04', 'script', NULL),
(1678, 'lblAddArea', 'backend', 'Label / Add area', 'script', NULL),
(1679, 'lblLocationAreas', 'backend', 'Label / Areas', 'script', NULL),
(1680, 'lblPlaceName', 'backend', 'Label / Name', 'script', NULL),
(1681, 'btnClose', 'backend', 'Button / Close', 'script', NULL),
(1682, 'lblPlacesCities', 'backend', 'Label / Places/Cities', 'script', NULL),
(1683, 'front_search_locations_empty', 'frontend', 'Label / No results found', 'script', NULL),
(1684, 'front_search_locations_searching', 'frontend', 'Label / Searching...', 'script', '2023-11-21 15:24:04'),
(1685, 'lblSetPlaceName', 'backend', 'Label / Set place name', 'script', NULL),
(1686, 'front_btn_send_inquiry', 'frontend', 'Button / Send Inquiry', 'script', '2023-11-22 13:47:15'),
(1687, 'lblTransferFrom', 'backend', 'Label / From', 'script', NULL),
(1688, 'lblTransferTo', 'backend', 'Label / To', 'script', NULL),
(1689, 'front_check_transfer_msg_ARRAY_1', 'arrays', 'front_check_transfer_msg_ARRAY_1', 'script', NULL),
(1690, 'lblLocationArea', 'backend', 'Label / Area', 'script', NULL),
(1691, 'lblStationFreeStartingFee', 'backend', 'Label / Free starting free', 'script', NULL),
(1692, 'lblStationMinTravelDistance', 'backend', 'Label / Minimum travel distance', 'script', NULL),
(1693, 'lblStationMaxBaseStationDistance', 'backend', 'Label / Maximum base station distance', 'script', NULL),
(1694, 'lblDisableThisArea', 'backend', 'Label / Disable this area', 'script', NULL),
(1695, 'lblVehicleBaseStation', 'backend', 'Label / Base station', 'script', NULL),
(1696, 'front_button_price_inquiry', 'frontend', 'Button / Price Inquiry', 'script', NULL),
(1697, 'front_price_inquiry_text', 'frontend', 'Label / Price Inquiry text', 'script', NULL),
(1698, 'payment_methods_ARRAY_saferpay', 'arrays', 'payment_methods_ARRAY_saferpay', 'script', '2023-11-22 12:20:57'),
(1699, 'payment_methods_desc_ARRAY_saferpay', 'arrays', 'payment_methods_desc_ARRAY_saferpay', 'script', '2023-11-22 12:18:21'),
(1700, 'opt_o_no_credit_card_fees_info', 'backend', 'Options / No credit card fees', 'script', NULL),
(1701, 'opt_o_free_waiting_time_info', 'backend', 'Options / Free waiting time', 'script', NULL),
(1702, 'opt_o_meet_greet_service_info', 'backend', 'Options / Meet & Greet – Service', 'script', NULL),
(1703, 'opt_o_no_additional_costs_info', 'backend', 'Options / No additional costs', 'script', NULL),
(1704, 'opt_o_meet_greet_info', 'backend', 'Options / Meet & Greet', 'script', NULL),
(1705, 'opt_o_no_payment_in_advance_info', 'backend', 'Options / No payment in advance', 'script', NULL),
(1706, 'opt_o_customer_service_info', 'backend', 'Options / 24/7 Customer service', 'script', NULL),
(1707, 'opt_o_allow_saferpay', 'backend', 'Options / Allow payments with PaySafe', 'script', NULL),
(1708, 'opt_o_saferpay_username', 'backend', 'Options / Username', 'script', NULL),
(1709, 'opt_o_saferpay_password', 'backend', 'Options / Password', 'script', NULL),
(1710, 'opt_o_saferpay_customer_id', 'backend', 'Options / Customer ID', 'script', NULL),
(1711, 'opt_o_saferpay_terminal_id', 'backend', 'Options / Terminal ID', 'script', NULL),
(1712, 'tabGeneralInformation', 'backend', 'Tab / General Information', 'script', NULL),
(1713, 'lblVehicleModel', 'backend', 'Label / Model', 'script', NULL),
(1714, 'lblExtraPrice', 'backend', 'Label / Price', 'script', NULL),
(1715, 'lblFree', 'backend', 'Label / Free', 'script', NULL),
(1716, 'pj_number_validation', 'backend', 'Label / Please enter a valid number.', 'script', NULL),
(1717, 'infoGeneralInformationTitle', 'backend', 'Info / General information title', 'script', NULL),
(1718, 'infoGeneralInformationDesc', 'backend', 'Info / General information body', 'script', NULL),
(1719, 'error_titles_ARRAY_AO07', 'arrays', 'error_titles_ARRAY_AO07', 'script', NULL),
(1720, 'error_bodies_ARRAY_AO07', 'arrays', 'error_bodies_ARRAY_AO07', 'script', NULL),
(1721, 'front_label_free', 'frontend', 'Label / Free', 'script', '2023-11-22 11:15:57'),
(1722, 'lblPriceExtra', 'backend', 'Label / Extra price', 'script', NULL),
(1723, 'front_extra_price', 'frontend', 'Label / Extra price', 'script', NULL),
(1724, 'front_your_booking_completed', 'frontend', 'Label / Your reservation has been completed.', 'script', NULL),
(1725, 'front_messages_ARRAY_6', 'arrays', 'front_messages_ARRAY_6', 'script', '2021-12-07 11:28:56'),
(1726, 'front_messages_ARRAY_7', 'arrays', 'front_messages_ARRAY_7', 'script', '2021-12-07 11:28:56'),
(1727, 'payment_methods_short_ARRAY_saferpay', 'arrays', 'payment_methods_short_ARRAY_saferpay', 'script', NULL),
(1728, 'short_days_ARRAY_0', 'arrays', 'short_days_ARRAY_0', 'script', '2023-11-21 15:38:51'),
(1729, 'short_days_ARRAY_1', 'arrays', 'short_days_ARRAY_1', 'script', NULL),
(1730, 'short_days_ARRAY_2', 'arrays', 'short_days_ARRAY_2', 'script', '2023-11-21 15:37:59'),
(1731, 'short_days_ARRAY_3', 'arrays', 'short_days_ARRAY_3', 'script', '2023-11-21 15:38:12'),
(1732, 'short_days_ARRAY_4', 'arrays', 'short_days_ARRAY_4', 'script', '2023-11-21 15:38:28'),
(1733, 'short_days_ARRAY_5', 'arrays', 'short_days_ARRAY_5', 'script', NULL),
(1734, 'short_days_ARRAY_6', 'arrays', 'short_days_ARRAY_6', 'script', NULL),
(1735, 'front_add_return_transfer', 'frontend', 'Label / Add return transfer', 'script', '2023-11-21 15:25:20'),
(1736, 'front_one_way', 'frontend', 'Label / One Way', 'script', '2023-11-21 15:24:27'),
(1737, 'front_with_return', 'frontend', 'Label / With Return', 'script', '2023-11-21 15:26:47'),
(1738, 'front_return_transfer_date', 'frontend', 'Label / Return transfer date', 'script', '2023-11-22 13:41:13'),
(1739, 'front_transfer_date', 'frontend', 'Label / Transfer date', 'script', '2023-11-21 15:24:53'),
(1740, 'front_button_see_prices', 'frontend', 'Button / See Prices', 'script', '2023-11-21 15:25:43'),
(1741, 'front_free_cancellation_title', 'frontend', 'Info / Free cancellation title', 'script', '2023-11-21 15:30:58'),
(1742, 'front_free_cancellation_desc', 'frontend', 'Info / Free cancellation desc', 'script', '2023-11-21 15:40:13'),
(1743, 'front_search_fleets_error_title', 'frontend', 'Info / Price canculation not possible title', 'script', NULL),
(1744, 'front_search_fleets_error_desc', 'frontend', 'Info / Price canculation not possible desc', 'script', NULL),
(1745, 'front_fleets_empty_title', 'frontend', 'Info / No vehicles found title', 'script', NULL),
(1746, 'front_fleets_empty_desc', 'frontend', 'Info / No vehicles found desc', 'script', NULL),
(1747, 'front_max_suitcases', 'frontend', 'Label / Max suitcases per vehicle', 'script', '2023-11-21 15:35:05'),
(1748, 'front_free_wt', 'frontend', 'Label / Free waiting time', 'script', '2023-11-21 15:36:00'),
(1749, 'front_total_oneway_price', 'frontend', 'Label / Total one way price for all passengers', 'script', '2023-11-22 10:57:39'),
(1750, 'front_total_roundtrip_price', 'frontend', 'Label / Free waiting time', 'script', '2023-11-21 15:44:00'),
(1751, 'front_button_more_info', 'frontend', 'Button / More information', 'script', '2023-11-21 15:36:45'),
(1752, 'front_label_vehicle', 'frontend', 'Label / Vehicle', 'script', '2023-11-22 12:58:55'),
(1753, 'front_vehicle_services_info', 'frontend', 'Label / Vehicle service info', 'script', '2023-11-22 13:00:05'),
(1754, 'front_vehicle_services_1_info_title', 'frontend', 'Label / Vehicle service info', 'script', '2023-11-22 13:00:32'),
(1755, 'front_vehicle_services_1_info_desc', 'frontend', 'Label / Vehicle service info', 'script', '2023-11-22 13:03:09'),
(1756, 'front_vehicle_services_2_info_title', 'frontend', 'Label / Vehicle service info', 'script', NULL),
(1757, 'front_vehicle_services_2_info_desc', 'frontend', 'Label / Vehicle service info', 'script', '2023-11-22 13:15:23'),
(1758, 'front_vehicle_services_3_info_title', 'frontend', 'Label / Vehicle service info', 'script', '2023-11-22 13:01:01'),
(1759, 'front_vehicle_services_3_info_desc', 'frontend', 'Label / Vehicle service info', 'script', '2023-11-22 13:23:14'),
(1760, 'front_vehicle_services_4_info_title', 'frontend', 'Label / Vehicle service info', 'script', '2023-11-22 13:01:19'),
(1761, 'front_vehicle_services_4_info_desc', 'frontend', 'Label / Vehicle service info', 'script', '2023-11-22 13:23:36'),
(1762, 'front_add_return_transfer_note', 'frontend', 'Label / Add return transfer note', 'script', '2023-11-22 13:27:51'),
(1763, 'front_add_return_transfer_note_with_discount', 'frontend', 'Label / Add return transfer note', 'script', '2023-11-22 13:27:26'),
(1764, 'front_button_add_return_transfer', 'frontend', 'Button / Add return transfer', 'script', '2023-11-21 15:25:20'),
(1765, 'front_extras_info', 'frontend', 'Label / Extras', 'script', '2023-11-22 11:15:21'),
(1766, 'front_booking_details_departure', 'frontend', 'Label / Booking details departure', 'script', '2023-11-21 15:49:12'),
(1767, 'front_step_departure_desc', 'frontend', 'Label / Booking details departure desc', 'script', NULL),
(1768, 'front_how_many_persons', 'frontend', 'Label / How many persons?', 'script', '2023-11-21 15:52:13'),
(1769, 'front_arrival_time', 'frontend', 'Label / Arrival time', 'script', '2023-11-22 13:31:15'),
(1770, 'front_optional', 'frontend', 'Label / Optional', 'script', NULL),
(1771, 'front_dropoff_address_desc', 'frontend', 'Label / Please enter drop off address', 'script', '2023-11-22 10:55:02'),
(1772, 'front_hotel_pension', 'frontend', 'Label / Name of Hotel or Pension', 'script', '2023-11-21 16:01:05'),
(1773, 'front_accommodation_name', 'frontend', 'Label / Accommodation name', 'script', '2023-11-21 16:01:46'),
(1774, 'front_accommodation_name_desc', 'frontend', 'Label / Accommodation name', 'script', '2023-11-22 10:55:29'),
(1775, 'front_select_pickup_time', 'frontend', 'Label / Select pick-up time', 'script', '2023-11-22 11:23:12'),
(1776, 'front_pickup_address_desc', 'frontend', 'Label / Pick-up address', 'script', '2023-11-22 11:31:01'),
(1777, 'front_select_flight_departure_time', 'frontend', 'Label / Departure time', 'script', '2023-11-22 11:31:39'),
(1778, 'front_booking_details_return', 'frontend', 'Label / Booking Details Return', 'script', '2023-11-22 11:17:00'),
(1779, 'front_remove_return_transfer', 'frontend', 'Label / Remove return transfer', 'script', '2023-11-22 11:16:45'),
(1780, 'front_verify_return_transfer_date', 'frontend', 'Label / Please verify your return transfer date', 'script', '2023-11-22 11:18:05'),
(1781, 'front_total_price_all_inclusive', 'frontend', 'Label / Total price', 'script', '2023-11-22 11:12:34'),
(1782, 'front_route_details', 'frontend', 'Label / Route details', 'script', '2023-11-22 11:13:00'),
(1783, 'front_cart_estimated_time', 'frontend', 'Label / Estimated time', 'script', '2023-11-22 11:13:48'),
(1784, 'front_cart_estimated_distance', 'frontend', 'Label / Estimated distance', 'script', '2023-11-22 11:13:48'),
(1785, 'front_button_go_back', 'frontend', 'Button / Go back', 'script', '2023-11-22 11:16:27'),
(1786, 'front_passgener_details', 'frontend', 'Info / Passenger details', 'script', '2023-11-22 11:59:43'),
(1787, 'front_passgener_details_desc', 'frontend', 'Info / Passenger details', 'script', '2023-11-22 11:34:52'),
(1788, 'front_fname_placeholder', 'frontend', 'Label / First name', 'script', '2023-11-22 11:37:13'),
(1789, 'front_fname_desc', 'frontend', 'Label / First name', 'script', '2023-11-22 11:37:37'),
(1790, 'front_lname_placeholder', 'frontend', 'Label / Surname', 'script', '2023-11-22 11:38:28'),
(1791, 'front_lname_desc', 'frontend', 'Label / Surname', 'script', '2023-11-22 11:38:48'),
(1792, 'front_front_country_desc', 'frontend', 'Label / Email address', 'script', NULL),
(1793, 'front_mobile_phone', 'frontend', 'Label / Mobile phone number', 'script', '2023-11-22 11:59:01'),
(1794, 'front_mobile_phone_placeholder', 'frontend', 'Label / Mobile phone number', 'script', NULL),
(1795, 'front_mobile_phone_desc', 'frontend', 'Label / Mobile phone number', 'script', '2023-11-22 11:59:01'),
(1796, 'front_country_desc', 'frontend', 'Label / Choose your contry', 'script', '2023-11-22 11:55:45'),
(1797, 'front_cc_owner_desc', 'frontend', 'Label / Credit card owner', 'script', NULL),
(1798, 'front_cc_num_placeholder', 'frontend', 'Label / Card number', 'script', NULL),
(1799, 'front_cc_expire_date', 'frontend', 'Label / Card expiredate', 'script', NULL),
(1800, 'front_now_to_pay', 'frontend', 'Label / Now to pay', 'script', '2023-11-29 18:06:08'),
(1801, 'front_rest_to_pay', 'frontend', 'Label / Rest to pay', 'script', '2023-11-29 18:06:20'),
(1802, 'front_full_price_charged_desc', 'frontend', 'Label / Full price charged', 'script', '2023-11-29 18:07:31'),
(1803, 'front_messages_ARRAY_8', 'arrays', 'front_messages_ARRAY_8', 'script', '2021-12-07 11:28:56'),
(1804, 'lblExtraImage', 'backend', 'Label / Image', 'script', NULL),
(1805, 'front_free_cancellation_desc_1', 'frontend', 'Info / Free cancellation desc', 'script', '2023-11-22 14:06:45'),
(1806, 'front_label_done', 'frontend', 'Label / Done', 'script', '2023-11-22 11:33:42'),
(1807, 'menuReturnExtras', 'backend', 'Label / Return extras', 'script', NULL),
(1808, 'front_messages_ARRAY_9', 'arrays', 'front_messages_ARRAY_9', 'script', '2021-12-07 11:28:56'),
(1809, 'front_messages_ARRAY_10', 'arrays', 'front_messages_ARRAY_10', 'script', '2021-12-07 11:28:56'),
(1810, 'front_extra_outward_transfer', 'frontend', 'Label / Outward transfer', 'script', '2023-11-22 11:32:02'),
(1811, 'front_extra_return_transfer', 'frontend', 'Label / Return transfer', 'script', '2023-11-22 11:32:35'),
(1812, 'front_messages_ARRAY_11', 'arrays', 'front_messages_ARRAY_11', 'script', '2021-12-07 11:28:56'),
(1813, 'front_messages_ARRAY_12', 'arrays', 'front_messages_ARRAY_12', 'script', '2021-12-07 11:28:56'),
(1814, 'front_btn_book_and_pay', 'frontend', 'Button / Book Now & Pay', 'script', '2023-11-29 18:09:26'),
(1815, 'front_btn_finish_your_booking', 'frontend', 'Button / Finish your booking', 'script', NULL),
(1816, 'front_select_payment_options_desc', 'frontend', 'Info / Select payment options note', 'script', '2023-11-29 18:08:23'),
(1817, 'front_payment_title', 'frontend', 'Label / Payment', 'script', NULL),
(1818, 'booking_statuses_ARRAY_in_progress', 'arrays', 'booking_statuses_ARRAY_in_progress', 'script', NULL),
(1819, 'lblInProgressReservations', 'backend', 'Label / Booking in Progress', 'script', NULL),
(1820, 'opt_o_creditcard_later_fee', 'backend', 'Options / Credit card fee', 'script', NULL),
(1821, 'opt_o_saferpay_fee', 'backend', 'Options / Credit card fee', 'script', NULL),
(1822, 'front_credit_card_fee', 'frontend', 'Label / Credit card fee', 'script', NULL),
(1823, 'lblCreditCardFee', 'backend', 'Label / Credit card fee', 'script', NULL),
(1824, 'front_select_transfer_date_title', 'frontend', 'Label / Please select transfer date', 'script', NULL),
(1825, 'front_select_return_transfer_date_title', 'frontend', 'Label / Please select return transfer date', 'script', NULL),
(1826, 'front_select_time_of_arrival_title', 'frontend', 'Label / Please select time of arrival', 'script', NULL),
(1827, 'front_select_pickup_time_title', 'frontend', 'Label / Please select pickup time', 'script', NULL),
(1828, 'front_select_flight_departure_time_title', 'frontend', 'Label / Please select flight departure time', 'script', NULL),
(1829, 'opt_o_email_payment_link', 'backend', 'Options / Payment link', 'script', NULL),
(1830, 'opt_o_email_payment_link_text', 'backend', 'Options / Payment link', 'script', NULL),
(1831, 'opt_o_email_payment_link_subject', 'backend', 'Options / Subject', 'script', NULL),
(1832, 'opt_o_email_payment_link_message', 'backend', 'Options / Message body', 'script', NULL),
(1833, 'lblSendPaymentLink', 'backend', 'Label / Send payment link', 'script', NULL),
(1834, 'lblUploadNameSign', 'backend', 'Label / Upload name sign', 'script', NULL),
(1835, 'lblDeleteNameSign', 'backend', 'Label / Delete name sign', 'script', NULL),
(1836, 'lblDeleteNameSignDesc', 'backend', 'Label / Delete name sign', 'script', NULL);

-- --------------------------------------------------------

--
-- Tabellenstruktur für Tabelle `transfer_reservation_fleets`
--

CREATE TABLE `transfer_reservation_fleets` (
  `id` int UNSIGNED NOT NULL,
  `min_passengers` int UNSIGNED DEFAULT NULL,
  `passengers` int UNSIGNED DEFAULT NULL,
  `return_discount_1` decimal(9,2) DEFAULT NULL,
  `return_discount_2` decimal(9,2) DEFAULT NULL,
  `return_discount_3` decimal(9,2) DEFAULT NULL,
  `return_discount_4` decimal(9,2) DEFAULT NULL,
  `return_discount_5` decimal(9,2) DEFAULT NULL,
  `return_discount_6` decimal(9,2) DEFAULT NULL,
  `return_discount_7` decimal(9,2) DEFAULT NULL,
  `luggage` int UNSIGNED DEFAULT NULL,
  `crossedout_price` decimal(9,2) DEFAULT NULL,
  `crossedout_type` enum('amount','percent') DEFAULT NULL,
  `start_fee` decimal(9,2) DEFAULT NULL,
  `source_path` varchar(255) DEFAULT NULL,
  `thumb_path` varchar(255) DEFAULT NULL,
  `image_name` varchar(255) DEFAULT NULL,
  `station_id` int DEFAULT NULL,
  `status` enum('T','F') NOT NULL DEFAULT 'T',
  `order_index` int UNSIGNED DEFAULT NULL,
  `modified` datetime DEFAULT NULL
) ENGINE=InnoDB DEFAULT CHARSET=utf8mb3;

--
-- Daten für Tabelle `transfer_reservation_fleets`
--

INSERT INTO `transfer_reservation_fleets` (`id`, `min_passengers`, `passengers`, `return_discount_1`, `return_discount_2`, `return_discount_3`, `return_discount_4`, `return_discount_5`, `return_discount_6`, `return_discount_7`, `luggage`, `crossedout_price`, `crossedout_type`, `start_fee`, `source_path`, `thumb_path`, `image_name`, `station_id`, `status`, `order_index`, `modified`) VALUES
(1, 1, 3, 3.00, 3.00, 3.00, 3.00, 3.00, NULL, NULL, 3, 20.00, 'percent', 0.00, 'app/web/upload/fleets/source/1_3fb115da369327c6ddad0eabb6cf8aa9.png', 'app/web/upload/fleets/thumb/1_3fb115da369327c6ddad0eabb6cf8aa9.png', '1_277083340265ec00d8b8c6db63ae6fa4.png', 1, 'T', 1, '2024-08-14 10:15:17'),
(2, 1, 8, 2.00, 2.00, 2.00, 2.00, 2.00, NULL, NULL, 10, 20.00, 'percent', 0.00, 'app/web/upload/fleets/source/2_af896a578413cd19ce08fc2090b5cf40.png', 'app/web/upload/fleets/thumb/2_af896a578413cd19ce08fc2090b5cf40.png', '2_0e1e63cce8ccf464db7a9dce46a1e620.png', 1, 'T', 2, '2024-08-14 09:42:03'),
(3, 1, 8, NULL, NULL, NULL, NULL, NULL, NULL, NULL, 10, 20.00, 'percent', 0.00, 'app/web/upload/fleets/source/3_9c2eb872228c950cbc2091202da97ae1.png', 'app/web/upload/fleets/thumb/3_9c2eb872228c950cbc2091202da97ae1.png', '3_d03c7632d3ec8e9e78afcf90016bdb3b.png', 1, 'T', 4, '2024-08-14 09:40:39'),
(4, 1, 3, NULL, NULL, NULL, NULL, NULL, NULL, NULL, 3, 20.00, 'percent', 0.00, 'app/web/upload/fleets/source/4_d502adc2cec9aeb340754c50460639c0.jpg', 'app/web/upload/fleets/thumb/4_d502adc2cec9aeb340754c50460639c0.jpg', '13_d25d9f48e3a2792ee4e1440f020cc334.jpg', 1, 'T', 3, '2024-08-14 09:42:05'),
(5, 9, 16, 2.00, 2.00, 2.00, 2.00, 2.00, NULL, NULL, 20, 20.00, 'percent', 0.00, 'app/web/upload/fleets/source/5_42cb5a4c3e12cb613a512b964500cb07.png', 'app/web/upload/fleets/thumb/5_42cb5a4c3e12cb613a512b964500cb07.png', '2_0e1e63cce8ccf464db7a9dce46a1e620.png', 1, 'T', 5, '2024-08-14 09:41:58'),
(6, 1, 3, NULL, NULL, NULL, NULL, NULL, NULL, NULL, 3, 20.00, 'percent', 0.00, 'app/web/upload/fleets/source/6_bfee777e13609f5279755b632355f3db.png', 'app/web/upload/fleets/thumb/6_bfee777e13609f5279755b632355f3db.png', '1_277083340265ec00d8b8c6db63ae6fa4.png', 2, 'T', NULL, '2024-08-27 16:12:57'),
(7, 1, 8, NULL, NULL, NULL, NULL, NULL, NULL, NULL, 10, 20.00, 'percent', 0.00, 'app/web/upload/fleets/source/7_e526468aceb99ae59c1a7efca486a903.png', 'app/web/upload/fleets/thumb/7_e526468aceb99ae59c1a7efca486a903.png', '2_0e1e63cce8ccf464db7a9dce46a1e620.png', 2, 'T', NULL, '2024-08-27 16:12:57'),
(8, 1, 8, NULL, NULL, NULL, NULL, NULL, NULL, NULL, 10, 20.00, 'percent', 0.00, 'app/web/upload/fleets/source/8_e1e6b8f44eb453013415381ac41a3aad.png', 'app/web/upload/fleets/thumb/8_e1e6b8f44eb453013415381ac41a3aad.png', '3_d03c7632d3ec8e9e78afcf90016bdb3b.png', 2, 'T', NULL, '2024-08-27 16:12:57'),
(9, 1, 3, NULL, NULL, NULL, NULL, NULL, NULL, NULL, 3, 20.00, 'percent', NULL, 'app/web/upload/fleets/source/9_33c9ab80eba64e5f50e8911f9b6e1aa1.jpg', 'app/web/upload/fleets/thumb/9_33c9ab80eba64e5f50e8911f9b6e1aa1.jpg', '13_d25d9f48e3a2792ee4e1440f020cc334.jpg', 2, 'T', NULL, '2024-08-27 16:12:57'),
(10, 9, 16, NULL, NULL, NULL, NULL, NULL, NULL, NULL, 20, 20.00, 'percent', NULL, 'app/web/upload/fleets/source/10_1f198305652d4428d73b5ce048d5f505.png', 'app/web/upload/fleets/thumb/10_1f198305652d4428d73b5ce048d5f505.png', '2_0e1e63cce8ccf464db7a9dce46a1e620.png', 2, 'T', NULL, '2024-08-27 10:38:00'),
(11, 1, 3, NULL, NULL, NULL, NULL, NULL, NULL, NULL, 3, 20.00, 'percent', NULL, 'app/web/upload/fleets/source/11_f60421ee12bbdc2d8f16ad66f28c23a8.png', 'app/web/upload/fleets/thumb/11_f60421ee12bbdc2d8f16ad66f28c23a8.png', '1_277083340265ec00d8b8c6db63ae6fa4.png', 4, 'T', NULL, '2024-08-27 10:38:00'),
(12, 1, 8, NULL, NULL, NULL, NULL, NULL, NULL, NULL, 10, 20.00, 'percent', NULL, 'app/web/upload/fleets/source/12_ea64cb823da850a02e8bb7c0364833c8.png', 'app/web/upload/fleets/thumb/12_ea64cb823da850a02e8bb7c0364833c8.png', '2_0e1e63cce8ccf464db7a9dce46a1e620.png', 4, 'T', NULL, '2024-08-27 10:38:00'),
(13, 9, 16, NULL, NULL, NULL, NULL, NULL, NULL, NULL, 20, 20.00, 'percent', NULL, 'app/web/upload/fleets/source/13_1193a89d171744d7d1aea860a1f1a847.png', 'app/web/upload/fleets/thumb/13_1193a89d171744d7d1aea860a1f1a847.png', '2_0e1e63cce8ccf464db7a9dce46a1e620.png', 4, 'T', NULL, '2024-08-27 10:38:00'),
(14, 1, 3, NULL, NULL, NULL, NULL, NULL, NULL, NULL, 3, 20.00, 'percent', NULL, 'app/web/upload/fleets/source/14_e78f79f2d0bf383b6426478183c7318b.jpg', 'app/web/upload/fleets/thumb/14_e78f79f2d0bf383b6426478183c7318b.jpg', '13_d25d9f48e3a2792ee4e1440f020cc334.jpg', 4, 'T', NULL, '2024-08-27 10:38:00'),
(15, 1, 8, NULL, NULL, NULL, NULL, NULL, NULL, NULL, 10, 20.00, 'percent', NULL, 'app/web/upload/fleets/source/15_e8f3744814c60b3f680b57ab1dcf26fa.png', 'app/web/upload/fleets/thumb/15_e8f3744814c60b3f680b57ab1dcf26fa.png', '3_d03c7632d3ec8e9e78afcf90016bdb3b.png', 4, 'T', NULL, '2024-08-27 10:38:07'),
(16, 1, 3, NULL, NULL, NULL, NULL, NULL, NULL, NULL, 3, 20.00, 'percent', NULL, 'app/web/upload/fleets/source/16_c5e1b45186d59e5464d0457368c119b3.png', 'app/web/upload/fleets/thumb/16_c5e1b45186d59e5464d0457368c119b3.png', '1_277083340265ec00d8b8c6db63ae6fa4.png', 3, 'T', NULL, '2024-08-27 10:38:00'),
(17, 1, 8, NULL, NULL, NULL, NULL, NULL, NULL, NULL, 10, 20.00, 'percent', NULL, 'app/web/upload/fleets/source/17_5eef2da530906915d9e133addf8780c8.png', 'app/web/upload/fleets/thumb/17_5eef2da530906915d9e133addf8780c8.png', '2_0e1e63cce8ccf464db7a9dce46a1e620.png', 3, 'T', NULL, '2024-08-27 10:38:00'),
(18, 9, 16, NULL, NULL, NULL, NULL, NULL, NULL, NULL, 20, 20.00, 'percent', NULL, 'app/web/upload/fleets/source/18_e7899e3b1bb8375b9f89390cfe594ef6.png', 'app/web/upload/fleets/thumb/18_e7899e3b1bb8375b9f89390cfe594ef6.png', '2_0e1e63cce8ccf464db7a9dce46a1e620.png', 3, 'T', NULL, '2024-08-27 10:38:00'),
(19, 1, 3, NULL, NULL, NULL, NULL, NULL, NULL, NULL, 3, 20.00, 'percent', NULL, 'app/web/upload/fleets/source/19_f4c31553a57f3b99dff56362646fa9cd.jpg', 'app/web/upload/fleets/thumb/19_f4c31553a57f3b99dff56362646fa9cd.jpg', '13_d25d9f48e3a2792ee4e1440f020cc334.jpg', 3, 'T', NULL, '2024-08-27 10:38:00'),
(20, 1, 8, NULL, NULL, NULL, NULL, NULL, NULL, NULL, 10, 20.00, 'percent', NULL, 'app/web/upload/fleets/source/20_c2d2f4e0c347424de2d478285e93c9b0.png', 'app/web/upload/fleets/thumb/20_c2d2f4e0c347424de2d478285e93c9b0.png', '3_d03c7632d3ec8e9e78afcf90016bdb3b.png', 3, 'T', NULL, '2024-08-27 10:38:00'),
(21, 1, 8, NULL, NULL, NULL, NULL, NULL, NULL, NULL, 20, 20.00, 'percent', NULL, 'app/web/upload/fleets/source/21_53fc7b533c31bd1c3ea469a6a2124f72.png', 'app/web/upload/fleets/thumb/21_53fc7b533c31bd1c3ea469a6a2124f72.png', 'minibus.png', 1, 'T', 5, '2024-08-14 09:42:01');

-- --------------------------------------------------------

--
-- Tabellenstruktur für Tabelle `transfer_reservation_fleets_discounts`
--

CREATE TABLE `transfer_reservation_fleets_discounts` (
  `id` int UNSIGNED NOT NULL,
  `fleet_id` int UNSIGNED DEFAULT NULL,
  `day` varchar(255) DEFAULT NULL,
  `type` enum('amount','percent') DEFAULT NULL,
  `discount` decimal(9,2) UNSIGNED DEFAULT NULL,
  `valid` enum('always','period') DEFAULT 'always',
  `date_from` date DEFAULT NULL,
  `time_from` time DEFAULT NULL,
  `date_to` date DEFAULT NULL,
  `time_to` time DEFAULT NULL,
  `is_subtract` enum('T','F') DEFAULT 'T'
) ENGINE=InnoDB DEFAULT CHARSET=utf8mb3;

--
-- Daten für Tabelle `transfer_reservation_fleets_discounts`
--

INSERT INTO `transfer_reservation_fleets_discounts` (`id`, `fleet_id`, `day`, `type`, `discount`, `valid`, `date_from`, `time_from`, `date_to`, `time_to`, `is_subtract`) VALUES
(141, 6, 'monday', 'amount', 0.00, 'always', NULL, NULL, NULL, NULL, 'T'),
(142, 6, 'tuesday', 'amount', 0.00, 'always', NULL, NULL, NULL, NULL, 'T'),
(143, 6, 'wednesday', 'amount', 0.00, 'always', NULL, NULL, NULL, NULL, 'T'),
(144, 6, 'thursday', 'amount', 0.00, 'always', NULL, NULL, NULL, NULL, 'T'),
(145, 6, 'friday', 'amount', 0.00, 'always', NULL, NULL, NULL, NULL, 'T'),
(146, 6, 'saturday', 'amount', 0.00, 'always', NULL, NULL, NULL, NULL, 'T'),
(147, 6, 'sunday', 'amount', 0.00, 'always', NULL, NULL, NULL, NULL, 'T'),
(155, 7, 'monday', 'amount', 0.00, 'always', NULL, NULL, NULL, NULL, 'T'),
(156, 7, 'tuesday', 'amount', 0.00, 'always', NULL, NULL, NULL, NULL, 'T'),
(157, 7, 'wednesday', 'amount', 0.00, 'always', NULL, NULL, NULL, NULL, 'T'),
(158, 7, 'thursday', 'amount', 0.00, 'always', NULL, NULL, NULL, NULL, 'T'),
(159, 7, 'friday', 'amount', 0.00, 'always', NULL, NULL, NULL, NULL, 'T'),
(160, 7, 'saturday', 'amount', 0.00, 'always', NULL, NULL, NULL, NULL, 'T'),
(161, 7, 'sunday', 'amount', 0.00, 'always', NULL, NULL, NULL, NULL, 'T'),
(176, 8, 'monday', 'amount', 0.00, 'always', NULL, NULL, NULL, NULL, 'T'),
(177, 8, 'tuesday', 'amount', 0.00, 'always', NULL, NULL, NULL, NULL, 'T'),
(178, 8, 'wednesday', 'amount', 0.00, 'always', NULL, NULL, NULL, NULL, 'T'),
(179, 8, 'thursday', 'amount', 0.00, 'always', NULL, NULL, NULL, NULL, 'T'),
(180, 8, 'friday', 'amount', 0.00, 'always', NULL, NULL, NULL, NULL, 'T'),
(181, 8, 'saturday', 'amount', 0.00, 'always', NULL, NULL, NULL, NULL, 'T'),
(182, 8, 'sunday', 'amount', 0.00, 'always', NULL, NULL, NULL, NULL, 'T'),
(197, 12, 'monday', 'amount', 0.00, 'always', NULL, NULL, NULL, NULL, 'T'),
(198, 12, 'tuesday', 'amount', 0.00, 'always', NULL, NULL, NULL, NULL, 'T'),
(199, 12, 'wednesday', 'amount', 0.00, 'always', NULL, NULL, NULL, NULL, 'T'),
(200, 12, 'thursday', 'amount', 0.00, 'always', NULL, NULL, NULL, NULL, 'T'),
(201, 12, 'friday', 'amount', 0.00, 'always', NULL, NULL, NULL, NULL, 'T'),
(202, 12, 'saturday', 'amount', 0.00, 'always', NULL, NULL, NULL, NULL, 'T'),
(203, 12, 'sunday', 'amount', 0.00, 'always', NULL, NULL, NULL, NULL, 'T'),
(218, 15, 'monday', 'amount', 0.00, 'always', NULL, NULL, NULL, NULL, 'T'),
(219, 15, 'tuesday', 'amount', 0.00, 'always', NULL, NULL, NULL, NULL, 'T'),
(220, 15, 'wednesday', 'amount', 0.00, 'always', NULL, NULL, NULL, NULL, 'T'),
(221, 15, 'thursday', 'amount', 0.00, 'always', NULL, NULL, NULL, NULL, 'T'),
(222, 15, 'friday', 'amount', 0.00, 'always', NULL, NULL, NULL, NULL, 'T'),
(223, 15, 'saturday', 'amount', 0.00, 'always', NULL, NULL, NULL, NULL, 'T'),
(224, 15, 'sunday', 'amount', 0.00, 'always', NULL, NULL, NULL, NULL, 'T'),
(225, 16, 'monday', 'amount', 0.00, 'always', NULL, NULL, NULL, NULL, 'T'),
(226, 16, 'tuesday', 'amount', 0.00, 'always', NULL, NULL, NULL, NULL, 'T'),
(227, 16, 'wednesday', 'amount', 0.00, 'always', NULL, NULL, NULL, NULL, 'T'),
(228, 16, 'thursday', 'amount', 0.00, 'always', NULL, NULL, NULL, NULL, 'T'),
(229, 16, 'friday', 'amount', 0.00, 'always', NULL, NULL, NULL, NULL, 'T'),
(230, 16, 'saturday', 'amount', 0.00, 'always', NULL, NULL, NULL, NULL, 'T'),
(231, 16, 'sunday', 'amount', 0.00, 'always', NULL, NULL, NULL, NULL, 'T'),
(232, 17, 'monday', 'amount', 0.00, 'always', NULL, NULL, NULL, NULL, 'T'),
(233, 17, 'tuesday', 'amount', 0.00, 'always', NULL, NULL, NULL, NULL, 'T'),
(234, 17, 'wednesday', 'amount', 0.00, 'always', NULL, NULL, NULL, NULL, 'T'),
(235, 17, 'thursday', 'amount', 0.00, 'always', NULL, NULL, NULL, NULL, 'T'),
(236, 17, 'friday', 'amount', 0.00, 'always', NULL, NULL, NULL, NULL, 'T'),
(237, 17, 'saturday', 'amount', 0.00, 'always', NULL, NULL, NULL, NULL, 'T'),
(238, 17, 'sunday', 'amount', 0.00, 'always', NULL, NULL, NULL, NULL, 'T'),
(260, 20, 'monday', 'amount', 0.00, 'always', NULL, NULL, NULL, NULL, 'T'),
(261, 20, 'tuesday', 'amount', 0.00, 'always', NULL, NULL, NULL, NULL, 'T'),
(262, 20, 'wednesday', 'amount', 0.00, 'always', NULL, NULL, NULL, NULL, 'T'),
(263, 20, 'thursday', 'amount', 0.00, 'always', NULL, NULL, NULL, NULL, 'T'),
(264, 20, 'friday', 'amount', 0.00, 'always', NULL, NULL, NULL, NULL, 'T'),
(265, 20, 'saturday', 'amount', 0.00, 'always', NULL, NULL, NULL, NULL, 'T'),
(266, 20, 'sunday', 'amount', 0.00, 'always', NULL, NULL, NULL, NULL, 'T'),
(309, 9, 'monday:130:', 'amount', 0.00, 'always', NULL, NULL, NULL, NULL, 'F'),
(310, 9, 'tuesday:131:', 'amount', 0.00, 'always', NULL, NULL, NULL, NULL, 'F'),
(311, 9, 'wednesday:132:', 'amount', 0.00, 'always', NULL, NULL, NULL, NULL, 'F'),
(312, 9, 'thursday:133:', 'amount', 0.00, 'always', NULL, NULL, NULL, NULL, 'F'),
(313, 9, 'friday:134:', 'amount', 0.00, 'always', NULL, NULL, NULL, NULL, 'F'),
(314, 9, 'saturday:135:', 'amount', 0.00, 'always', NULL, NULL, NULL, NULL, 'F'),
(315, 9, 'sunday:129:', 'amount', 0.00, 'always', NULL, NULL, NULL, NULL, 'F'),
(316, 14, 'monday:130:', 'amount', 0.00, 'always', NULL, NULL, NULL, NULL, 'F'),
(317, 14, 'tuesday:131:', 'amount', 0.00, 'always', NULL, NULL, NULL, NULL, 'F'),
(318, 14, 'wednesday:132:', 'amount', 0.00, 'always', NULL, NULL, NULL, NULL, 'F'),
(319, 14, 'thursday:133:', 'amount', 0.00, 'always', NULL, NULL, NULL, NULL, 'F'),
(320, 14, 'friday:134:', 'amount', 0.00, 'always', NULL, NULL, NULL, NULL, 'F'),
(321, 14, 'saturday:135:', 'amount', 0.00, 'always', NULL, NULL, NULL, NULL, 'F'),
(322, 14, 'sunday:129:', 'amount', 0.00, 'always', NULL, NULL, NULL, NULL, 'F'),
(323, 19, 'monday:130:', 'amount', 0.00, 'always', NULL, NULL, NULL, NULL, 'F'),
(324, 19, 'tuesday:131:', 'amount', 0.00, 'always', NULL, NULL, NULL, NULL, 'F'),
(325, 19, 'wednesday:132:', 'amount', 0.00, 'always', NULL, NULL, NULL, NULL, 'F'),
(326, 19, 'thursday:133:', 'amount', 0.00, 'always', NULL, NULL, NULL, NULL, 'F'),
(327, 19, 'friday:134:', 'amount', 0.00, 'always', NULL, NULL, NULL, NULL, 'F'),
(328, 19, 'saturday:135:', 'amount', 0.00, 'always', NULL, NULL, NULL, NULL, 'F'),
(329, 19, 'sunday:129:', 'amount', 0.00, 'always', NULL, NULL, NULL, NULL, 'F'),
(330, 10, 'monday:130:', 'amount', 0.00, 'always', NULL, NULL, NULL, NULL, 'F'),
(331, 10, 'tuesday:131:', 'amount', 0.00, 'always', NULL, NULL, NULL, NULL, 'F'),
(332, 10, 'wednesday:132:', 'amount', 0.00, 'always', NULL, NULL, NULL, NULL, 'F'),
(333, 10, 'thursday:133:', 'amount', 0.00, 'always', NULL, NULL, NULL, NULL, 'F'),
(334, 10, 'friday:134:', 'amount', 0.00, 'always', NULL, NULL, NULL, NULL, 'F'),
(335, 10, 'saturday:135:', 'amount', 0.00, 'always', NULL, NULL, NULL, NULL, 'F'),
(336, 10, 'sunday:129:', 'amount', 0.00, 'always', NULL, NULL, NULL, NULL, 'F'),
(337, 13, 'monday:130:', 'amount', 0.00, 'always', NULL, NULL, NULL, NULL, 'F'),
(338, 13, 'tuesday:131:', 'amount', 0.00, 'always', NULL, NULL, NULL, NULL, 'F'),
(339, 13, 'wednesday:132:', 'amount', 0.00, 'always', NULL, NULL, NULL, NULL, 'F'),
(340, 13, 'thursday:133:', 'amount', 0.00, 'always', NULL, NULL, NULL, NULL, 'F'),
(341, 13, 'friday:134:', 'amount', 0.00, 'always', NULL, NULL, NULL, NULL, 'F'),
(342, 13, 'saturday:135:', 'amount', 0.00, 'always', NULL, NULL, NULL, NULL, 'F'),
(343, 13, 'sunday:129:', 'amount', 0.00, 'always', NULL, NULL, NULL, NULL, 'F'),
(344, 18, 'monday:130:', 'amount', 0.00, 'always', NULL, NULL, NULL, NULL, 'F'),
(345, 18, 'tuesday:131:', 'amount', 0.00, 'always', NULL, NULL, NULL, NULL, 'F'),
(346, 18, 'wednesday:132:', 'amount', 0.00, 'always', NULL, NULL, NULL, NULL, 'F'),
(347, 18, 'thursday:133:', 'amount', 0.00, 'always', NULL, NULL, NULL, NULL, 'F'),
(348, 18, 'friday:134:', 'amount', 0.00, 'always', NULL, NULL, NULL, NULL, 'F'),
(349, 18, 'saturday:135:', 'amount', 0.00, 'always', NULL, NULL, NULL, NULL, 'F'),
(350, 18, 'sunday:129:', 'amount', 0.00, 'always', NULL, NULL, NULL, NULL, 'F'),
(435, 11, 'monday', 'amount', 0.00, 'always', NULL, NULL, NULL, NULL, 'T'),
(436, 11, 'tuesday', 'amount', 0.00, 'always', NULL, NULL, NULL, NULL, 'T'),
(437, 11, 'wednesday', 'amount', 0.00, 'always', NULL, NULL, NULL, NULL, 'T'),
(438, 11, 'thursday', 'amount', 0.00, 'always', NULL, NULL, NULL, NULL, 'T'),
(439, 11, 'friday', 'amount', 0.00, 'always', NULL, NULL, NULL, NULL, 'T'),
(440, 11, 'saturday', 'amount', 0.00, 'always', NULL, NULL, NULL, NULL, 'T'),
(441, 11, 'sunday', 'amount', 0.00, 'always', NULL, NULL, NULL, NULL, 'T'),
(547, 3, 'monday', 'amount', 0.00, 'always', NULL, NULL, NULL, NULL, 'F'),
(548, 3, 'tuesday', 'amount', 0.00, 'always', NULL, NULL, NULL, NULL, 'F'),
(549, 3, 'wednesday', 'amount', 0.00, 'always', NULL, NULL, NULL, NULL, 'F'),
(550, 3, 'thursday', 'amount', 0.00, 'always', NULL, NULL, NULL, NULL, 'F'),
(551, 3, 'friday', 'amount', 0.00, 'always', NULL, NULL, NULL, NULL, 'F'),
(552, 3, 'saturday', 'amount', 0.00, 'always', NULL, NULL, NULL, NULL, 'F'),
(553, 3, 'sunday', 'amount', 0.00, 'always', NULL, NULL, NULL, NULL, 'F'),
(554, 5, 'monday', 'amount', 0.00, 'always', NULL, NULL, NULL, NULL, 'F'),
(555, 5, 'tuesday', 'amount', 0.00, 'always', NULL, NULL, NULL, NULL, 'F'),
(556, 5, 'wednesday', 'amount', 0.00, 'always', NULL, NULL, NULL, NULL, 'F'),
(557, 5, 'thursday', 'amount', 0.00, 'always', NULL, NULL, NULL, NULL, 'F'),
(558, 5, 'friday', 'amount', 0.00, 'always', NULL, NULL, NULL, NULL, 'F'),
(559, 5, 'saturday', 'amount', 0.00, 'always', NULL, NULL, NULL, NULL, 'F'),
(560, 5, 'sunday', 'amount', 0.00, 'always', NULL, NULL, NULL, NULL, 'F'),
(561, 21, 'monday', 'amount', 0.00, 'always', NULL, NULL, NULL, NULL, 'F'),
(562, 21, 'tuesday', 'amount', 0.00, 'always', NULL, NULL, NULL, NULL, 'F'),
(563, 21, 'wednesday', 'amount', 0.00, 'always', NULL, NULL, NULL, NULL, 'F'),
(564, 21, 'thursday', 'amount', 0.00, 'always', NULL, NULL, NULL, NULL, 'F'),
(565, 21, 'friday', 'amount', 0.00, 'always', NULL, NULL, NULL, NULL, 'F'),
(566, 21, 'saturday', 'amount', 0.00, 'always', NULL, NULL, NULL, NULL, 'F'),
(567, 21, 'sunday', 'amount', 0.00, 'always', NULL, NULL, NULL, NULL, 'F'),
(568, 2, 'monday', 'amount', 0.00, 'always', NULL, NULL, NULL, NULL, 'F'),
(569, 2, 'tuesday', 'amount', 0.00, 'always', NULL, NULL, NULL, NULL, 'F'),
(570, 2, 'wednesday', 'amount', 0.00, 'always', NULL, NULL, NULL, NULL, 'F'),
(571, 2, 'thursday', 'amount', 0.00, 'always', NULL, NULL, NULL, NULL, 'F'),
(572, 2, 'friday', 'amount', 0.00, 'always', NULL, NULL, NULL, NULL, 'F'),
(573, 2, 'saturday', 'amount', 0.00, 'always', NULL, NULL, NULL, NULL, 'F'),
(574, 2, 'sunday', 'amount', 0.00, 'always', NULL, NULL, NULL, NULL, 'F'),
(575, 4, 'monday', 'amount', 0.00, 'always', NULL, NULL, NULL, NULL, 'F'),
(576, 4, 'tuesday', 'amount', 0.00, 'always', NULL, NULL, NULL, NULL, 'F'),
(577, 4, 'wednesday', 'amount', 0.00, 'always', NULL, NULL, NULL, NULL, 'F'),
(578, 4, 'thursday', 'amount', 0.00, 'always', NULL, NULL, NULL, NULL, 'F'),
(579, 4, 'friday', 'amount', 0.00, 'always', NULL, NULL, NULL, NULL, 'F'),
(580, 4, 'saturday', 'amount', 0.00, 'always', NULL, NULL, NULL, NULL, 'F'),
(581, 4, 'sunday', 'amount', 0.00, 'always', NULL, NULL, NULL, NULL, 'F'),
(582, 1, 'monday', 'percent', 0.00, 'always', NULL, NULL, NULL, NULL, 'F'),
(583, 1, 'tuesday', 'amount', 0.00, 'always', NULL, NULL, NULL, NULL, 'F'),
(584, 1, 'wednesday', 'amount', 0.00, 'always', NULL, NULL, NULL, NULL, 'F'),
(585, 1, 'thursday', 'amount', 0.00, 'always', NULL, NULL, NULL, NULL, 'F'),
(586, 1, 'friday', 'amount', 0.00, 'always', NULL, NULL, NULL, NULL, 'F'),
(587, 1, 'saturday', 'amount', 0.00, 'always', NULL, NULL, NULL, NULL, 'F'),
(588, 1, 'sunday', 'amount', 0.00, 'always', NULL, NULL, NULL, NULL, 'F');

-- --------------------------------------------------------

--
-- Tabellenstruktur für Tabelle `transfer_reservation_fleets_discounts_periods`
--

