-- https://www.phpmyadmin.net/
--
-- Erstellungszeit: 18. Jul 2025 um 09:48
-- Server-Version: 8.0.42
-- PHP-Version: 8.2.29

START TRANSACTION;



--
-- Datenbank: `db57749`
--

-- --------------------------------------------------------

--
-- Tabellenstruktur für Tabelle `transfer_reservation_areas`
--

CREATE TABLE `transfer_reservation_areas` (
  `id` int UNSIGNED NOT NULL,
  `order_index` int UNSIGNED DEFAULT NULL,
  `status` enum('T','F') DEFAULT 'T',
  `modified` datetime DEFAULT NULL
) ENGINE=InnoDB DEFAULT CHARSET=utf8mb3;

--
-- Daten für Tabelle `transfer_reservation_areas`
--

INSERT INTO `transfer_reservation_areas` (`id`, `order_index`, `status`, `modified`) VALUES
(1, 1, 'T', '2023-09-08 11:04:45'),
(3, 1, 'T', '2023-09-11 16:21:50'),
(4, 2, 'T', '2023-09-13 11:16:25'),
(5, 4, 'T', '2023-09-13 11:19:09'),
(6, 6, 'T', '2023-09-13 11:21:27'),
(7, 5, 'T', '2023-09-13 11:23:24'),
(8, 7, 'T', '2023-09-13 11:26:19'),
(9, 8, 'T', '2023-09-13 11:28:56'),
(10, 9, 'T', '2023-09-13 11:30:34'),
(11, 2, 'T', '2023-09-13 11:34:49'),
(12, NULL, 'T', '2023-09-13 11:55:51'),
(13, NULL, 'T', '2023-09-13 13:22:50'),
(14, 10, 'T', '2023-09-13 13:24:43'),
(15, NULL, 'T', '2023-09-13 13:28:04'),
(16, NULL, 'T', '2023-09-13 13:28:52'),
(17, NULL, 'T', '2023-09-13 13:29:47'),
(18, NULL, 'T', '2023-09-13 13:30:27'),
(19, NULL, 'T', '2023-09-13 13:33:09'),
(20, NULL, 'T', '2023-09-13 13:33:57'),
(21, NULL, 'T', '2023-09-13 13:35:28'),
(22, NULL, 'T', '2023-09-13 13:37:07'),
(23, NULL, 'T', '2023-09-13 13:37:50'),
(24, 2, 'T', '2023-09-13 13:38:52'),
(25, NULL, 'T', '2023-09-13 13:39:30'),
(26, NULL, 'T', '2023-09-13 13:41:15'),
(27, NULL, 'T', '2023-09-13 13:41:58'),
(28, NULL, 'T', '2023-09-13 13:42:47'),
(29, NULL, 'T', '2023-09-13 13:44:09'),
(30, NULL, 'T', '2023-09-13 13:45:31'),
(31, NULL, 'T', '2023-09-13 13:46:42'),
(32, NULL, 'T', '2023-09-13 13:47:24'),
(33, NULL, 'T', '2023-09-13 13:49:08'),
(34, NULL, 'T', '2023-09-13 13:49:55'),
(35, NULL, 'T', '2023-09-13 13:50:45'),
(36, NULL, 'T', '2023-09-13 13:51:24'),
(37, NULL, 'T', '2023-09-13 13:52:02'),
(38, NULL, 'T', '2023-09-13 13:52:42'),
(39, NULL, 'T', '2023-09-13 13:52:54'),
(40, NULL, 'T', '2023-09-13 13:54:26'),
(41, NULL, 'T', '2023-09-13 13:55:14'),
(42, NULL, 'T', '2023-09-13 13:55:46'),
(43, NULL, 'T', '2023-09-13 13:56:16'),
(44, NULL, 'T', '2023-09-13 13:57:07'),
(45, NULL, 'T', '2023-09-13 13:57:46'),
(46, NULL, 'T', '2023-09-13 13:58:14'),
(47, NULL, 'T', '2023-09-13 13:59:17'),
(48, NULL, 'T', '2023-09-13 13:59:43'),
(49, NULL, 'T', '2023-09-13 14:00:32'),
(50, NULL, 'T', '2023-09-13 14:01:35'),
(51, NULL, 'T', '2023-09-13 14:05:48'),
(52, NULL, 'T', '2023-09-13 14:06:59'),
(53, NULL, 'T', '2023-09-13 14:07:34'),
(54, NULL, 'T', '2023-09-13 14:08:23'),
(55, NULL, 'T', '2023-09-13 14:08:56'),
(56, NULL, 'T', '2023-09-13 14:09:46'),
(57, NULL, 'T', '2023-09-13 14:10:35'),
(58, NULL, 'T', '2023-09-13 14:12:01'),
(59, NULL, 'T', '2023-09-13 14:12:47'),
(60, NULL, 'T', '2023-09-13 14:13:32'),
(61, NULL, 'T', '2023-09-13 14:14:10'),
(62, NULL, 'T', '2023-09-13 14:14:50'),
(63, NULL, 'T', '2023-09-13 14:15:33'),
(64, NULL, 'T', '2023-09-13 14:16:30'),
(65, NULL, 'T', '2023-09-13 14:17:16'),
(66, NULL, 'T', '2023-09-13 14:17:45'),
(67, NULL, 'T', '2023-09-13 14:18:23'),
(68, NULL, 'T', '2023-09-13 14:19:10'),
(69, NULL, 'T', '2023-09-13 14:19:46'),
(70, NULL, 'T', '2023-09-13 14:26:12'),
(71, NULL, 'T', '2023-09-13 14:26:45'),
(72, NULL, 'T', '2023-09-13 14:27:11'),
(73, NULL, 'T', '2023-09-13 14:28:16'),
(74, NULL, 'T', '2023-09-13 14:28:56'),
(75, NULL, 'T', '2023-09-13 14:29:22'),
(76, NULL, 'T', '2023-09-13 14:30:31'),
(77, NULL, 'T', '2023-09-13 14:30:58'),
(78, NULL, 'T', '2023-09-13 14:32:02'),
(79, NULL, 'T', '2023-09-13 14:32:32'),
(80, NULL, 'T', '2023-09-13 14:33:01'),
(81, NULL, 'T', '2023-09-13 14:33:35'),
(82, NULL, 'T', '2023-09-13 14:34:57'),
(83, NULL, 'T', '2023-09-13 14:35:34'),
(84, NULL, 'T', '2023-09-13 14:35:42'),
(85, NULL, 'T', '2023-09-13 14:39:29'),
(86, NULL, 'T', '2023-09-13 14:40:11'),
(87, NULL, 'T', '2023-09-13 14:40:44'),
(88, NULL, 'T', '2023-09-13 14:41:19'),
(89, NULL, 'T', '2023-09-13 14:42:00'),
(90, NULL, 'T', '2023-09-13 14:43:29'),
(91, NULL, 'T', '2023-09-13 14:44:13'),
(92, NULL, 'T', '2023-09-13 14:44:42'),
(93, NULL, 'T', '2023-09-13 14:45:11'),
(94, NULL, 'T', '2023-09-13 14:46:17'),
(95, NULL, 'T', '2023-09-13 14:46:51'),
(96, NULL, 'T', '2023-09-13 14:47:20'),
(97, NULL, 'T', '2023-09-13 14:47:46'),
(98, NULL, 'T', '2023-09-13 14:48:22'),
(99, NULL, 'T', '2023-09-13 14:49:00'),
(100, NULL, 'T', '2023-09-13 14:49:40'),
(101, NULL, 'T', '2023-09-13 14:50:18'),
(102, NULL, 'T', '2023-09-13 14:50:50'),
(103, NULL, 'T', '2023-09-13 14:51:53'),
(104, NULL, 'T', '2023-09-13 14:52:26'),
(105, NULL, 'T', '2023-09-13 14:52:51'),
(106, NULL, 'T', '2023-09-13 14:53:28'),
(107, NULL, 'T', '2023-09-13 14:54:36'),
(108, NULL, 'T', '2023-09-13 14:55:14'),
(109, NULL, 'T', '2023-09-13 14:56:14'),
(110, NULL, 'T', '2023-09-13 14:56:38'),
(111, NULL, 'T', '2023-09-13 14:57:06'),
(112, NULL, 'T', '2023-09-13 14:57:47'),
(113, NULL, 'T', '2023-09-13 14:58:23'),
(114, NULL, 'T', '2023-09-13 14:58:55'),
(115, NULL, 'T', '2023-09-13 15:00:15'),
(116, NULL, 'T', '2023-09-13 15:00:52'),
(117, NULL, 'T', '2023-09-13 15:01:37'),
(118, NULL, 'T', '2023-09-13 15:02:09'),
(119, NULL, 'T', '2023-09-13 15:02:35'),
(120, NULL, 'T', '2023-09-13 15:04:21'),
(121, NULL, 'T', '2023-09-13 15:05:03'),
(122, NULL, 'T', '2023-09-13 15:06:02'),
(123, NULL, 'T', '2023-09-13 15:06:52'),
(124, NULL, 'T', '2023-09-13 15:07:55'),
(125, NULL, 'T', '2023-09-13 15:08:54'),
(126, NULL, 'T', '2023-09-13 15:10:27'),
(127, NULL, 'T', '2023-09-13 15:11:48'),
(128, NULL, 'T', '2023-09-13 15:12:39'),
(129, NULL, 'T', '2023-09-13 15:13:32'),
(130, NULL, 'T', '2023-09-13 15:14:40'),
(131, NULL, 'T', '2023-09-13 15:15:10'),
(132, NULL, 'T', '2023-09-13 15:16:26'),
(133, NULL, 'T', '2023-09-13 15:17:19'),
(134, NULL, 'T', '2023-09-13 15:18:33'),
(135, NULL, 'T', '2023-09-13 15:19:24'),
(136, NULL, 'T', '2023-09-13 15:20:05'),
(137, NULL, 'T', '2023-09-13 15:29:13'),
(138, NULL, 'T', '2023-09-13 15:29:41'),
(139, NULL, 'T', '2023-09-13 15:30:07'),
(140, NULL, 'T', '2023-09-13 15:31:42'),
(141, NULL, 'T', '2023-09-13 15:32:33'),
(142, NULL, 'T', '2023-09-13 15:33:21'),
(143, NULL, 'T', '2023-09-13 15:34:23'),
(144, NULL, 'T', '2023-09-13 15:34:51'),
(145, NULL, 'T', '2023-09-13 15:35:23'),
(146, NULL, 'T', '2023-09-13 15:36:14'),
(147, NULL, 'T', '2023-09-13 15:36:36'),
(148, NULL, 'T', '2023-09-13 15:37:22'),
(149, NULL, 'T', '2023-09-13 15:37:55'),
(150, NULL, 'T', '2023-09-13 15:38:16'),
(151, NULL, 'T', '2023-09-13 15:38:55'),
(152, NULL, 'T', '2023-09-13 15:39:26'),
(154, NULL, 'T', '2023-09-13 15:40:46'),
(155, NULL, 'T', '2023-09-15 08:59:41'),
(158, NULL, 'T', '2023-09-19 16:06:13'),
(159, NULL, 'T', '2023-09-19 16:07:18'),
(160, NULL, 'T', '2023-09-19 16:08:07'),
(161, NULL, 'T', '2023-09-19 16:08:38'),
(162, NULL, 'T', '2023-09-19 16:09:06'),
(163, NULL, 'T', '2023-09-19 16:09:33'),
(164, NULL, 'T', '2023-09-19 16:10:00'),
(165, NULL, 'T', '2023-09-19 16:10:31'),
(166, NULL, 'T', '2023-09-19 16:11:30'),
(167, NULL, 'T', '2023-09-19 16:11:52'),
(168, NULL, 'T', '2023-09-19 16:12:17'),
(169, NULL, 'T', '2023-09-19 16:41:34'),
(170, NULL, 'T', '2023-09-19 16:42:01');

-- --------------------------------------------------------

--
-- Tabellenstruktur für Tabelle `transfer_reservation_areas_coords`
--

CREATE TABLE `transfer_reservation_areas_coords` (
  `id` int UNSIGNED NOT NULL,
  `area_id` int UNSIGNED DEFAULT NULL,
  `type` enum('circle','polygon','rectangle') DEFAULT NULL,
  `icon` varchar(255) DEFAULT NULL,
  `is_airport` tinyint(1) DEFAULT '0',
  `data` text,
  `tmp_hash` varchar(255) DEFAULT NULL,
  `created` datetime DEFAULT NULL,
  `is_disabled` tinyint(1) DEFAULT '0'
) ENGINE=InnoDB DEFAULT CHARSET=utf8mb3;

--
-- Daten für Tabelle `transfer_reservation_areas_coords`
--

INSERT INTO `transfer_reservation_areas_coords` (`id`, `area_id`, `type`, `icon`, `is_airport`, `data`, `tmp_hash`, `created`, `is_disabled`) VALUES
(1, 1, 'polygon', 'airport', 1, '(47.262145272686325, 11.328944761389792), (47.25958227340243, 11.327399808997214), (47.254921956824745, 11.337356168860495), (47.25597056381637, 11.361045438880026), (47.26342672580028, 11.362590391272605)', NULL, '2023-09-08 11:04:44', 0),
(3, 3, 'polygon', 'airport', 1, '(47.43866155245968, 8.56931543370222), (47.456539172531784, 8.59128808995222), (47.49877121168749, 8.554209232530345), (47.48392425423735, 8.509577274522533), (47.4342492569758, 8.54734277745222)', NULL, '2023-09-11 16:21:49', 0),
(4, 4, 'circle', 'airport', 1, '(48.36044942010958, 11.758570401186374)|13389.038563440918', NULL, '2023-09-13 11:16:23', 0),
(5, 5, 'polygon', 'airport', 1, '(47.806775475280794, 12.989550011659738), (47.77805947421245, 13.00671614935505), (47.783365633228264, 13.025255578065988), (47.812770388282104, 13.004312890077706)', NULL, '2023-09-13 11:19:05', 0),
(6, 6, 'polygon', 'airport', 1, '(47.98514272096498, 10.219771418712028), (47.97347936234786, 10.227582011363396), (47.989853281245075, 10.265261683604606), (47.99973257199612, 10.255906138560661)', NULL, '2023-09-13 11:21:26', 0),
(7, 7, 'polygon', 'airport', 1, '(47.66431489375016, 9.46403832910458), (47.64801143584737, 9.502147154788174), (47.672522509391115, 9.551070647219815), (47.68419590772584, 9.523433165530362)', NULL, '2023-09-13 11:23:22', 0),
(8, 8, 'polygon', 'airport', 1, '(47.4907387633605, 9.545542380206248), (47.47925418101076, 9.54373993574824), (47.477687907056215, 9.574295660845896), (47.48928882833183, 9.575411459796092)', NULL, '2023-09-13 11:26:19', 0),
(9, 9, 'polygon', 'airport', 1, '(47.627655199816694, 7.489216788260964), (47.57707400908377, 7.518399222342995), (47.58853719059964, 7.5559930638957296), (47.63517453987294, 7.521832449882058)', NULL, '2023-09-13 11:28:54', 0),
(10, 10, 'polygon', 'airport', 1, '(46.25449897394756, 6.116507730088072), (46.227310774367034, 6.0730774017189315), (46.21187043012304, 6.098311624131041), (46.24417141956725, 6.145346841416197)', NULL, '2023-09-13 11:30:33', 0),
(11, 11, 'polygon', 'train', 0, '(47.26733311811992, 11.399988351000259), (47.25183824855964, 11.397756753099868), (47.25148868792705, 11.405138192308852), (47.267100146144806, 11.40771311296315)', NULL, '2023-09-13 11:34:49', 0),
(14, 11, 'polygon', 'city', 0, '(47.27100229147296, 11.333383736742446), (47.262149249262094, 11.333383736742446), (47.26378018408307, 11.36376780046315), (47.25422685113168, 11.360334572924087), (47.26133376300974, 11.474661049974868), (47.28392973211993, 11.454748330248306), (47.2867244391525, 11.400160012377212)', NULL, '2023-09-13 11:52:34', 0),
(15, 12, 'circle', 'skiing', 0, '(47.132604496509074, 10.26134619347812)|3863.3248710336848', NULL, '2023-09-13 11:55:51', 0),
(16, 13, 'rectangle', 'train', 0, '((48.13852737014142, 11.552254733459225), (48.14245073287672, 11.561824855224362))', NULL, '2023-09-13 13:20:31', 0),
(18, 14, 'circle', 'train', 0, '(47.37812632532786, 8.539089122722148)|271.29925382961636', NULL, '2023-09-13 13:24:36', 0),
(19, 14, 'circle', 'city', 0, '(47.374953624691294, 8.54196703313165)|3769.206359922055', NULL, '2023-09-13 13:25:31', 0),
(20, 15, 'circle', 'skiing', 0, '(47.20954663331078, 10.143931720023796)|3214.9802748198827', NULL, '2023-09-13 13:27:53', 0),
(21, 16, 'circle', 'skiing', 0, '(47.17123330646007, 10.162402995153874)|914.6072901591988', NULL, '2023-09-13 13:28:49', 0),
(22, 17, 'circle', 'skiing', 0, '(47.25869637866922, 10.182492187484446)|855.637510981478', NULL, '2023-09-13 13:29:44', 0),
(23, 18, 'circle', 'skiing', 0, '(47.13914042205523, 10.15849385373147)|1176.4558921926966', NULL, '2023-09-13 13:30:26', 0),
(24, 19, 'circle', 'skiing', 0, '(47.128395119961326, 10.211599164468307)|375.48561836865855', NULL, '2023-09-13 13:33:01', 0),
(25, 20, 'circle', 'skiing', 0, '(47.14775217867642, 10.340279443085864)|208.35178467491363', NULL, '2023-09-13 13:33:45', 0),
(26, 21, 'circle', 'skiing', 0, '(47.14743295616664, 10.408474860843127)|678.467306293482', NULL, '2023-09-13 13:34:53', 0),
(27, 22, 'circle', 'skiing', 0, '(47.08516686302368, 10.470784024613158)|396.8699354127007', NULL, '2023-09-13 13:37:05', 0),
(28, 23, 'circle', 'skiing', 0, '(47.06202817229513, 10.374521756518446)|504.2627146736233', NULL, '2023-09-13 13:37:48', 0),
(29, 24, 'circle', 'skiing', 0, '(47.01110200925349, 10.289796229874971)|1514.278330026125', NULL, '2023-09-13 13:38:51', 0),
(30, 25, 'circle', 'skiing', 0, '(46.98799270465098, 10.2441583459434)|626.7408448251973', NULL, '2023-09-13 13:39:25', 0),
(31, 26, 'polygon', 'skiing', 0, '(46.97003160479547, 10.176491781242527), (46.96086473740681, 10.180783315666355), (46.97087769678623, 10.20334730534338), (46.97468449997182, 10.195922950790157)', NULL, '2023-09-13 13:41:13', 0),
(32, 27, 'circle', 'city', 0, '(47.142585059975374, 10.587058876700247)|1175.7401877407788', NULL, '2023-09-13 13:41:57', 0),
(33, 28, 'circle', 'skiing', 0, '(47.07400579324345, 10.647553506603677)|757.3163476045637', NULL, '2023-09-13 13:42:45', 0),
(34, 29, 'polygon', 'skiing', 0, '(47.06377843800335, 10.587612351053956), (47.0492767796619, 10.586925705546143), (47.04565074885069, 10.623832901591065), (47.06120585091838, 10.64168568479419)', NULL, '2023-09-13 13:44:07', 0),
(35, 30, 'circle', 'skiing', 0, '(47.037861905463146, 10.605040349145195)|1121.691777103137', NULL, '2023-09-13 13:45:27', 0),
(36, 31, 'circle', 'city', 0, '(47.05591713904463, 10.651182963932797)|721.7920367933755', NULL, '2023-09-13 13:46:38', 0),
(37, 32, 'circle', 'city', 0, '(46.96909057527056, 10.543051676136894)|533.627467389006', NULL, '2023-09-13 13:47:23', 0),
(38, 33, 'polygon', 'skiing', 0, '(46.900265473741875, 10.4849330349735), (46.89311023705676, 10.479525701599476), (46.88278624617306, 10.493258611755726), (46.88794848999922, 10.512742178039906)', NULL, '2023-09-13 13:49:07', 0),
(39, 34, 'circle', 'skiing', 0, '(47.030006411595735, 10.745387685845955)|565.8717965936742', NULL, '2023-09-13 13:49:54', 0),
(40, 35, 'circle', 'city', 0, '(47.06612434881852, 10.846197705675541)|395.77897855587645', NULL, '2023-09-13 13:50:44', 0),
(41, 36, 'circle', 'city', 0, '(46.98664072290077, 10.867124493354513)|684.3753079920368', NULL, '2023-09-13 13:51:23', 0),
(42, 37, 'circle', 'city', 0, '(47.239686758493555, 10.74040723902136)|1161.9270587665744', NULL, '2023-09-13 13:52:01', 0),
(43, 38, 'circle', 'city', 0, '(47.318098683741695, 10.830874278486332)|628.6330344227491', NULL, '2023-09-13 13:52:41', 0),
(44, 39, 'circle', 'city', 0, '(47.38171450646775, 10.892547063611623)|1108.088842075057', NULL, '2023-09-13 13:53:23', 0),
(45, 40, 'circle', 'skiing', 0, '(47.39966691849965, 10.918986012508745)|1190.3923453371312', NULL, '2023-09-13 13:54:24', 0),
(46, 41, 'circle', 'city', 0, '(47.4035371527356, 10.88079301133921)|561.4864646615582', NULL, '2023-09-13 13:55:10', 0),
(47, 42, 'circle', 'city', 0, '(47.40825564879015, 10.746332631591287)|836.6579352567755', NULL, '2023-09-13 13:55:46', 0),
(48, 43, 'circle', 'city', 0, '(47.488688267005855, 10.716605788159454)|1164.0090672356341', NULL, '2023-09-13 13:56:15', 0),
(49, 44, 'circle', 'city', 0, '(47.5691038351314, 10.69944963884994)|1369.493078459065', NULL, '2023-09-13 13:57:00', 0),
(50, 45, 'circle', 'skiing', 0, '(47.20282999528897, 10.895738606139922)|1147.884712251651', NULL, '2023-09-13 13:57:45', 0),
(51, 46, 'circle', 'skiing', 0, '(47.07306737765921, 10.969920457977954)|806.7522580631936', NULL, '2023-09-13 13:58:14', 0),
(52, 47, 'circle', 'skiing', 0, '(46.965294418053816, 11.006442639436145)|808.3450412419784', NULL, '2023-09-13 13:59:16', 0),
(53, 48, 'circle', 'skiing', 0, '(46.89889934652233, 11.05153471900529)|1022.6538893365401', NULL, '2023-09-13 13:59:42', 0),
(54, 49, 'circle', 'skiing', 0, '(46.870204514538585, 11.025776043597189)|914.1742086067245', NULL, '2023-09-13 14:00:31', 0),
(55, 50, 'circle', 'skiing', 0, '(47.33004220836562, 11.188470505636365)|1046.7430913329483', NULL, '2023-09-13 14:01:34', 0),
(56, 51, 'circle', 'city', 0, '(47.390713112598156, 11.264043992483467)|844.830687677954', NULL, '2023-09-13 14:05:47', 0),
(57, 52, 'circle', 'skiing', 0, '(47.36847273989184, 11.142993307919689)|753.93801566938', NULL, '2023-09-13 14:06:41', 0),
(58, 53, 'circle', 'skiing', 0, '(47.441044524103155, 11.260918967065589)|2129.441045379371', NULL, '2023-09-13 14:07:32', 0),
(59, 54, 'circle', 'city', 0, '(47.5038624268569, 11.276532354777471)|1206.6908819554772', NULL, '2023-09-13 14:08:22', 0),
(60, 55, 'circle', 'skiing', 0, '(47.16870953973555, 11.379726787009181)|1075.2080652573036', NULL, '2023-09-13 14:08:55', 0),
(61, 56, 'circle', 'skiing', 0, '(47.15097830694149, 11.350389163373421)|1025.0755300297042', NULL, '2023-09-13 14:09:43', 0),
(62, 57, 'circle', 'skiing', 0, '(47.10892104667413, 11.30552638254799)|1064.5043837297035', NULL, '2023-09-13 14:10:30', 0),
(63, 58, 'circle', 'skiing', 0, '(47.012607978887075, 11.159153633737494)|345.2992671659086', NULL, '2023-09-13 14:11:57', 0),
(64, 59, 'circle', 'city', 0, '(47.255658177246865, 11.273083149455152)|1001.1596658738273', NULL, '2023-09-13 14:12:46', 0),
(65, 60, 'circle', 'city', 0, '(47.27180565600403, 11.23839413775991)|1145.2329900794439', NULL, '2023-09-13 14:13:15', 0),
(66, 61, 'circle', 'city', 0, '(47.29289929117349, 11.528894882672626)|566.8317449711972', NULL, '2023-09-13 14:14:08', 0),
(67, 62, 'circle', 'city', 0, '(47.279499020693926, 11.505613127910435)|1159.7205975716236', NULL, '2023-09-13 14:14:46', 0),
(68, 63, 'circle', 'city', 0, '(47.29339485663208, 11.59048976721781)|997.048242735529', NULL, '2023-09-13 14:15:31', 0),
(69, 64, 'polygon', 'city', 0, '(47.260911283026395, 11.31731746823402), (47.255901551920445, 11.309506875582652), (47.24657986067598, 11.32830379635902), (47.25118265078388, 11.343924981661754)', NULL, '2023-09-13 14:16:29', 0),
(70, 65, 'circle', 'skiing', 0, '(47.229710520048314, 11.276118414060447)|1418.2386672344387', NULL, '2023-09-13 14:17:16', 0),
(71, 66, 'circle', 'city', 0, '(47.2293295303098, 11.252440759592597)|684.8423243454589', NULL, '2023-09-13 14:17:43', 0),
(72, 67, 'circle', 'skiing', 0, '(47.23581525691875, 11.313306103746843)|518.5643979226594', NULL, '2023-09-13 14:18:22', 0),
(73, 68, 'polygon', 'city', 0, '(47.24283171672918, 11.367195232868758), (47.228728543480635, 11.36213122224864), (47.23245867337985, 11.385563000202742), (47.2437640256493, 11.383245571613875)', NULL, '2023-09-13 14:19:09', 0),
(74, 69, 'circle', 'skiing', 0, '(47.20608079447486, 11.416226307916174)|552.6144945052944', NULL, '2023-09-13 14:19:45', 0),
(75, 70, 'circle', 'city', 0, '(47.23147759816541, 11.409003373171783)|671.3083674861574', NULL, '2023-09-13 14:26:11', 0),
(76, 71, 'circle', 'city', 0, '(47.34936129919183, 11.707847505542262)|1281.3022329803064', NULL, '2023-09-13 14:26:39', 0),
(77, 72, 'circle', 'city', 0, '(47.390054121687605, 11.773049904061791)|1580.3900513572194', NULL, '2023-09-13 14:27:08', 0),
(78, 73, 'circle', 'city', 0, '(47.525528702782914, 11.705462663794139)|714.4240616903248', NULL, '2023-09-13 14:27:59', 0),
(79, 74, 'circle', 'skiing', 0, '(47.34650054291665, 11.850433451503424)|1025.9054752907955', NULL, '2023-09-13 14:28:39', 0),
(80, 75, 'circle', 'city', 0, '(47.32167171971383, 11.864075575840811)|795.3154937277076', NULL, '2023-09-13 14:29:21', 0),
(81, 76, 'circle', 'city', 0, '(47.30164627728007, 11.865405447589653)|733.2917176603773', NULL, '2023-09-13 14:30:30', 0),
(82, 77, 'circle', 'skiing', 0, '(47.29173270749611, 11.874447506119772)|753.5756726714268', NULL, '2023-09-13 14:30:58', 0),
(83, 78, 'circle', 'city', 0, '(47.26563780378521, 11.895325714845603)|666.9490679118829', NULL, '2023-09-13 14:32:01', 0),
(84, 79, 'circle', 'skiing', 0, '(47.233144638533226, 11.882329050150311)|883.2577022096888', NULL, '2023-09-13 14:32:31', 0),
(85, 80, 'circle', 'skiing', 0, '(47.1679785105027, 11.86203994424964)|1396.9274219810757', NULL, '2023-09-13 14:33:01', 0),
(86, 81, 'circle', 'skiing', 0, '(47.15311137159561, 11.8225431857877)|456.2350884827079', NULL, '2023-09-13 14:33:34', 0),
(87, 82, 'circle', 'skiing', 0, '(47.16213213230186, 11.743803013554922)|764.33554283881', NULL, '2023-09-13 14:34:56', 0),
(88, 83, 'circle', 'skiing', 0, '(47.15554491026175, 11.72724840704466)|686.1686527434745', NULL, '2023-09-13 14:35:31', 0),
(89, 84, 'circle', 'skiing', 0, '(47.11149580216394, 11.692363600666633)|1163.9896773588875', NULL, '2023-09-13 14:36:07', 0),
(91, 86, 'circle', 'skiing', 0, '(47.247714340923054, 12.118909062976426)|1058.4365905181082', NULL, '2023-09-13 14:40:10', 0),
(92, 87, 'circle', 'skiing', 0, '(47.24932057267686, 12.275885104920956)|887.4428773493081', NULL, '2023-09-13 14:40:43', 0),
(93, 88, 'circle', 'skiing', 0, '(47.272521305501925, 12.34716483637634)|991.7729915330757', NULL, '2023-09-13 14:41:18', 0),
(94, 89, 'circle', 'skiing', 0, '(47.220011518133816, 12.175372235405403)|1034.5611608965096', NULL, '2023-09-13 14:41:57', 0),
(95, 85, 'polygon', 'skiing', 0, '(47.20329609526204, 11.993571874688476), (47.22042762741494, 12.044996698604654), (47.23115272273369, 12.032465418087076), (47.21681324781275, 11.971353967891764), (47.196988076060514, 11.962599237667154)', NULL, '2023-09-13 14:42:52', 0),
(96, 90, 'circle', 'city', 0, '(47.48367437563177, 12.065063114569154)|1797.1243430571283', NULL, '2023-09-13 14:43:19', 0),
(97, 91, 'circle', 'city', 0, '(47.449572887164194, 12.091408902176951)|1330.5945152515249', NULL, '2023-09-13 14:44:07', 0),
(98, 92, 'circle', 'city', 0, '(47.440945510766035, 12.041426865165041)|599.071137810893', NULL, '2023-09-13 14:44:38', 0),
(99, 93, 'circle', 'city', 0, '(47.40776940911293, 12.038350246187779)|634.724702649757', NULL, '2023-09-13 14:45:10', 0),
(100, 94, 'circle', 'city', 0, '(47.43021872603896, 11.87763839771728)|724.082018543267', NULL, '2023-09-13 14:46:15', 0),
(101, 95, 'circle', 'skiing', 0, '(47.399335553537014, 11.942688346127634)|720.6827614172554', NULL, '2023-09-13 14:46:42', 0),
(102, 96, 'circle', 'city', 0, '(47.45063382897151, 12.156332273199295)|713.5681072469183', NULL, '2023-09-13 14:47:19', 0),
(103, 97, 'circle', 'skiing', 0, '(47.503365704712614, 12.192002533803542)|751.5587092390316', NULL, '2023-09-13 14:47:42', 0),
(104, 98, 'circle', 'skiing', 0, '(47.51449529274236, 12.300788280232492)|1204.29759715742', NULL, '2023-09-13 14:48:21', 0),
(105, 99, 'circle', 'skiing', 0, '(47.520487567315094, 12.422136731629703)|3686.0960631650382', NULL, '2023-09-13 14:48:59', 0),
(106, 100, 'circle', 'city', 0, '(47.55809677394823, 12.44803995248977)|625.5098962871044', NULL, '2023-09-13 14:49:39', 0),
(107, 101, 'circle', 'city', 0, '(47.57521771201051, 12.475700882689997)|838.0071806509823', NULL, '2023-09-13 14:50:13', 0),
(108, 102, 'circle', 'skiing', 0, '(47.432626794616965, 12.213140334519478)|1111.791776187438', NULL, '2023-09-13 14:50:46', 0),
(109, 103, 'circle', 'skiing', 0, '(47.45008723686821, 12.251262708328813)|722.5950826583248', NULL, '2023-09-13 14:51:49', 0),
(110, 104, 'circle', 'skiing', 0, '(47.44910723568379, 12.315527503240071)|1887.1713157126615', NULL, '2023-09-13 14:52:21', 0),
(111, 105, 'circle', 'skiing', 0, '(47.44848017179397, 12.389890946393809)|2088.083921366846', NULL, '2023-09-13 14:52:48', 0),
(112, 106, 'circle', 'skiing', 0, '(47.37813259439256, 12.419012930646817)|695.2243106698555', NULL, '2023-09-13 14:53:18', 0),
(113, 107, 'circle', 'skiing', 0, '(47.27963452315042, 12.482743700236272)|1777.861744700912', NULL, '2023-09-13 14:54:35', 0),
(114, 108, 'circle', 'city', 0, '(47.27291809789704, 12.757939803742468)|625.5348403577669', NULL, '2023-09-13 14:55:10', 0),
(115, 109, 'circle', 'skiing', 0, '(47.32311391531295, 12.792244837332358)|1394.182195773929', NULL, '2023-09-13 14:56:01', 0),
(116, 110, 'circle', 'skiing', 0, '(47.37778819122697, 12.592228555032019)|975.6554276938126', NULL, '2023-09-13 14:56:37', 0),
(117, 111, 'circle', 'skiing', 0, '(47.39111767993828, 12.63921543028296)|932.3301754788378', NULL, '2023-09-13 14:57:02', 0),
(118, 112, 'circle', 'skiing', 0, '(47.4375854749079, 12.757112227094497)|1329.6269002473414', NULL, '2023-09-13 14:57:33', 0),
(119, 113, 'circle', 'skiing', 0, '(47.42834583625377, 12.837369874975172)|1936.4778383392504', NULL, '2023-09-13 14:58:15', 0),
(120, 114, 'circle', 'city', 0, '(47.40194991294016, 12.903582360393386)|1178.8983711139697', NULL, '2023-09-13 14:58:54', 0),
(121, 115, 'circle', 'skiing', 0, '(47.477516146438944, 12.544079821298615)|1467.9965209562731', NULL, '2023-09-13 15:00:06', 0),
(122, 116, 'circle', 'city', 0, '(47.582279680058775, 12.691989149828213)|1123.2203278318564', NULL, '2023-09-13 15:00:50', 0),
(123, 117, 'circle', 'city', 0, '(47.12469030963882, 11.451672732527163)|1111.6108162761084', NULL, '2023-09-13 15:01:32', 0),
(124, 118, 'circle', 'skiing', 0, '(47.08618382335825, 11.470695089370183)|2687.147688281563', NULL, '2023-09-13 15:02:07', 0),
(125, 119, 'circle', 'city', 0, '(47.03913949178432, 11.479669937889545)|1016.209453084886', NULL, '2023-09-13 15:02:35', 0),
(126, 120, 'circle', 'city', 0, '(47.00057885964933, 11.504110111004259)|1162.400167212189', NULL, '2023-09-13 15:04:20', 0),
(127, 121, 'circle', 'city', 0, '(46.96234673506399, 11.343367466470582)|1196.5725673589416', NULL, '2023-09-13 15:05:01', 0),
(128, 122, 'circle', 'city', 0, '(46.89269456318209, 11.431159287285308)|1682.2951175973074', NULL, '2023-09-13 15:05:50', 0),
(129, 123, 'circle', 'skiing', 0, '(46.81004091004829, 11.24570354246793)|2163.8729523418538', NULL, '2023-09-13 15:06:44', 0),
(130, 124, 'circle', 'city', 0, '(46.69202521689321, 11.157226187404596)|1163.6408793237729', NULL, '2023-09-13 15:07:53', 0),
(131, 125, 'polygon', 'city', 0, '(46.681654907908566, 11.11891893208492), (46.64230590394451, 11.123725450639608), (46.64324872982574, 11.205779588823201), (46.67765062994157, 11.21779588520992)', NULL, '2023-09-13 15:08:53', 0),
(132, 126, 'circle', 'city', 0, '(46.65086856820204, 11.008783474031384)|1356.5752920860955', NULL, '2023-09-13 15:10:26', 0),
(133, 127, 'circle', 'city', 0, '(46.49041350349393, 11.336652834722365)|7235.708709772832', NULL, '2023-09-13 15:11:47', 0),
(134, 128, 'circle', 'city', 0, '(46.717334263825265, 11.65793231501246)|1436.8373146797537', NULL, '2023-09-13 15:12:38', 0),
(135, 129, 'circle', 'city', 0, '(46.67557520434187, 11.70961343719613)|414.06167243082416', NULL, '2023-09-13 15:13:31', 0),
(136, 130, 'circle', 'city', 0, '(46.63838117438407, 11.563402294803081)|2295.5125124270326', NULL, '2023-09-13 15:14:39', 0),
(137, 131, 'circle', 'skiing', 0, '(46.57367864605052, 11.673772036523843)|1118.6003668922037', NULL, '2023-09-13 15:15:07', 0),
(138, 132, 'circle', 'skiing', 0, '(46.55716797495644, 11.718500960365658)|880.843546162675', NULL, '2023-09-13 15:16:19', 0),
(139, 133, 'polygon', 'skiing', 0, '(46.563972317274846, 11.748190601492094), (46.553467093837206, 11.738405903005766), (46.537882567667715, 11.76055022063272), (46.54425859642397, 11.788531025076079)', NULL, '2023-09-13 15:17:18', 0),
(140, 134, 'circle', 'skiing', 0, '(46.53267660640135, 11.774084153701402)|842.0466115537885', NULL, '2023-09-13 15:18:32', 0),
(141, 135, 'circle', 'skiing', 0, '(46.50936221456414, 11.765710326504673)|1323.9043913203907', NULL, '2023-09-13 15:19:23', 0),
(142, 136, 'circle', 'skiing', 0, '(46.474584613660085, 11.771794056551048)|1931.5567819186053', NULL, '2023-09-13 15:20:04', 0),
(143, 137, 'circle', 'skiing', 0, '(46.47693113244317, 11.738391306350481)|1380.543928142918', NULL, '2023-09-13 15:29:12', 0),
(144, 138, 'circle', 'skiing', 0, '(46.81274040535038, 11.658977519445942)|1589.1287727431238', NULL, '2023-09-13 15:29:40', 0),
(145, 139, 'circle', 'city', 0, '(46.79769424346383, 11.935609238334273)|3585.4712138338964', NULL, '2023-09-13 15:30:06', 0),
(146, 140, 'circle', 'skiing', 0, '(46.989932057341214, 11.962003540494685)|1183.1352651291961', NULL, '2023-09-13 15:31:38', 0),
(147, 141, 'circle', 'skiing', 0, '(46.53784063170118, 11.89028696246059)|1360.6385629034774', NULL, '2023-09-13 15:32:32', 0),
(148, 142, 'circle', 'skiing', 0, '(46.69952944630268, 11.929265714878792)|2041.7798122070822', NULL, '2023-09-13 15:33:20', 0),
(149, 143, 'circle', 'skiing', 0, '(46.58362511068232, 11.901114409197543)|1484.3050501395041', NULL, '2023-09-13 15:34:22', 0),
(150, 144, 'circle', 'skiing', 0, '(46.567874450222185, 11.937296277129454)|1131.1535137723233', NULL, '2023-09-13 15:34:50', 0),
(151, 145, 'circle', 'skiing', 0, '(46.5542966695565, 11.852408407715952)|1148.5946700873844', NULL, '2023-09-13 15:35:22', 0),
(152, 146, 'polygon', 'skiing', 0, '(46.55631423421339, 11.865636368031142), (46.54781458413354, 11.86018611931288), (46.55171042232237, 11.882716675037978)', NULL, '2023-09-13 15:36:13', 0),
(153, 147, 'circle', 'skiing', 0, '(46.4977627590888, 11.87184778006474)|1384.3183941155853', NULL, '2023-09-13 15:36:35', 0),
(154, 148, 'circle', 'skiing', 0, '(46.73221445340756, 12.218848106223597)|2862.1989936916693', NULL, '2023-09-13 15:37:21', 0),
(155, 149, 'circle', 'skiing', 0, '(46.73302188865968, 12.280704018480385)|2271.5425983620735', NULL, '2023-09-13 15:37:54', 0),
(156, 150, 'circle', 'skiing', 0, '(46.70166156241992, 12.348863731219026)|1398.5398459920507', NULL, '2023-09-13 15:38:15', 0),
(157, 151, 'circle', 'skiing', 0, '(46.53843687263875, 12.133805264505106)|3190.5606760041633', NULL, '2023-09-13 15:38:48', 0),
(158, 152, 'circle', 'city', 0, '(46.82475227875175, 12.763928465534216)|3775.904958113592', NULL, '2023-09-13 15:39:25', 0),
(160, 154, 'circle', 'city', 0, '(46.99913470344996, 12.534821643123276)|1585.0227993558303', NULL, '2023-09-13 15:40:45', 0),
(161, 155, 'circle', 'skiing', 0, '(47.1984844670452, 11.289013227782805)|1242.5404482112249', NULL, '2023-09-15 08:59:40', 0),
(164, 158, 'circle', 'city', 0, '(47.15844057923362, 9.811849576501395)|1624.8082199223686', NULL, '2023-09-19 16:06:12', 0),
(165, 159, 'circle', 'skiing', 0, '(46.977343456207755, 10.982487317249555)|800.5913803548077', NULL, '2023-09-19 16:07:17', 0),
(166, 160, 'circle', 'skiing', 0, '(46.94008689284533, 11.023750099240752)|778.503350299601', NULL, '2023-09-19 16:07:54', 0),
(167, 161, 'circle', 'city', 0, '(47.244934178427066, 11.246282639301617)|618.4126933556756', NULL, '2023-09-19 16:08:29', 0),
(168, 162, 'circle', 'skiing', 0, '(47.21235156036295, 11.017105790087482)|1123.6343743742511', NULL, '2023-09-19 16:09:05', 0),
(169, 163, 'circle', 'city', 0, '(47.214095372916276, 11.212899481253471)|565.2974893141426', NULL, '2023-09-19 16:09:32', 0),
(170, 164, 'circle', 'city', 0, '(47.19440972640642, 11.156190228025075)|794.5807883844203', NULL, '2023-09-19 16:09:59', 0),
(171, 165, 'circle', 'skiing', 0, '(47.31098918977932, 11.718053560174804)|278.87107575646695', NULL, '2023-09-19 16:10:29', 0),
(172, 166, 'circle', 'skiing', 0, '(47.26751512635523, 11.776851207016001)|1045.9306588817005', NULL, '2023-09-19 16:11:28', 0),
(173, 167, 'circle', 'city', 0, '(47.43794648195601, 11.691301388543053)|793.6697010908828', NULL, '2023-09-19 16:11:51', 0),
(174, 168, 'circle', 'city', 0, '(47.582027704274616, 12.161948392502943)|1550.4204215755003', NULL, '2023-09-19 16:12:16', 0),
(175, 169, 'circle', 'skiing', 0, '(47.237235616357395, 12.143879230767606)|1286.7012323338633', NULL, '2023-09-19 16:41:32', 0),
(176, 170, 'circle', 'skiing', 0, '(46.53868829338811, 10.134625955275695)|1026.709496697165', NULL, '2023-09-19 16:42:00', 0),
(178, NULL, NULL, 'city', 0, NULL, 'new_7139430343', '2023-09-21 12:34:18', 0),
(179, NULL, NULL, 'city', 0, NULL, 'new_1184387525', '2023-09-21 12:34:31', 0),
(180, NULL, NULL, 'city', 0, NULL, 'new_4279983961', '2023-09-21 12:34:45', 0),
(181, NULL, NULL, 'city', 0, NULL, 'new_3792916624', '2023-09-21 12:35:05', 0),
(182, NULL, NULL, 'city', 0, NULL, 'new_3675924924', '2023-09-21 12:35:19', 0);

-- --------------------------------------------------------

--
-- Tabellenstruktur für Tabelle `transfer_reservation_arrival_notice`
--

CREATE TABLE `transfer_reservation_arrival_notice` (
  `id` int UNSIGNED NOT NULL,
  `date_from` date DEFAULT NULL,
  `date_to` date DEFAULT NULL
) ENGINE=InnoDB DEFAULT CHARSET=utf8mb4 COLLATE=utf8mb4_unicode_ci;

-- --------------------------------------------------------

--
-- Tabellenstruktur für Tabelle `transfer_reservation_bookings_extras`
--

CREATE TABLE `transfer_reservation_bookings_extras` (
  `id` int UNSIGNED NOT NULL,
  `booking_id` int UNSIGNED DEFAULT NULL,
  `extra_id` int UNSIGNED DEFAULT NULL,
  `quantity` int UNSIGNED DEFAULT NULL,
  `price` decimal(9,2) DEFAULT NULL
) ENGINE=InnoDB DEFAULT CHARSET=utf8mb3;

--
-- Daten für Tabelle `transfer_reservation_bookings_extras`
--

INSERT INTO `transfer_reservation_bookings_extras` (`id`, `booking_id`, `extra_id`, `quantity`, `price`) VALUES
(149, 64, 1, 1, 0.00),
(150, 64, 2, 1, 0.00),
(151, 64, 5, 1, 0.00),
(203, 68, 8, 1, 15.00);

-- --------------------------------------------------------

--
-- Tabellenstruktur für Tabelle `transfer_reservation_bookings_payments`
--

CREATE TABLE `transfer_reservation_bookings_payments` (
  `id` int UNSIGNED NOT NULL,
  `booking_id` int UNSIGNED DEFAULT NULL,
  `payment_method` enum('paypal','authorize','saferpay','creditcard','creditcard_later','cash','bank') DEFAULT NULL,
  `payment_type` varchar(255) DEFAULT NULL,
  `amount` decimal(9,2) UNSIGNED DEFAULT NULL,
  `status` enum('paid','notpaid') DEFAULT 'paid'
) ENGINE=InnoDB DEFAULT CHARSET=utf8mb3;

--
-- Daten für Tabelle `transfer_reservation_bookings_payments`
--

INSERT INTO `transfer_reservation_bookings_payments` (`id`, `booking_id`, `payment_method`, `payment_type`, `amount`, `status`) VALUES
(51, 65, 'saferpay', 'online', 1.00, 'paid'),
(52, 72, 'cash', 'online', NULL, 'notpaid'),
(53, 74, 'cash', 'online', NULL, 'notpaid'),
(54, 76, 'cash', 'online', NULL, 'notpaid'),
(55, 78, 'saferpay', 'online', 163.00, 'notpaid'),
(56, 79, 'saferpay', 'online', 1.00, 'notpaid'),
(57, 80, 'saferpay', 'online', 1.00, 'notpaid'),
(58, 82, 'saferpay', 'online', 46.00, 'notpaid'),
(59, 83, 'saferpay', 'online', 166.00, 'notpaid');

-- --------------------------------------------------------

--
-- Tabellenstruktur für Tabelle `transfer_reservation_dialing_codes`
--

CREATE TABLE `transfer_reservation_dialing_codes` (
  `id` int UNSIGNED NOT NULL,
  `country_id` int UNSIGNED DEFAULT NULL,
  `code` varchar(255) DEFAULT NULL
) ENGINE=InnoDB DEFAULT CHARSET=utf8mb3;

--
-- Daten für Tabelle `transfer_reservation_dialing_codes`
--

INSERT INTO `transfer_reservation_dialing_codes` (`id`, `country_id`, `code`) VALUES
(1, 15, '+43'),
(2, 1, '+93'),
(3, 3, '+355'),
(4, 4, '+213'),
(5, 5, '+1684	'),
(6, 6, '+376'),
(7, 7, '+244'),
(8, 8, '+1264'),
(9, 9, '+672'),
(10, 10, '+1268'),
(11, 11, '+54'),
(12, 12, '+374'),
(13, 13, '+297'),
(14, 14, '+61'),
(15, 16, '+994'),
(16, 17, '+1242'),
(17, 18, '+973'),
(18, 19, '+880'),
(19, 20, '+1246'),
(20, 21, '+375'),
(21, 22, '+32'),
(22, 23, '+501'),
(23, 24, '+229'),
(24, 25, '+1441'),
(25, 26, '+975'),
(26, 27, '+591'),
(27, 29, '+387'),
(28, 30, '+267'),
(29, 32, '+55'),
(30, 33, '+246'),
(31, 243, '+1284'),
(32, 34, '+673'),
(33, 35, '+359'),
(34, 36, '+226'),
(35, 37, '+257'),
(36, 38, '+855'),
(37, 39, '+237'),
(38, 40, '+1'),
(39, 41, '+238'),
(40, 42, '+1345'),
(41, 43, '+236'),
(42, 44, '+235'),
(43, 45, '+56'),
(44, 46, '+86'),
(45, 47, '+61'),
(46, 48, '+61'),
(47, 49, '+57'),
(48, 50, '+269'),
(49, 53, '+682'),
(50, 54, '+506'),
(51, 56, '+385'),
(52, 57, '+53'),
(53, 58, '+599'),
(54, 59, '+357'),
(55, 60, '+420'),
(56, 52, '+243'),
(57, 61, '+45'),
(58, 62, '+253'),
(59, 63, '+1767'),
(60, 222, '+670'),
(61, 65, '+593'),
(62, 66, '+20'),
(63, 67, '+503'),
(64, 68, '+240'),
(65, 69, '+291'),
(66, 70, '+372'),
(67, 71, '+251'),
(68, 72, '+500'),
(69, 73, '+298'),
(70, 74, '+679'),
(71, 75, '+358'),
(72, 76, '+33'),
(73, 78, '+689'),
(74, 80, '+241'),
(75, 81, '+220'),
(76, 82, '+995'),
(77, 83, '+49'),
(78, 84, '+233'),
(79, 85, '+350'),
(80, 86, '+30'),
(81, 87, '+299'),
(82, 88, '+1473'),
(83, 90, '+1671'),
(84, 91, '+502'),
(85, 92, '+441481'),
(86, 93, '+224'),
(87, 94, '+245'),
(88, 64, '+1809'),
(89, 95, '+592'),
(90, 96, '+509'),
(91, 99, '+504'),
(92, 100, '+852'),
(93, 101, '+36'),
(94, 102, '+354'),
(95, 103, '+91'),
(96, 104, '+62'),
(97, 105, '+98'),
(98, 106, '+964'),
(99, 107, '+353'),
(100, 108, '+441624'),
(101, 109, '+972'),
(102, 110, '+39'),
(103, 111, '+1876'),
(104, 112, '+81'),
(105, 113, '+441534'),
(106, 114, '+962'),
(107, 115, '+7'),
(108, 116, '+254'),
(109, 117, '+686'),
(110, 120, '+965'),
(111, 121, '+996'),
(112, 122, '+856'),
(113, 123, '+371'),
(114, 124, '+961'),
(115, 125, '+266'),
(116, 126, '+231'),
(117, 127, '+218'),
(118, 128, '+423'),
(119, 129, '+370'),
(120, 130, '+352'),
(121, 131, '+853'),
(122, 132, '+389'),
(123, 133, '+261'),
(124, 134, '+265'),
(125, 135, '+60'),
(126, 136, '+960'),
(127, 137, '+223'),
(128, 139, '+692'),
(129, 141, '+222'),
(130, 142, '+230'),
(131, 143, '+262'),
(132, 144, '+52'),
(133, 145, '+691'),
(134, 146, '+373'),
(135, 147, '+377'),
(136, 148, '+976'),
(137, 149, '+382'),
(138, 150, '+1664'),
(139, 151, '+212'),
(140, 152, '+258'),
(141, 153, '+95'),
(142, 154, '+264'),
(143, 155, '+674'),
(144, 156, '+977'),
(145, 157, '+31'),
(146, 158, '+687'),
(147, 159, '+64'),
(148, 160, '+505'),
(149, 161, '+227'),
(150, 162, '+234'),
(151, 163, '+683'),
(152, 118, '+850'),
(153, 165, '+1670'),
(154, 166, '+47'),
(155, 167, '+968'),
(156, 168, '+92'),
(157, 169, '+680'),
(158, 170, '+970'),
(159, 171, '+507'),
(160, 172, '+675'),
(161, 173, '+595'),
(162, 174, '+51'),
(163, 175, '+63'),
(164, 176, '+64'),
(165, 177, '+48'),
(166, 178, '+351'),
(167, 179, '+1787'),
(168, 180, '+974'),
(169, 51, '+242'),
(170, 182, '+40'),
(171, 183, '+7'),
(172, 184, '+250'),
(173, 185, '+590'),
(174, 186, '+290'),
(175, 187, '+1869'),
(176, 188, '+1758'),
(177, 189, '+590'),
(178, 190, '+508'),
(179, 191, '+1784'),
(180, 192, '+685'),
(181, 193, '+378'),
(182, 194, '+239'),
(183, 195, '+966'),
(184, 196, '+221'),
(185, 197, '+381'),
(186, 198, '+248'),
(187, 199, '+232'),
(188, 200, '+65'),
(189, 201, '+1721'),
(190, 202, '+421'),
(191, 203, '+386'),
(192, 204, '+677'),
(193, 205, '+252'),
(194, 206, '+27'),
(195, 119, '+82'),
(196, 208, '+211'),
(197, 209, '+34'),
(198, 210, '+94'),
(199, 211, '+249'),
(200, 212, '+597'),
(201, 213, '+47'),
(202, 214, '+268'),
(203, 215, '+46'),
(204, 216, '+41'),
(205, 217, '+963'),
(206, 218, '+886'),
(207, 219, '+992'),
(208, 220, '+255'),
(209, 221, '+66'),
(210, 223, '+228'),
(211, 224, '+690'),
(212, 225, '+676'),
(213, 226, '+1868'),
(214, 227, '+216'),
(215, 228, '+90'),
(216, 229, '+993'),
(217, 230, '+1649'),
(218, 231, '+688'),
(219, 244, '+1340'),
(220, 232, '+256'),
(221, 233, '+380'),
(222, 234, '+971'),
(223, 235, '+44'),
(224, 236, '+1'),
(225, 238, '+598'),
(226, 239, '+998'),
(227, 240, '+678'),
(228, 241, '+58'),
(229, 242, '+84'),
(230, 245, '+681'),
(231, 246, '+212'),
(232, 247, '+967'),
(233, 248, '+260'),
(234, 249, '+263');

-- --------------------------------------------------------

--
-- Tabellenstruktur für Tabelle `transfer_reservation_drivers`
--

CREATE TABLE `transfer_reservation_drivers` (
  `id` int UNSIGNED NOT NULL,
  `email` varchar(255) DEFAULT NULL,
  `title` varchar(255) DEFAULT NULL,
  `fname` varchar(255) DEFAULT NULL,
  `lname` varchar(255) DEFAULT NULL,
  `phone` varchar(255) DEFAULT NULL,
  `created` datetime NOT NULL,
  `modified` datetime DEFAULT NULL,
  `status` enum('T','F') NOT NULL DEFAULT 'T'
) ENGINE=InnoDB DEFAULT CHARSET=utf8mb3;

-- --------------------------------------------------------

--
-- Tabellenstruktur für Tabelle `transfer_reservation_dropoff`
--

CREATE TABLE `transfer_reservation_dropoff` (
  `id` int UNSIGNED NOT NULL,
  `location_id` int UNSIGNED DEFAULT NULL,
  `distance` int DEFAULT NULL,
  `duration` int DEFAULT NULL,
  `is_airport` tinyint UNSIGNED DEFAULT '0',
  `icon` varchar(255) DEFAULT NULL,
  `order_index` int UNSIGNED DEFAULT NULL
) ENGINE=InnoDB DEFAULT CHARSET=utf8mb3;

--
-- Daten für Tabelle `transfer_reservation_dropoff`
--

INSERT INTO `transfer_reservation_dropoff` (`id`, `location_id`, `distance`, `duration`, `is_airport`, `icon`, `order_index`) VALUES
(1, 1, NULL, NULL, 0, NULL, NULL),
(2, 2, NULL, NULL, 0, NULL, NULL),
(4, 3, NULL, NULL, 0, NULL, NULL),
(5, 1, NULL, NULL, 0, NULL, NULL),
(6, 1, NULL, NULL, 0, NULL, NULL),
(7, 3, NULL, NULL, 0, NULL, NULL),
(8, 1, NULL, NULL, 0, NULL, NULL),
(9, 1, NULL, NULL, 0, NULL, NULL),
(10, 1, NULL, NULL, 0, NULL, NULL),
(11, 1, NULL, NULL, 0, NULL, NULL),
(12, 1, NULL, NULL, 0, NULL, NULL),
(13, 1, NULL, NULL, 0, NULL, NULL),
(14, 1, NULL, NULL, 0, NULL, NULL),
(15, 1, NULL, NULL, 0, NULL, NULL),
(16, 1, NULL, NULL, 0, NULL, NULL),
(17, 1, NULL, NULL, 0, NULL, NULL),
(18, 1, NULL, NULL, 0, NULL, NULL),
(19, 1, NULL, NULL, 0, NULL, NULL),
(20, 1, NULL, NULL, 0, NULL, NULL),
(21, 1, NULL, NULL, 0, NULL, NULL),
(22, 1, NULL, NULL, 0, NULL, NULL),
(23, 1, NULL, NULL, 0, NULL, NULL),
(24, 1, NULL, NULL, 0, NULL, NULL),
(25, 1, NULL, NULL, 0, NULL, NULL),
(26, 1, NULL, NULL, 0, NULL, NULL),
(27, 1, NULL, NULL, 0, NULL, NULL),
(28, 1, NULL, NULL, 0, NULL, NULL),
(29, 1, NULL, NULL, 0, NULL, NULL),
(30, 1, NULL, NULL, 0, NULL, NULL),
(31, 1, NULL, NULL, 0, NULL, NULL),
(32, 1, NULL, NULL, 0, NULL, NULL),
(33, 1, NULL, NULL, 0, NULL, NULL),
(34, 1, NULL, NULL, 0, NULL, NULL),
(35, 1, NULL, NULL, 0, NULL, NULL),
(36, 1, NULL, NULL, 0, NULL, NULL),
(37, 1, NULL, NULL, 0, NULL, NULL),
(38, 1, NULL, NULL, 0, NULL, NULL),
(39, 1, NULL, NULL, 0, NULL, NULL),
(40, 1, NULL, NULL, 0, NULL, NULL),
(41, 1, NULL, NULL, 0, NULL, NULL),
(42, 1, NULL, NULL, 0, NULL, NULL),
(43, 1, NULL, NULL, 0, NULL, NULL),
(44, 1, NULL, NULL, 0, NULL, NULL),
(45, 1, NULL, NULL, 0, NULL, NULL),
(46, 1, NULL, NULL, 0, NULL, NULL),
(47, 1, NULL, NULL, 0, NULL, NULL),
(48, 1, NULL, NULL, 0, NULL, NULL),
(49, 1, NULL, NULL, 0, NULL, NULL),
(50, 1, NULL, NULL, 0, NULL, NULL),
(51, 1, NULL, NULL, 0, NULL, NULL),
(52, 1, NULL, NULL, 0, NULL, NULL),
(53, 1, NULL, NULL, 0, NULL, NULL),
(54, 1, NULL, NULL, 0, NULL, NULL),
(55, 1, NULL, NULL, 0, NULL, NULL),
(56, 1, NULL, NULL, 0, NULL, NULL),
(57, 1, NULL, NULL, 0, NULL, NULL),
(58, 1, NULL, NULL, 0, NULL, NULL),
(59, 1, NULL, NULL, 0, NULL, NULL),
(60, 1, NULL, NULL, 0, NULL, NULL),
(61, 1, NULL, NULL, 0, NULL, NULL),
(62, 1, NULL, NULL, 0, NULL, NULL),
(63, 1, NULL, NULL, 0, NULL, NULL),
(64, 1, NULL, NULL, 0, NULL, NULL),
(65, 1, NULL, NULL, 0, NULL, NULL),
(66, 1, NULL, NULL, 0, NULL, NULL),
(67, 1, NULL, NULL, 0, NULL, NULL),
(68, 1, NULL, NULL, 0, NULL, NULL),
(69, 1, NULL, NULL, 0, NULL, NULL),
(70, 1, NULL, NULL, 0, NULL, NULL),
(71, 1, NULL, NULL, 0, NULL, NULL),
(72, 1, NULL, NULL, 0, NULL, NULL),
(73, 1, NULL, NULL, 0, NULL, NULL),
(74, 1, NULL, NULL, 0, NULL, NULL),
(75, 1, NULL, NULL, 0, NULL, NULL),
(76, 1, NULL, NULL, 0, NULL, NULL),
(77, 1, NULL, NULL, 0, NULL, NULL),
(78, 1, NULL, NULL, 0, NULL, NULL),
(79, 1, NULL, NULL, 0, NULL, NULL),
(80, 1, NULL, NULL, 0, NULL, NULL),
(81, 1, NULL, NULL, 0, NULL, NULL),
(82, 1, NULL, NULL, 0, NULL, NULL),
(83, 1, NULL, NULL, 0, NULL, NULL),
(84, 1, NULL, NULL, 0, NULL, NULL),
(85, 1, NULL, NULL, 0, NULL, NULL),
(86, 1, NULL, NULL, 0, NULL, NULL),
(87, 1, NULL, NULL, 0, NULL, NULL),
(88, 1, NULL, NULL, 0, NULL, NULL),
(89, 1, NULL, NULL, 0, NULL, NULL),
(90, 1, NULL, NULL, 0, NULL, NULL),
(91, 1, NULL, NULL, 0, NULL, NULL),
(92, 1, NULL, NULL, 0, NULL, NULL),
(93, 1, NULL, NULL, 0, NULL, NULL),
(94, 1, NULL, NULL, 0, NULL, NULL),
(95, 1, NULL, NULL, 0, NULL, NULL),
(96, 1, NULL, NULL, 0, NULL, NULL),
(97, 1, NULL, NULL, 0, NULL, NULL),
(98, 1, NULL, NULL, 0, NULL, NULL),
(99, 1, NULL, NULL, 0, NULL, NULL),
(100, 1, NULL, NULL, 0, NULL, NULL),
(101, 1, NULL, NULL, 0, NULL, NULL),
(102, 1, NULL, NULL, 0, NULL, NULL),
(103, 1, NULL, NULL, 0, NULL, NULL),
(104, 1, NULL, NULL, 0, NULL, NULL),
(105, 1, NULL, NULL, 0, NULL, NULL),
(106, 1, NULL, NULL, 0, NULL, NULL),
(107, 1, NULL, NULL, 0, NULL, NULL),
(108, 1, NULL, NULL, 0, NULL, NULL),
(109, 1, NULL, NULL, 0, NULL, NULL),
(110, 1, NULL, NULL, 0, NULL, NULL),
(111, 1, NULL, NULL, 0, NULL, NULL),
(112, 1, NULL, NULL, 0, NULL, NULL),
(113, 1, NULL, NULL, 0, NULL, NULL),
(114, 1, NULL, NULL, 0, NULL, NULL),
(115, 1, NULL, NULL, 0, NULL, NULL),
(116, 1, NULL, NULL, 0, NULL, NULL),
(117, 1, NULL, NULL, 0, NULL, NULL),
(118, 1, NULL, NULL, 0, NULL, NULL),
(119, 1, NULL, NULL, 0, NULL, NULL),
(120, 1, NULL, NULL, 0, NULL, NULL),
(121, 1, NULL, NULL, 0, NULL, NULL),
(122, 1, NULL, NULL, 0, NULL, NULL),
(123, 1, NULL, NULL, 0, NULL, NULL),
(124, 1, NULL, NULL, 0, NULL, NULL),
(125, 1, NULL, NULL, 0, NULL, NULL),
(126, 1, NULL, NULL, 0, NULL, NULL),
(127, 1, NULL, NULL, 0, NULL, NULL),
(128, 1, NULL, NULL, 0, NULL, NULL),
(129, 1, NULL, NULL, 0, NULL, NULL),
(130, 1, NULL, NULL, 0, NULL, NULL),
(131, 1, NULL, NULL, 0, NULL, NULL),
(132, 1, NULL, NULL, 0, NULL, NULL),
(133, 1, NULL, NULL, 0, NULL, NULL),
(134, 1, NULL, NULL, 0, NULL, NULL),
(135, 1, NULL, NULL, 0, NULL, NULL),
(136, 1, NULL, NULL, 0, NULL, NULL),
(137, 1, NULL, NULL, 0, NULL, NULL),
(138, 1, NULL, NULL, 0, NULL, NULL),
(139, 1, NULL, NULL, 0, NULL, NULL),
(140, 1, NULL, NULL, 0, NULL, NULL),
(141, 1, NULL, NULL, 0, NULL, NULL),
(142, 1, NULL, NULL, 0, NULL, NULL),
(143, 1, NULL, NULL, 0, NULL, NULL),
(144, 1, NULL, NULL, 0, NULL, NULL),
(145, 1, NULL, NULL, 0, NULL, NULL),
(146, 1, NULL, NULL, 0, NULL, NULL),
(147, 1, NULL, NULL, 0, NULL, NULL),
(148, 1, NULL, NULL, 0, NULL, NULL),
(149, 1, NULL, NULL, 0, NULL, NULL),
(150, 1, NULL, NULL, 0, NULL, NULL),
(151, 1, NULL, NULL, 0, NULL, NULL),
(152, 1, NULL, NULL, 0, NULL, NULL),
(153, 1, NULL, NULL, 0, NULL, NULL),
(154, 1, NULL, NULL, 0, NULL, NULL),
(155, 1, NULL, NULL, 0, NULL, NULL),
(156, 1, NULL, NULL, 0, NULL, NULL),
(157, 4, NULL, NULL, 0, NULL, NULL),
(158, 5, NULL, NULL, 0, NULL, NULL),
(159, 6, NULL, NULL, 0, NULL, NULL),
(160, 7, NULL, NULL, 0, NULL, NULL),
(161, 8, NULL, NULL, 0, NULL, NULL),
(162, 9, NULL, NULL, 0, NULL, NULL),
(163, 10, NULL, NULL, 0, NULL, NULL),
(164, 11, NULL, NULL, 0, NULL, NULL),
(165, 12, NULL, NULL, 0, NULL, NULL),
(166, 13, NULL, NULL, 0, NULL, NULL),
(167, 14, NULL, NULL, 0, NULL, NULL),
(168, 15, NULL, NULL, 0, NULL, NULL),
(169, 16, NULL, NULL, 0, NULL, NULL),
(170, 17, NULL, NULL, 0, NULL, NULL),
(171, 18, NULL, NULL, 0, NULL, NULL),
(172, 19, NULL, NULL, 0, NULL, NULL),
(174, 21, NULL, NULL, 0, NULL, NULL),
(175, 22, NULL, NULL, 0, NULL, NULL),
(176, 23, NULL, NULL, 0, NULL, NULL),
(177, 24, NULL, NULL, 0, NULL, NULL),
(178, 25, NULL, NULL, 0, NULL, NULL),
(179, 26, NULL, NULL, 0, NULL, NULL),
(180, 27, NULL, NULL, 0, NULL, NULL),
(181, 28, NULL, NULL, 0, NULL, NULL),
(182, 29, NULL, NULL, 0, NULL, NULL),
(183, 30, NULL, NULL, 0, NULL, NULL),
(184, 31, NULL, NULL, 0, NULL, NULL),
(185, 32, NULL, NULL, 0, NULL, NULL),
(186, 33, NULL, NULL, 0, NULL, NULL),
(187, 34, NULL, NULL, 0, NULL, NULL),
(188, 35, NULL, NULL, 0, NULL, NULL),
(189, 36, NULL, NULL, 0, NULL, NULL),
(190, 37, NULL, NULL, 0, NULL, NULL),
(191, 38, NULL, NULL, 0, NULL, NULL),
(192, 39, NULL, NULL, 0, NULL, NULL),
(193, 40, NULL, NULL, 0, NULL, NULL),
(194, 41, NULL, NULL, 0, NULL, NULL),
(195, 42, NULL, NULL, 0, NULL, NULL),
(196, 43, NULL, NULL, 0, NULL, NULL),
(197, 44, NULL, NULL, 0, NULL, NULL),
(198, 45, NULL, NULL, 0, NULL, NULL),
(199, 46, NULL, NULL, 0, NULL, NULL),
(200, 47, NULL, NULL, 0, NULL, NULL),
(201, 48, NULL, NULL, 0, NULL, NULL),
(202, 49, NULL, NULL, 0, NULL, NULL),
(203, 50, NULL, NULL, 0, NULL, NULL),
(204, 51, NULL, NULL, 0, NULL, NULL),
(205, 52, NULL, NULL, 0, NULL, NULL),
(206, 53, NULL, NULL, 0, NULL, NULL),
(207, 54, NULL, NULL, 0, NULL, NULL),
(208, 55, NULL, NULL, 0, NULL, NULL),
(209, 56, NULL, NULL, 0, NULL, NULL),
(210, 57, NULL, NULL, 0, NULL, NULL),
(211, 58, NULL, NULL, 0, NULL, NULL),
(212, 59, NULL, NULL, 0, NULL, NULL),
(213, 60, NULL, NULL, 0, NULL, NULL),
(214, 61, NULL, NULL, 0, NULL, NULL),
(215, 62, NULL, NULL, 0, NULL, NULL),
(216, 63, NULL, NULL, 0, NULL, NULL),
(217, 64, NULL, NULL, 0, NULL, NULL),
(218, 65, NULL, NULL, 0, NULL, NULL),
(219, 66, NULL, NULL, 0, NULL, NULL),
(220, 67, NULL, NULL, 0, NULL, NULL),
(221, 68, NULL, NULL, 0, NULL, NULL),
(222, 69, NULL, NULL, 0, NULL, NULL),
(223, 70, NULL, NULL, 0, NULL, NULL),
(224, 71, NULL, NULL, 0, NULL, NULL),
(225, 72, NULL, NULL, 0, NULL, NULL),
(226, 73, NULL, NULL, 0, NULL, NULL),
(227, 74, NULL, NULL, 0, NULL, NULL),
(228, 75, NULL, NULL, 0, NULL, NULL),
(229, 76, NULL, NULL, 0, NULL, NULL),
(230, 77, NULL, NULL, 0, NULL, NULL),
(231, 78, NULL, NULL, 0, NULL, NULL),
(232, 79, NULL, NULL, 0, NULL, NULL),
(233, 80, NULL, NULL, 0, NULL, NULL),
(234, 81, NULL, NULL, 0, NULL, NULL),
(235, 82, NULL, NULL, 0, NULL, NULL),
(236, 83, NULL, NULL, 0, NULL, NULL),
(237, 84, NULL, NULL, 0, NULL, NULL),
(238, 85, NULL, NULL, 0, NULL, NULL),
(239, 86, NULL, NULL, 0, NULL, NULL),
(240, 87, NULL, NULL, 0, NULL, NULL),
(241, 88, NULL, NULL, 0, NULL, NULL),
(242, 89, NULL, NULL, 0, NULL, NULL),
(243, 90, NULL, NULL, 0, NULL, NULL),
(244, 91, NULL, NULL, 0, NULL, NULL),
(245, 92, NULL, NULL, 0, NULL, NULL),
(246, 93, NULL, NULL, 0, NULL, NULL),
(247, 94, NULL, NULL, 0, NULL, NULL),
(248, 95, NULL, NULL, 0, NULL, NULL),
(249, 96, NULL, NULL, 0, NULL, NULL),
(250, 97, NULL, NULL, 0, NULL, NULL),
(251, 98, NULL, NULL, 0, NULL, NULL),
(252, 99, NULL, NULL, 0, NULL, NULL),
(253, 100, NULL, NULL, 0, NULL, NULL),
(254, 101, NULL, NULL, 0, NULL, NULL),
(255, 102, NULL, NULL, 0, NULL, NULL),
(256, 103, NULL, NULL, 0, NULL, NULL),
(257, 104, NULL, NULL, 0, NULL, NULL),
(258, 105, NULL, NULL, 0, NULL, NULL),
(259, 106, NULL, NULL, 0, NULL, NULL),
(260, 107, NULL, NULL, 0, NULL, NULL),
(261, 108, NULL, NULL, 0, NULL, NULL),
(262, 109, NULL, NULL, 0, NULL, NULL),
(263, 110, NULL, NULL, 0, NULL, NULL),
(264, 111, NULL, NULL, 0, NULL, NULL),
(265, 112, NULL, NULL, 0, NULL, NULL),
(266, 113, NULL, NULL, 0, NULL, NULL),
(267, 114, NULL, NULL, 0, NULL, NULL),
(268, 115, NULL, NULL, 0, NULL, NULL),
(269, 116, NULL, NULL, 0, NULL, NULL),
(270, 117, NULL, NULL, 0, NULL, NULL),
(271, 118, NULL, NULL, 0, NULL, NULL),
(272, 119, NULL, NULL, 0, NULL, NULL),
(273, 120, NULL, NULL, 0, NULL, NULL),
(274, 121, NULL, NULL, 0, NULL, NULL),
(275, 122, NULL, NULL, 0, NULL, NULL),
(276, 123, NULL, NULL, 0, NULL, NULL),
(277, 124, NULL, NULL, 0, NULL, NULL),
(278, 125, NULL, NULL, 0, NULL, NULL),
(279, 126, NULL, NULL, 0, NULL, NULL),
(280, 127, NULL, NULL, 0, NULL, NULL),
(281, 128, NULL, NULL, 0, NULL, NULL),
(282, 129, NULL, NULL, 0, NULL, NULL),
(283, 130, NULL, NULL, 0, NULL, NULL),
(284, 131, NULL, NULL, 0, NULL, NULL),
(285, 132, NULL, NULL, 0, NULL, NULL),
(286, 133, NULL, NULL, 0, NULL, NULL),
(287, 134, NULL, NULL, 0, NULL, NULL),
(288, 135, NULL, NULL, 0, NULL, NULL),
(289, 136, NULL, NULL, 0, NULL, NULL),
(290, 137, NULL, NULL, 0, NULL, NULL),
(291, 138, NULL, NULL, 0, NULL, NULL),
(292, 139, NULL, NULL, 0, NULL, NULL),
(293, 140, NULL, NULL, 0, NULL, NULL),
(294, 141, NULL, NULL, 0, NULL, NULL),
(295, 142, NULL, NULL, 0, NULL, NULL),
(296, 143, NULL, NULL, 0, NULL, NULL),
(297, 144, NULL, NULL, 0, NULL, NULL),
(298, 145, NULL, NULL, 0, NULL, NULL),
(299, 146, NULL, NULL, 0, NULL, NULL),
(300, 147, NULL, NULL, 0, NULL, NULL),
(301, 148, NULL, NULL, 0, NULL, NULL),
(302, 149, NULL, NULL, 0, NULL, NULL),
(303, 150, NULL, NULL, 0, NULL, NULL),
(304, 151, NULL, NULL, 0, NULL, NULL),
(305, 152, NULL, NULL, 0, NULL, NULL),
(306, 153, NULL, NULL, 0, NULL, NULL),
(307, 154, NULL, NULL, 0, NULL, NULL),
(308, 155, NULL, NULL, 0, NULL, NULL),
(309, 156, NULL, NULL, 0, NULL, NULL),
(310, 2, NULL, NULL, 0, NULL, NULL),
(311, 2, NULL, NULL, 0, NULL, NULL),
(312, 2, NULL, NULL, 0, NULL, NULL),
(313, 2, NULL, NULL, 0, NULL, NULL),
(314, 2, NULL, NULL, 0, NULL, NULL),
(315, 2, NULL, NULL, 0, NULL, NULL),
(316, 2, NULL, NULL, 0, NULL, NULL),
(317, 2, NULL, NULL, 0, NULL, NULL),
(318, 2, NULL, NULL, 0, NULL, NULL),
(319, 2, NULL, NULL, 0, NULL, NULL),
(320, 2, NULL, NULL, 0, NULL, NULL),
(321, 2, NULL, NULL, 0, NULL, NULL),
(322, 2, NULL, NULL, 0, NULL, NULL),
(323, 2, NULL, NULL, 0, NULL, NULL),
(324, 2, NULL, NULL, 0, NULL, NULL),
(325, 7, NULL, NULL, 0, NULL, NULL),
(326, 5, NULL, NULL, 0, NULL, NULL),
(327, 4, NULL, NULL, 0, NULL, NULL),
(328, 9, NULL, NULL, 0, NULL, NULL),
(329, 10, NULL, NULL, 0, NULL, NULL),
(330, 16, NULL, NULL, 0, NULL, NULL),
(331, 14, NULL, NULL, 0, NULL, NULL),
(332, 13, NULL, NULL, 0, NULL, NULL),
(333, 18, NULL, NULL, 0, NULL, NULL),
(334, 19, NULL, NULL, 0, NULL, NULL),
(335, 23, NULL, NULL, 0, NULL, NULL),
(336, 39, NULL, NULL, 0, NULL, NULL),
(337, 38, NULL, NULL, 0, NULL, NULL),
(338, 42, NULL, NULL, 0, NULL, NULL),
(339, 1, NULL, NULL, 0, NULL, NULL),
(340, 157, NULL, NULL, 0, NULL, NULL),
(341, 157, NULL, NULL, 0, NULL, NULL),
(342, 157, NULL, NULL, 0, NULL, NULL),
(344, 157, NULL, NULL, 0, NULL, NULL),
(345, 157, NULL, NULL, 0, NULL, NULL),
(346, 157, NULL, NULL, 0, NULL, NULL),
(347, 157, NULL, NULL, 0, NULL, NULL),
(349, 157, NULL, NULL, 0, NULL, NULL),
(350, 157, NULL, NULL, 0, NULL, NULL),
(351, 157, NULL, NULL, 0, NULL, NULL),
(354, 157, NULL, NULL, 0, NULL, NULL),
(356, 157, NULL, NULL, 0, NULL, NULL),
(357, 157, NULL, NULL, 0, NULL, NULL),
(358, 157, NULL, NULL, 0, NULL, NULL),
(359, 157, NULL, NULL, 0, NULL, NULL),
(360, 157, NULL, NULL, 0, NULL, NULL),
(363, 157, NULL, NULL, 0, NULL, NULL),
(364, 157, NULL, NULL, 0, NULL, NULL),
(365, 157, NULL, NULL, 0, NULL, NULL),
(366, 157, NULL, NULL, 0, NULL, NULL),
(367, 157, NULL, NULL, 0, NULL, NULL),
(373, 157, NULL, NULL, 0, NULL, NULL),
(376, 157, NULL, NULL, 0, NULL, NULL),
(377, 157, NULL, NULL, 0, NULL, NULL),
(378, 157, NULL, NULL, 0, NULL, NULL),
(382, 157, NULL, NULL, 0, NULL, NULL),
(383, 157, NULL, NULL, 0, NULL, NULL),
(384, 157, NULL, NULL, 0, NULL, NULL),
(385, 157, NULL, NULL, 0, NULL, NULL),
(386, 157, NULL, NULL, 0, NULL, NULL),
(387, 157, NULL, NULL, 0, NULL, NULL),
(388, 157, NULL, NULL, 0, NULL, NULL),
(389, 157, NULL, NULL, 0, NULL, NULL),
(390, 157, NULL, NULL, 0, NULL, NULL),
(391, 157, NULL, NULL, 0, NULL, NULL),
(393, 157, NULL, NULL, 0, NULL, NULL),
(394, 157, NULL, NULL, 0, NULL, NULL),
(396, 157, NULL, NULL, 0, NULL, NULL),
(397, 157, NULL, NULL, 0, NULL, NULL),
(398, 157, NULL, NULL, 0, NULL, NULL),
(399, 157, NULL, NULL, 0, NULL, NULL),
(400, 157, NULL, NULL, 0, NULL, NULL),
(403, 157, NULL, NULL, 0, NULL, NULL),
(407, 157, NULL, NULL, 0, NULL, NULL),
(410, 157, NULL, NULL, 0, NULL, NULL),
(411, 157, NULL, NULL, 0, NULL, NULL),
(412, 157, NULL, NULL, 0, NULL, NULL),
(413, 157, NULL, NULL, 0, NULL, NULL),
(414, 157, NULL, NULL, 0, NULL, NULL),
(416, 157, NULL, NULL, 0, NULL, NULL),
(417, 157, NULL, NULL, 0, NULL, NULL),
(418, 157, NULL, NULL, 0, NULL, NULL),
(419, 157, NULL, NULL, 0, NULL, NULL),
(420, 157, NULL, NULL, 0, NULL, NULL),
(421, 157, NULL, NULL, 0, NULL, NULL),
(422, 157, NULL, NULL, 0, NULL, NULL),
(423, 157, NULL, NULL, 0, NULL, NULL),
(424, 157, NULL, NULL, 0, NULL, NULL),
(425, 157, NULL, NULL, 0, NULL, NULL),
(426, 157, NULL, NULL, 0, NULL, NULL),
(427, 157, NULL, NULL, 0, NULL, NULL),
(428, 157, NULL, NULL, 0, NULL, NULL),
(429, 157, NULL, NULL, 0, NULL, NULL),
(430, 1, NULL, NULL, 0, NULL, NULL),
(431, 80, NULL, NULL, 0, NULL, NULL),
(432, 3, NULL, NULL, 0, NULL, NULL),
(433, 4, NULL, NULL, 0, NULL, NULL),
(434, 14, NULL, NULL, 0, NULL, NULL),
(435, 39, NULL, NULL, 0, NULL, NULL),
(436, 42, NULL, NULL, 0, NULL, NULL),
(437, 5, NULL, NULL, 0, NULL, NULL),
(438, 7, NULL, NULL, 0, NULL, NULL),
(439, 9, NULL, NULL, 0, NULL, NULL),
(440, 10, NULL, NULL, 0, NULL, NULL),
(441, 13, NULL, NULL, 0, NULL, NULL),
(442, 16, NULL, NULL, 0, NULL, NULL),
(443, 17, NULL, NULL, 0, NULL, NULL),
(444, 18, NULL, NULL, 0, NULL, NULL),
(445, 19, NULL, NULL, 0, NULL, NULL),
(446, 23, NULL, NULL, 0, NULL, NULL),
(447, 24, NULL, NULL, 0, NULL, NULL),
(448, 25, NULL, NULL, 0, NULL, NULL),
(449, 26, NULL, NULL, 0, NULL, NULL),
(450, 27, NULL, NULL, 0, NULL, NULL),
(451, 29, NULL, NULL, 0, NULL, NULL),
(452, 30, NULL, NULL, 0, NULL, NULL),
(453, 31, NULL, NULL, 0, NULL, NULL),
(454, 32, NULL, NULL, 0, NULL, NULL),
(455, 33, NULL, NULL, 0, NULL, NULL),
(456, 34, NULL, NULL, 0, NULL, NULL),
(457, 35, NULL, NULL, 0, NULL, NULL),
(458, 37, NULL, NULL, 0, NULL, NULL),
(459, 41, NULL, NULL, 0, NULL, NULL),
(460, 43, NULL, NULL, 0, NULL, NULL),
(461, 48, NULL, NULL, 0, NULL, NULL),
(462, 49, NULL, NULL, 0, NULL, NULL),
(463, 50, NULL, NULL, 0, NULL, NULL),
(464, 51, NULL, NULL, 0, NULL, NULL),
(465, 122, NULL, NULL, 0, NULL, NULL),
(466, 52, NULL, NULL, 0, NULL, NULL),
(467, 55, NULL, NULL, 0, NULL, NULL),
(468, 57, NULL, NULL, 0, NULL, NULL),
(469, 62, NULL, NULL, 0, NULL, NULL),
(470, 68, NULL, NULL, 0, NULL, NULL),
(471, 70, NULL, NULL, 0, NULL, NULL),
(472, 73, NULL, NULL, 0, NULL, NULL),
(473, 74, NULL, NULL, 0, NULL, NULL),
(474, 85, NULL, NULL, 0, NULL, NULL),
(475, 86, NULL, NULL, 0, NULL, NULL),
(476, 81, NULL, NULL, 0, NULL, NULL),
(477, 83, NULL, NULL, 0, NULL, NULL),
(478, 84, NULL, NULL, 0, NULL, NULL),
(479, 91, NULL, NULL, 0, NULL, NULL),
(480, 96, NULL, NULL, 0, NULL, NULL),
(481, 97, NULL, NULL, 0, NULL, NULL),
(482, 98, NULL, NULL, 0, NULL, NULL),
(483, 99, NULL, NULL, 0, NULL, NULL),
(484, 100, NULL, NULL, 0, NULL, NULL),
(485, 101, NULL, NULL, 0, NULL, NULL),
(486, 79, NULL, NULL, 0, NULL, NULL),
(487, 104, NULL, NULL, 0, NULL, NULL),
(488, 105, NULL, NULL, 0, NULL, NULL),
(489, 106, NULL, NULL, 0, NULL, NULL),
(490, 107, NULL, NULL, 0, NULL, NULL),
(491, 108, NULL, NULL, 0, NULL, NULL),
(492, 124, NULL, NULL, 0, NULL, NULL),
(493, 126, NULL, NULL, 0, NULL, NULL),
(494, 127, NULL, NULL, 0, NULL, NULL),
(495, 129, NULL, NULL, 0, NULL, NULL),
(496, 130, NULL, NULL, 0, NULL, NULL),
(497, 132, NULL, NULL, 0, NULL, NULL),
(498, 133, NULL, NULL, 0, NULL, NULL),
(499, 135, NULL, NULL, 0, NULL, NULL),
(500, 147, NULL, NULL, 0, NULL, NULL),
(501, 148, NULL, NULL, 0, NULL, NULL),
(502, 145, NULL, NULL, 0, NULL, NULL),
(503, 139, NULL, NULL, 0, NULL, NULL),
(504, 138, NULL, NULL, 0, NULL, NULL),
(505, 158, NULL, NULL, 0, NULL, NULL),
(506, 158, NULL, NULL, 0, NULL, NULL),
(507, 158, NULL, NULL, 0, NULL, NULL),
(508, 158, NULL, NULL, 0, NULL, NULL),
(509, 158, NULL, NULL, 0, NULL, NULL),
(510, 158, NULL, NULL, 0, NULL, NULL),
(511, 158, NULL, NULL, 0, NULL, NULL),
(512, 158, NULL, NULL, 0, NULL, NULL),
(513, 158, NULL, NULL, 0, NULL, NULL),
(514, 158, NULL, NULL, 0, NULL, NULL),
(515, 158, NULL, NULL, 0, NULL, NULL),
(516, 158, NULL, NULL, 0, NULL, NULL),
(517, 158, NULL, NULL, 0, NULL, NULL),
(518, 158, NULL, NULL, 0, NULL, NULL),
(519, 158, NULL, NULL, 0, NULL, NULL),
(520, 158, NULL, NULL, 0, NULL, NULL),
(521, 158, NULL, NULL, 0, NULL, NULL),
(522, 158, NULL, NULL, 0, NULL, NULL),
(523, 158, NULL, NULL, 0, NULL, NULL),
(524, 158, NULL, NULL, 0, NULL, NULL),
(525, 158, NULL, NULL, 0, NULL, NULL),
(526, 158, NULL, NULL, 0, NULL, NULL),
(527, 158, NULL, NULL, 0, NULL, NULL),
(528, 158, NULL, NULL, 0, NULL, NULL),
(529, 158, NULL, NULL, 0, NULL, NULL),
(530, 158, NULL, NULL, 0, NULL, NULL),
(531, 158, NULL, NULL, 0, NULL, NULL),
(532, 158, NULL, NULL, 0, NULL, NULL),
(533, 158, NULL, NULL, 0, NULL, NULL),
(534, 158, NULL, NULL, 0, NULL, NULL),
(535, 158, NULL, NULL, 0, NULL, NULL),
(536, 158, NULL, NULL, 0, NULL, NULL),
(537, 158, NULL, NULL, 0, NULL, NULL),
(538, 158, NULL, NULL, 0, NULL, NULL),
(539, 158, NULL, NULL, 0, NULL, NULL),
(540, 158, NULL, NULL, 0, NULL, NULL),
(541, 158, NULL, NULL, 0, NULL, NULL),
(542, 158, NULL, NULL, 0, NULL, NULL),
(543, 158, NULL, NULL, 0, NULL, NULL),
(544, 158, NULL, NULL, 0, NULL, NULL),
(545, 158, NULL, NULL, 0, NULL, NULL),
(546, 158, NULL, NULL, 0, NULL, NULL),
(547, 158, NULL, NULL, 0, NULL, NULL),
(548, 158, NULL, NULL, 0, NULL, NULL),
(549, 158, NULL, NULL, 0, NULL, NULL),
(550, 158, NULL, NULL, 0, NULL, NULL),
(551, 158, NULL, NULL, 0, NULL, NULL),
(552, 158, NULL, NULL, 0, NULL, NULL),
(553, 158, NULL, NULL, 0, NULL, NULL),
(554, 158, NULL, NULL, 0, NULL, NULL),
(555, 158, NULL, NULL, 0, NULL, NULL),
(556, 158, NULL, NULL, 0, NULL, NULL),
(557, 158, NULL, NULL, 0, NULL, NULL),
(558, 158, NULL, NULL, 0, NULL, NULL),
(559, 158, NULL, NULL, 0, NULL, NULL),
(560, 158, NULL, NULL, 0, NULL, NULL),
(561, 158, NULL, NULL, 0, NULL, NULL),
(562, 158, NULL, NULL, 0, NULL, NULL),
(563, 158, NULL, NULL, 0, NULL, NULL),
(564, 158, NULL, NULL, 0, NULL, NULL),
(565, 158, NULL, NULL, 0, NULL, NULL),
(566, 158, NULL, NULL, 0, NULL, NULL),
(567, 158, NULL, NULL, 0, NULL, NULL),
(568, 158, NULL, NULL, 0, NULL, NULL),
(569, 158, NULL, NULL, 0, NULL, NULL),
(570, 158, NULL, NULL, 0, NULL, NULL),
(571, 158, NULL, NULL, 0, NULL, NULL),
(572, 158, NULL, NULL, 0, NULL, NULL),
(573, 158, NULL, NULL, 0, NULL, NULL),
(574, 158, NULL, NULL, 0, NULL, NULL),
(575, 158, NULL, NULL, 0, NULL, NULL),
(576, 158, NULL, NULL, 0, NULL, NULL),
(577, 158, NULL, NULL, 0, NULL, NULL),
(578, 158, NULL, NULL, 0, NULL, NULL),
(579, 158, NULL, NULL, 0, NULL, NULL),
(580, 158, NULL, NULL, 0, NULL, NULL),
(581, 158, NULL, NULL, 0, NULL, NULL),
(582, 158, NULL, NULL, 0, NULL, NULL),
(583, 158, NULL, NULL, 0, NULL, NULL),
(584, 158, NULL, NULL, 0, NULL, NULL),
(585, 158, NULL, NULL, 0, NULL, NULL),
(586, 158, NULL, NULL, 0, NULL, NULL),
(587, 158, NULL, NULL, 0, NULL, NULL),
(588, 158, NULL, NULL, 0, NULL, NULL),
(589, 158, NULL, NULL, 0, NULL, NULL),
(590, 158, NULL, NULL, 0, NULL, NULL),
(591, 158, NULL, NULL, 0, NULL, NULL),
(592, 158, NULL, NULL, 0, NULL, NULL),
(593, 158, NULL, NULL, 0, NULL, NULL),
(594, 158, NULL, NULL, 0, NULL, NULL),
(595, 158, NULL, NULL, 0, NULL, NULL),
(596, 158, NULL, NULL, 0, NULL, NULL),
(597, 158, NULL, NULL, 0, NULL, NULL),
(598, 158, NULL, NULL, 0, NULL, NULL),
(599, 158, NULL, NULL, 0, NULL, NULL),
(600, 158, NULL, NULL, 0, NULL, NULL),
(601, 158, NULL, NULL, 0, NULL, NULL),
(602, 158, NULL, NULL, 0, NULL, NULL),
(603, 158, NULL, NULL, 0, NULL, NULL),
(604, 158, NULL, NULL, 0, NULL, NULL),
(605, 158, NULL, NULL, 0, NULL, NULL),
(606, 158, NULL, NULL, 0, NULL, NULL),
(607, 158, NULL, NULL, 0, NULL, NULL),
(608, 158, NULL, NULL, 0, NULL, NULL),
(609, 158, NULL, NULL, 0, NULL, NULL),
(610, 158, NULL, NULL, 0, NULL, NULL),
(611, 158, NULL, NULL, 0, NULL, NULL),
(612, 158, NULL, NULL, 0, NULL, NULL),
(613, 158, NULL, NULL, 0, NULL, NULL),
(614, 158, NULL, NULL, 0, NULL, NULL),
(615, 158, NULL, NULL, 0, NULL, NULL),
(616, 158, NULL, NULL, 0, NULL, NULL),
(617, 158, NULL, NULL, 0, NULL, NULL),
(618, 158, NULL, NULL, 0, NULL, NULL),
(619, 158, NULL, NULL, 0, NULL, NULL),
(620, 158, NULL, NULL, 0, NULL, NULL),
(621, 158, NULL, NULL, 0, NULL, NULL),
(622, 158, NULL, NULL, 0, NULL, NULL),
(623, 158, NULL, NULL, 0, NULL, NULL),
(624, 158, NULL, NULL, 0, NULL, NULL),
(625, 158, NULL, NULL, 0, NULL, NULL),
(626, 158, NULL, NULL, 0, NULL, NULL),
(627, 158, NULL, NULL, 0, NULL, NULL),
(628, 158, NULL, NULL, 0, NULL, NULL),
(629, 158, NULL, NULL, 0, NULL, NULL),
(630, 158, NULL, NULL, 0, NULL, NULL),
(631, 158, NULL, NULL, 0, NULL, NULL),
(632, 158, NULL, NULL, 0, NULL, NULL),
(633, 158, NULL, NULL, 0, NULL, NULL),
(634, 158, NULL, NULL, 0, NULL, NULL),
(635, 158, NULL, NULL, 0, NULL, NULL),
(636, 158, NULL, NULL, 0, NULL, NULL),
(637, 158, NULL, NULL, 0, NULL, NULL),
(638, 158, NULL, NULL, 0, NULL, NULL),
(639, 158, NULL, NULL, 0, NULL, NULL),
(640, 158, NULL, NULL, 0, NULL, NULL),
(641, 158, NULL, NULL, 0, NULL, NULL),
(642, 158, NULL, NULL, 0, NULL, NULL),
(643, 158, NULL, NULL, 0, NULL, NULL),
(644, 158, NULL, NULL, 0, NULL, NULL),
(645, 158, NULL, NULL, 0, NULL, NULL),
(646, 158, NULL, NULL, 0, NULL, NULL),
(647, 158, NULL, NULL, 0, NULL, NULL),
(648, 158, NULL, NULL, 0, NULL, NULL),
(649, 158, NULL, NULL, 0, NULL, NULL),
(650, 158, NULL, NULL, 0, NULL, NULL),
(651, 158, NULL, NULL, 0, NULL, NULL),
(652, 158, NULL, NULL, 0, NULL, NULL),
(653, 158, NULL, NULL, 0, NULL, NULL),
(654, 158, NULL, NULL, 0, NULL, NULL),
(655, 158, NULL, NULL, 0, NULL, NULL),
(656, 158, NULL, NULL, 0, NULL, NULL),
(657, 158, NULL, NULL, 0, NULL, NULL),
(658, 158, NULL, NULL, 0, NULL, NULL),
(659, 159, NULL, NULL, 0, NULL, NULL),
(660, 159, NULL, NULL, 0, NULL, NULL),
(661, 159, NULL, NULL, 0, NULL, NULL),
(662, 159, NULL, NULL, 0, NULL, NULL),
(663, 159, NULL, NULL, 0, NULL, NULL),
(664, 159, NULL, NULL, 0, NULL, NULL),
(665, 159, NULL, NULL, 0, NULL, NULL),
(666, 159, NULL, NULL, 0, NULL, NULL),
(667, 159, NULL, NULL, 0, NULL, NULL),
(668, 159, NULL, NULL, 0, NULL, NULL),
(669, 159, NULL, NULL, 0, NULL, NULL),
(670, 159, NULL, NULL, 0, NULL, NULL),
(671, 159, NULL, NULL, 0, NULL, NULL),
(672, 159, NULL, NULL, 0, NULL, NULL),
(673, 159, NULL, NULL, 0, NULL, NULL),
(674, 159, NULL, NULL, 0, NULL, NULL),
(675, 159, NULL, NULL, 0, NULL, NULL),
(676, 159, NULL, NULL, 0, NULL, NULL),
(677, 159, NULL, NULL, 0, NULL, NULL),
(678, 159, NULL, NULL, 0, NULL, NULL),
(679, 159, NULL, NULL, 0, NULL, NULL),
(680, 159, NULL, NULL, 0, NULL, NULL),
(681, 159, NULL, NULL, 0, NULL, NULL),
(682, 159, NULL, NULL, 0, NULL, NULL),
(683, 159, NULL, NULL, 0, NULL, NULL),
(684, 159, NULL, NULL, 0, NULL, NULL),
(685, 159, NULL, NULL, 0, NULL, NULL),
(686, 159, NULL, NULL, 0, NULL, NULL),
(687, 159, NULL, NULL, 0, NULL, NULL),
(688, 159, NULL, NULL, 0, NULL, NULL),
(689, 159, NULL, NULL, 0, NULL, NULL),
(690, 159, NULL, NULL, 0, NULL, NULL),
(691, 159, NULL, NULL, 0, NULL, NULL),
(692, 159, NULL, NULL, 0, NULL, NULL),
(693, 159, NULL, NULL, 0, NULL, NULL),
(694, 159, NULL, NULL, 0, NULL, NULL),
(695, 159, NULL, NULL, 0, NULL, NULL),
(696, 159, NULL, NULL, 0, NULL, NULL),
(697, 159, NULL, NULL, 0, NULL, NULL),
(698, 159, NULL, NULL, 0, NULL, NULL),
(699, 159, NULL, NULL, 0, NULL, NULL),
(700, 159, NULL, NULL, 0, NULL, NULL),
(701, 159, NULL, NULL, 0, NULL, NULL),
(702, 159, NULL, NULL, 0, NULL, NULL),
(703, 159, NULL, NULL, 0, NULL, NULL),
(704, 159, NULL, NULL, 0, NULL, NULL),
(705, 159, NULL, NULL, 0, NULL, NULL),
(706, 159, NULL, NULL, 0, NULL, NULL),
(707, 159, NULL, NULL, 0, NULL, NULL),
(708, 159, NULL, NULL, 0, NULL, NULL),
(709, 159, NULL, NULL, 0, NULL, NULL),
(710, 159, NULL, NULL, 0, NULL, NULL),
(711, 159, NULL, NULL, 0, NULL, NULL),
(712, 159, NULL, NULL, 0, NULL, NULL),
(713, 159, NULL, NULL, 0, NULL, NULL),
(714, 159, NULL, NULL, 0, NULL, NULL),
(715, 159, NULL, NULL, 0, NULL, NULL),
(716, 159, NULL, NULL, 0, NULL, NULL),
(717, 159, NULL, NULL, 0, NULL, NULL),
(718, 159, NULL, NULL, 0, NULL, NULL),
(719, 159, NULL, NULL, 0, NULL, NULL),
(720, 159, NULL, NULL, 0, NULL, NULL),
(721, 159, NULL, NULL, 0, NULL, NULL),
(722, 159, NULL, NULL, 0, NULL, NULL),
(723, 159, NULL, NULL, 0, NULL, NULL),
(724, 159, NULL, NULL, 0, NULL, NULL),
(725, 159, NULL, NULL, 0, NULL, NULL),
(726, 159, NULL, NULL, 0, NULL, NULL),
(727, 159, NULL, NULL, 0, NULL, NULL),
(728, 159, NULL, NULL, 0, NULL, NULL),
(729, 159, NULL, NULL, 0, NULL, NULL),
(730, 159, NULL, NULL, 0, NULL, NULL),
(731, 159, NULL, NULL, 0, NULL, NULL),
(732, 159, NULL, NULL, 0, NULL, NULL),
(733, 159, NULL, NULL, 0, NULL, NULL),
(734, 159, NULL, NULL, 0, NULL, NULL),
(735, 159, NULL, NULL, 0, NULL, NULL),
(736, 159, NULL, NULL, 0, NULL, NULL),
(737, 159, NULL, NULL, 0, NULL, NULL),
(738, 159, NULL, NULL, 0, NULL, NULL),
(739, 159, NULL, NULL, 0, NULL, NULL),
(740, 159, NULL, NULL, 0, NULL, NULL),
(741, 159, NULL, NULL, 0, NULL, NULL),
(742, 159, NULL, NULL, 0, NULL, NULL),
(743, 159, NULL, NULL, 0, NULL, NULL),
(744, 159, NULL, NULL, 0, NULL, NULL),
(745, 159, NULL, NULL, 0, NULL, NULL),
(746, 159, NULL, NULL, 0, NULL, NULL),
(747, 159, NULL, NULL, 0, NULL, NULL),
(748, 159, NULL, NULL, 0, NULL, NULL),
(749, 159, NULL, NULL, 0, NULL, NULL),
(750, 159, NULL, NULL, 0, NULL, NULL),
(751, 159, NULL, NULL, 0, NULL, NULL),
(752, 159, NULL, NULL, 0, NULL, NULL),
(753, 159, NULL, NULL, 0, NULL, NULL),
(754, 159, NULL, NULL, 0, NULL, NULL),
(755, 159, NULL, NULL, 0, NULL, NULL),
(756, 159, NULL, NULL, 0, NULL, NULL),
(757, 159, NULL, NULL, 0, NULL, NULL),
(758, 159, NULL, NULL, 0, NULL, NULL),
(759, 159, NULL, NULL, 0, NULL, NULL),
(760, 159, NULL, NULL, 0, NULL, NULL),
(761, 159, NULL, NULL, 0, NULL, NULL),
(762, 159, NULL, NULL, 0, NULL, NULL),
(763, 159, NULL, NULL, 0, NULL, NULL),
(764, 159, NULL, NULL, 0, NULL, NULL),
(765, 159, NULL, NULL, 0, NULL, NULL),
(766, 159, NULL, NULL, 0, NULL, NULL),
(767, 159, NULL, NULL, 0, NULL, NULL),
(768, 159, NULL, NULL, 0, NULL, NULL),
(769, 159, NULL, NULL, 0, NULL, NULL),
(770, 159, NULL, NULL, 0, NULL, NULL),
(771, 159, NULL, NULL, 0, NULL, NULL),
(772, 159, NULL, NULL, 0, NULL, NULL),
(773, 159, NULL, NULL, 0, NULL, NULL),
(774, 159, NULL, NULL, 0, NULL, NULL),
(775, 159, NULL, NULL, 0, NULL, NULL),
(776, 159, NULL, NULL, 0, NULL, NULL),
(777, 159, NULL, NULL, 0, NULL, NULL),
(778, 159, NULL, NULL, 0, NULL, NULL),
(779, 159, NULL, NULL, 0, NULL, NULL),
(780, 159, NULL, NULL, 0, NULL, NULL),
(781, 159, NULL, NULL, 0, NULL, NULL),
(782, 159, NULL, NULL, 0, NULL, NULL),
(783, 159, NULL, NULL, 0, NULL, NULL),
(784, 159, NULL, NULL, 0, NULL, NULL),
(785, 159, NULL, NULL, 0, NULL, NULL),
(786, 159, NULL, NULL, 0, NULL, NULL),
(787, 159, NULL, NULL, 0, NULL, NULL),
(788, 159, NULL, NULL, 0, NULL, NULL),
(789, 159, NULL, NULL, 0, NULL, NULL),
(790, 159, NULL, NULL, 0, NULL, NULL),
(791, 159, NULL, NULL, 0, NULL, NULL),
(792, 159, NULL, NULL, 0, NULL, NULL),
(793, 159, NULL, NULL, 0, NULL, NULL),
(794, 159, NULL, NULL, 0, NULL, NULL),
(795, 159, NULL, NULL, 0, NULL, NULL),
(796, 159, NULL, NULL, 0, NULL, NULL),
(797, 159, NULL, NULL, 0, NULL, NULL),
(798, 159, NULL, NULL, 0, NULL, NULL),
(799, 159, NULL, NULL, 0, NULL, NULL),
(800, 159, NULL, NULL, 0, NULL, NULL),
(801, 159, NULL, NULL, 0, NULL, NULL),
(802, 159, NULL, NULL, 0, NULL, NULL),
(803, 159, NULL, NULL, 0, NULL, NULL),
(804, 159, NULL, NULL, 0, NULL, NULL),
(805, 159, NULL, NULL, 0, NULL, NULL),
(806, 159, NULL, NULL, 0, NULL, NULL),
(807, 159, NULL, NULL, 0, NULL, NULL),
(808, 159, NULL, NULL, 0, NULL, NULL),
(809, 159, NULL, NULL, 0, NULL, NULL),
(810, 159, NULL, NULL, 0, NULL, NULL),
(811, 159, NULL, NULL, 0, NULL, NULL),
(812, 159, NULL, NULL, 0, NULL, NULL);

-- --------------------------------------------------------

--
-- Tabellenstruktur für Tabelle `transfer_reservation_dropoff_areas`
--

CREATE TABLE `transfer_reservation_dropoff_areas` (
  `dropoff_id` int UNSIGNED DEFAULT NULL,
  `area_id` int UNSIGNED DEFAULT NULL
) ENGINE=InnoDB DEFAULT CHARSET=utf8mb3;

--
-- Daten für Tabelle `transfer_reservation_dropoff_areas`
--

INSERT INTO `transfer_reservation_dropoff_areas` (`dropoff_id`, `area_id`) VALUES
(1, 11),
(2, 12),
(4, 1),
(4, 11),
(5, 12),
(6, 15),
(7, 3),
(7, 14),
(8, 16),
(9, 17),
(10, 18),
(11, 158),
(12, 19),
(13, 20),
(14, 21),
(15, 22),
(16, 23),
(17, 24),
(18, 25),
(19, 26),
(20, 27),
(21, 28),
(22, 29),
(23, 30),
(24, 31),
(25, 32),
(26, 33),
(27, 34),
(28, 35),
(29, 36),
(30, 37),
(31, 38),
(32, 39),
(33, 40),
(34, 41),
(35, 42),
(36, 43),
(37, 44),
(38, 45),
(39, 46),
(40, 159),
(41, 47),
(42, 160),
(43, 48),
(44, 49),
(45, 51),
(46, 52),
(47, 53),
(48, 54),
(49, 55),
(50, 56),
(51, 57),
(52, 58),
(53, 59),
(54, 161),
(55, 60),
(56, 61),
(57, 62),
(58, 63),
(59, 64),
(60, 163),
(61, 164),
(62, 162),
(63, 65),
(64, 66),
(65, 67),
(66, 68),
(67, 69),
(68, 70),
(69, 71),
(70, 165),
(71, 72),
(72, 73),
(73, 167),
(74, 74),
(75, 166),
(76, 75),
(77, 76),
(78, 77),
(79, 78),
(80, 79),
(81, 80),
(82, 81),
(83, 82),
(84, 83),
(85, 84),
(86, 85),
(87, 86),
(88, 87),
(89, 88),
(90, 89),
(91, 169),
(92, 90),
(93, 168),
(94, 91),
(95, 92),
(96, 93),
(97, 94),
(98, 95),
(99, 96),
(100, 97),
(101, 98),
(102, 99),
(103, 100),
(104, 101),
(105, 102),
(106, 103),
(107, 104),
(108, 105),
(109, 106),
(110, 107),
(111, 108),
(112, 109),
(113, 110),
(114, 111),
(115, 114),
(116, 115),
(117, 116),
(118, 117),
(119, 118),
(120, 119),
(121, 120),
(122, 121),
(123, 122),
(124, 123),
(125, 124),
(126, 125),
(127, 126),
(128, 127),
(129, 128),
(130, 129),
(131, 130),
(132, 131),
(133, 132),
(134, 133),
(135, 134),
(136, 135),
(137, 136),
(138, 137),
(139, 138),
(140, 139),
(141, 140),
(142, 141),
(143, 142),
(144, 143),
(145, 144),
(146, 145),
(147, 146),
(148, 147),
(149, 170),
(150, 148),
(151, 149),
(152, 150),
(153, 151),
(154, 152),
(155, 154),
(156, 51),
(157, 1),
(157, 11),
(158, 1),
(158, 11),
(159, 1),
(159, 11),
(160, 1),
(160, 11),
(161, 1),
(161, 11),
(162, 1),
(162, 11),
(163, 1),
(163, 11),
(164, 1),
(164, 11),
(165, 1),
(165, 11),
(166, 1),
(166, 11),
(167, 1),
(167, 11),
(168, 1),
(168, 11),
(169, 1),
(169, 11),
(170, 1),
(170, 11),
(171, 1),
(171, 11),
(172, 1),
(172, 11),
(173, 1),
(173, 11),
(174, 1),
(174, 11),
(175, 1),
(175, 11),
(176, 1),
(176, 11),
(177, 1),
(177, 11),
(178, 1),
(178, 11),
(179, 1),
(179, 11),
(180, 1),
(180, 11),
(181, 1),
(181, 11),
(182, 1),
(182, 11),
(183, 1),
(183, 11),
(184, 1),
(184, 11),
(185, 1),
(185, 11),
(186, 1),
(186, 11),
(187, 1),
(187, 11),
(188, 1),
(188, 11),
(189, 1),
(189, 11),
(190, 1),
(190, 11),
(191, 1),
(191, 11),
(192, 1),
(192, 11),
(193, 1),
(193, 11),
(194, 1),
(194, 11),
(195, 1),
(195, 11),
(196, 1),
(196, 11),
(197, 1),
(197, 11),
(198, 1),
(198, 11),
(199, 1),
(199, 11),
(200, 1),
(200, 11),
(201, 1),
(201, 11),
(202, 1),
(202, 11),
(203, 1),
(203, 11),
(204, 1),
(204, 11),
(205, 1),
(205, 11),
(206, 1),
(206, 11),
(207, 1),
(207, 11),
(208, 1),
(208, 11),
(209, 1),
(209, 11),
(210, 1),
(210, 11),
(211, 1),
(211, 11),
(212, 1),
(212, 11),
(213, 1),
(213, 11),
(214, 1),
(214, 11),
(215, 1),
(215, 11),
(216, 1),
(216, 11),
(217, 1),
(217, 11),
(218, 1),
(218, 11),
(219, 1),
(219, 11),
(220, 1),
(220, 11),
(221, 1),
(221, 11),
(222, 1),
(222, 11),
(223, 1),
(223, 11),
(224, 1),
(224, 11),
(225, 1),
(225, 11),
(226, 1),
(226, 11),
(227, 1),
(227, 11),
(228, 1),
(228, 11),
(229, 1),
(229, 11),
(230, 1),
(230, 11),
(231, 1),
(231, 11),
(232, 1),
(232, 11),
(233, 1),
(233, 11),
(234, 1),
(234, 11),
(235, 1),
(235, 11),
(236, 1),
(236, 11),
(237, 1),
(237, 11),
(238, 1),
(238, 11),
(239, 1),
(239, 11),
(240, 1),
(240, 11),
(241, 1),
(241, 11),
(242, 1),
(242, 11),
(243, 1),
(243, 11),
(244, 1),
(244, 11),
(245, 1),
(245, 11),
(246, 1),
(246, 11),
(247, 1),
(247, 11),
(248, 1),
(248, 11),
(249, 1),
(249, 11),
(250, 1),
(250, 11),
(251, 1),
(251, 11),
(252, 1),
(252, 11),
(253, 1),
(253, 11),
(254, 1),
(254, 11),
(255, 1),
(255, 11),
(256, 1),
(256, 11),
(257, 1),
(257, 11),
(258, 1),
(258, 11),
(259, 1),
(259, 11),
(260, 1),
(260, 11),
(261, 1),
(261, 11),
(262, 1),
(262, 11),
(263, 1),
(263, 11),
(264, 1),
(264, 11),
(265, 1),
(265, 11),
(266, 1),
(266, 11),
(267, 1),
(267, 11),
(268, 1),
(268, 11),
(269, 1),
(269, 11),
(270, 1),
(270, 11),
(271, 1),
(271, 11),
(272, 1),
(272, 11),
(273, 1),
(273, 11),
(274, 1),
(274, 11),
(275, 1),
(275, 11),
(276, 1),
(276, 11),
(277, 1),
(277, 11),
(278, 1),
(278, 11),
(279, 1),
(279, 11),
(280, 1),
(280, 11),
(281, 1),
(281, 11),
(282, 1),
(282, 11),
(283, 1),
(283, 11),
(284, 1),
(284, 11),
(285, 1),
(285, 11),
(286, 1),
(286, 11),
(287, 1),
(287, 11),
(288, 1),
(288, 11),
(289, 1),
(289, 11),
(290, 1),
(290, 11),
(291, 1),
(291, 11),
(292, 1),
(292, 11),
(293, 1),
(293, 11),
(294, 1),
(294, 11),
(295, 1),
(295, 11),
(296, 1),
(296, 11),
(297, 1),
(297, 11),
(298, 1),
(298, 11),
(299, 1),
(299, 11),
(300, 1),
(300, 11),
(301, 1),
(301, 11),
(302, 1),
(302, 11),
(303, 1),
(303, 11),
(304, 1),
(304, 11),
(305, 1),
(305, 11),
(306, 1),
(306, 11),
(307, 1),
(307, 11),
(308, 1),
(308, 11),
(309, 1),
(309, 11),
(310, 15),
(311, 24),
(312, 18),
(313, 16),
(314, 19),
(315, 20),
(316, 26),
(317, 23),
(318, 28),
(319, 29),
(320, 30),
(321, 47),
(322, 159),
(323, 49),
(324, 1),
(324, 11),
(325, 3),
(325, 14),
(326, 3),
(326, 14),
(327, 3),
(327, 14),
(328, 3),
(328, 14),
(329, 3),
(329, 14),
(330, 3),
(330, 14),
(331, 3),
(331, 14),
(332, 3),
(332, 14),
(333, 3),
(333, 14),
(334, 3),
(334, 14),
(335, 3),
(335, 14),
(336, 3),
(336, 14),
(337, 3),
(337, 14),
(338, 3),
(338, 14),
(339, 14),
(340, 1),
(340, 11),
(341, 79),
(341, 80),
(342, 12),
(344, 24),
(345, 47),
(346, 49),
(347, 16),
(349, 18),
(350, 19),
(351, 20),
(354, 23),
(356, 26),
(357, 27),
(358, 28),
(359, 29),
(360, 30),
(363, 33),
(364, 34),
(365, 35),
(366, 36),
(367, 37),
(373, 38),
(373, 39),
(373, 40),
(373, 41),
(373, 42),
(373, 43),
(373, 44),
(376, 46),
(377, 48),
(378, 50),
(382, 55),
(383, 56),
(384, 57),
(385, 58),
(386, 59),
(387, 61),
(388, 63),
(389, 65),
(390, 71),
(391, 72),
(393, 74),
(394, 166),
(396, 85),
(397, 86),
(398, 81),
(399, 83),
(400, 84),
(403, 90),
(403, 94),
(403, 95),
(403, 96),
(403, 97),
(403, 98),
(403, 99),
(407, 79),
(410, 102),
(411, 103),
(412, 104),
(413, 105),
(414, 106),
(416, 120),
(417, 122),
(418, 124),
(419, 125),
(420, 127),
(421, 128),
(422, 130),
(423, 131),
(424, 133),
(425, 145),
(426, 146),
(427, 143),
(428, 137),
(429, 136),
(430, 4),
(430, 13),
(431, 4),
(431, 13),
(432, 4),
(432, 13),
(433, 4),
(433, 13),
(434, 4),
(434, 13),
(435, 4),
(435, 13),
(436, 4),
(436, 13),
(437, 4),
(437, 13),
(438, 4),
(438, 13),
(439, 4),
(439, 13),
(440, 4),
(440, 13),
(441, 4),
(441, 13),
(442, 4),
(442, 13),
(443, 4),
(443, 13),
(444, 4),
(444, 13),
(445, 4),
(445, 13),
(446, 4),
(446, 13),
(447, 4),
(447, 13),
(448, 4),
(448, 13),
(449, 4),
(449, 13),
(450, 4),
(450, 13),
(451, 4),
(451, 13),
(452, 4),
(452, 13),
(453, 4),
(453, 13),
(454, 4),
(454, 13),
(455, 4),
(455, 13),
(456, 4),
(456, 13),
(457, 4),
(457, 13),
(458, 4),
(458, 13),
(459, 4),
(459, 13),
(460, 4),
(460, 13),
(461, 4),
(461, 13),
(462, 4),
(462, 13),
(463, 4),
(463, 13),
(464, 4),
(464, 13),
(465, 4),
(465, 13),
(466, 4),
(466, 13),
(467, 4),
(467, 13),
(468, 4),
(468, 13),
(469, 4),
(469, 13),
(470, 4),
(470, 13),
(471, 4),
(471, 13),
(472, 4),
(472, 13),
(473, 4),
(473, 13),
(474, 4),
(474, 13),
(475, 4),
(475, 13),
(476, 4),
(476, 13),
(477, 4),
(477, 13),
(478, 4),
(478, 13),
(479, 4),
(479, 13),
(480, 4),
(480, 13),
(481, 4),
(481, 13),
(482, 4),
(482, 13),
(483, 4),
(483, 13),
(484, 4),
(484, 13),
(485, 4),
(485, 13),
(486, 4),
(486, 13),
(487, 4),
(487, 13),
(488, 4),
(488, 13),
(489, 4),
(489, 13),
(490, 4),
(490, 13),
(491, 4),
(491, 13),
(492, 4),
(492, 13),
(493, 4),
(493, 13),
(494, 4),
(494, 13),
(495, 4),
(495, 13),
(496, 4),
(496, 13),
(497, 4),
(497, 13),
(498, 4),
(498, 13),
(499, 4),
(499, 13),
(500, 4),
(500, 13),
(501, 4),
(501, 13),
(502, 4),
(502, 13),
(503, 4),
(503, 13),
(504, 4),
(504, 13),
(505, 1),
(505, 11),
(506, 12),
(507, 15),
(508, 16),
(509, 17),
(510, 18),
(511, 158),
(512, 19),
(513, 20),
(514, 21),
(515, 22),
(516, 23),
(517, 24),
(518, 25),
(519, 26),
(520, 27),
(521, 28),
(522, 29),
(523, 30),
(524, 31),
(525, 32),
(526, 33),
(527, 34),
(528, 35),
(529, 36),
(530, 37),
(531, 38),
(532, 39),
(533, 40),
(534, 41),
(535, 42),
(536, 43),
(537, 44),
(538, 45),
(539, 46),
(540, 159),
(541, 47),
(542, 160),
(543, 48),
(544, 49),
(545, 50),
(546, 52),
(547, 53),
(548, 54),
(549, 55),
(550, 56),
(551, 57),
(552, 58),
(553, 59),
(554, 161),
(555, 60),
(556, 61),
(557, 62),
(558, 63),
(559, 64),
(560, 163),
(561, 164),
(562, 162),
(563, 65),
(564, 66),
(565, 67),
(566, 68),
(567, 69),
(568, 70),
(569, 71),
(570, 165),
(571, 72),
(572, 73),
(573, 167),
(574, 74),
(575, 166),
(576, 75),
(577, 76),
(578, 77),
(579, 78),
(580, 79),
(581, 80),
(582, 81),
(583, 82),
(584, 83),
(585, 84),
(586, 85),
(587, 86),
(588, 87),
(589, 88),
(590, 89),
(591, 169),
(592, 90),
(593, 168),
(594, 91),
(595, 92),
(596, 93),
(597, 94),
(598, 95),
(599, 96),
(600, 97),
(601, 98),
(602, 99),
(603, 100),
(604, 101),
(605, 102),
(606, 103),
(607, 104),
(608, 105),
(609, 106),
(610, 107),
(611, 108),
(612, 109),
(613, 110),
(614, 111),
(615, 114),
(616, 115),
(617, 116),
(618, 117),
(619, 118),
(620, 119),
(621, 120),
(622, 121),
(623, 122),
(624, 123),
(625, 124),
(626, 125),
(627, 126),
(628, 127),
(629, 128),
(630, 129),
(631, 130),
(632, 131),
(633, 132),
(634, 133),
(635, 134),
(636, 135),
(637, 136),
(638, 137),
(639, 138),
(640, 139),
(641, 140),
(642, 141),
(643, 142),
(644, 143),
(645, 144),
(646, 145),
(647, 146),
(648, 147),
(649, 170),
(650, 148),
(651, 149),
(652, 150),
(653, 151),
(654, 152),
(655, 154),
(656, 51),
(657, 3),
(657, 14),
(658, 4),
(658, 13),
(659, 1),
(659, 11),
(660, 12),
(661, 15),
(662, 16),
(663, 17),
(664, 18),
(665, 158),
(666, 19),
(667, 20),
(668, 21),
(669, 22),
(670, 23),
(671, 24),
(672, 25),
(673, 26),
(674, 27),
(675, 28),
(676, 29),
(677, 30),
(678, 31),
(679, 32),
(680, 33),
(681, 34),
(682, 35),
(683, 36),
(684, 37),
(685, 38),
(686, 39),
(687, 40),
(688, 41),
(689, 42),
(690, 43),
(691, 44),
(692, 45),
(693, 46),
(694, 159),
(695, 47),
(696, 160),
(697, 48),
(698, 49),
(699, 50),
(700, 52),
(701, 53),
(702, 54),
(703, 55),
(704, 56),
(705, 57),
(706, 58),
(707, 59),
(708, 161),
(709, 60),
(710, 61),
(711, 62),
(712, 63),
(713, 64),
(714, 163),
(715, 164),
(716, 162),
(717, 65),
(718, 66),
(719, 67),
(720, 68),
(721, 69),
(722, 70),
(723, 71),
(724, 165),
(725, 72),
(726, 73),
(727, 167),
(728, 74),
(729, 166),
(730, 75),
(731, 76),
(732, 77),
(733, 78),
(734, 79),
(735, 80),
(736, 81),
(737, 82),
(738, 83),
(739, 84),
(740, 85),
(741, 86),
(742, 87),
(743, 88),
(744, 89),
(745, 169),
(746, 90),
(747, 168),
(748, 91),
(749, 92),
(750, 93),
(751, 94),
(752, 95),
(753, 96),
(754, 97),
(755, 98),
(756, 99),
(757, 100),
(758, 101),
(759, 102),
(760, 103),
(761, 104),
(762, 105),
(763, 106),
(764, 107),
(765, 108),
(766, 109),
(767, 110),
(768, 111),
(769, 114),
(770, 115),
(771, 116),
(772, 117),
(773, 118),
(774, 119),
(775, 120),
(776, 121),
(777, 122),
(778, 123),
(779, 124),
(780, 125),
(781, 126),
(782, 127),
(783, 128),
(784, 129),
(785, 130),
(786, 131),
(787, 132),
(788, 133),
(789, 134),
(790, 135),
(791, 136),
(792, 137),
(793, 138),
(794, 139),
(795, 140),
(796, 141),
(797, 142),
(798, 143),
(799, 144),
(800, 145),
(801, 146),
(802, 147),
(803, 170),
(804, 148),
(805, 149),
(806, 150),
(807, 151),
(808, 152),
(809, 154),
(810, 51),
(811, 3),
(811, 14),
(812, 4),
(812, 13);

-- --------------------------------------------------------

--
-- Tabellenstruktur für Tabelle `transfer_reservation_extras`
--

CREATE TABLE `transfer_reservation_extras` (
  `id` int UNSIGNED NOT NULL,
  `price` decimal(9,2) DEFAULT NULL,
  `image_path` varchar(255) DEFAULT NULL,
  `status` enum('T','F') DEFAULT NULL,
  `modified` datetime DEFAULT NULL
) ENGINE=InnoDB DEFAULT CHARSET=utf8mb3;

--
-- Daten für Tabelle `transfer_reservation_extras`
--

INSERT INTO `transfer_reservation_extras` (`id`, `price`, `image_path`, `status`, `modified`) VALUES
(1, NULL, NULL, 'T', '2023-11-22 13:55:14'),
(2, NULL, 'app/web/upload/extras/2_65189f9d3506deb7f95a3017435b3553.png', 'T', '2023-11-22 13:55:01'),
(3, NULL, 'app/web/upload/extras/3_c8e6b140f5efe16afdb0db1d9d20040f.png', 'T', '2023-11-22 13:54:13'),
(4, NULL, 'app/web/upload/extras/4_b9bc6b468fb11ec2d677b9e407ae6a3d.png', 'T', '2023-11-22 13:54:00'),
(5, NULL, NULL, 'T', '2023-11-22 13:55:23'),
(6, NULL, NULL, 'T', '2023-09-14 12:17:34'),
(7, NULL, NULL, 'F', '2023-11-22 13:55:45'),
(8, 15.00, NULL, 'T', '2023-11-22 13:53:14');

-- --------------------------------------------------------

--
-- Tabellenstruktur für Tabelle `transfer_reservation_extras_limitations`
--

CREATE TABLE `transfer_reservation_extras_limitations` (
  `id` int UNSIGNED NOT NULL,
  `extra_id` int UNSIGNED DEFAULT NULL,
  `fleet_id` int UNSIGNED DEFAULT NULL,
  `max_qty` int UNSIGNED DEFAULT NULL
) ENGINE=InnoDB DEFAULT CHARSET=utf8mb3;

--
-- Daten für Tabelle `transfer_reservation_extras_limitations`
--

INSERT INTO `transfer_reservation_extras_limitations` (`id`, `extra_id`, `fleet_id`, `max_qty`) VALUES
(1, 1, 1, 3),
(2, 2, 1, 2),
(3, 3, 1, 2),
(4, 4, 1, 2),
(5, 5, 1, 3),
(6, 6, 1, 3),
(28, 8, 1, 2),
(29, 1, 2, 10),
(30, 2, 2, 4),
(31, 3, 2, 4),
(32, 4, 2, 4),
(33, 5, 2, 8),
(34, 6, 2, 8),
(35, 8, 2, 2),
(36, 1, 3, 10),
(37, 2, 3, 4),
(38, 3, 3, 4),
(39, 4, 3, 4),
(40, 5, 3, 8),
(41, 6, 3, 8),
(42, 8, 3, 2),
(43, 1, 4, 3),
(44, 2, 4, 1),
(45, 3, 4, 1),
(46, 4, 4, 1),
(47, 5, 4, 2),
(48, 6, 4, 2),
(49, 8, 4, 2),
(50, 1, 5, 20),
(51, 2, 5, 8),
(52, 3, 5, 8),
(53, 4, 5, 8),
(54, 5, 5, 16),
(55, 6, 5, 16),
(56, 8, 5, 4),
(64, 1, 6, 3),
(65, 2, 6, 2),
(66, 3, 6, 2),
(67, 4, 6, 2),
(68, 5, 6, 2),
(69, 6, 6, 2),
(70, 8, 6, 15),
(71, 1, 7, 10),
(72, 2, 7, 4),
(73, 3, 7, 4),
(74, 4, 7, 4),
(75, 5, 7, 8),
(76, 6, 7, 8),
(77, 8, 7, 15),
(99, 1, 8, 10),
(100, 2, 8, 4),
(101, 3, 8, 4),
(102, 4, 8, 4),
(103, 5, 8, 8),
(104, 6, 8, 8),
(105, 8, 8, 15),
(113, 1, 9, 3),
(114, 2, 9, 1),
(115, 3, 9, 1),
(116, 4, 9, 1),
(117, 5, 9, 2),
(118, 6, 9, 2),
(119, 8, 9, 15),
(120, 1, 10, 20),
(121, 2, 10, 8),
(122, 3, 10, 8),
(123, 4, 10, 8),
(124, 5, 10, 16),
(125, 6, 10, 16),
(126, 8, 10, 15),
(183, 1, 11, 3),
(184, 2, 11, 2),
(185, 3, 11, 2),
(186, 4, 11, 2),
(187, 5, 11, 3),
(188, 6, 11, 3),
(189, 8, 11, 15),
(197, 1, 12, 10),
(198, 2, 12, 4),
(199, 3, 12, 4),
(200, 4, 12, 4),
(201, 5, 12, 8),
(202, 6, 12, 8),
(203, 8, 12, 15),
(204, 1, 13, 20),
(205, 2, 13, 8),
(206, 3, 13, 8),
(207, 4, 13, 8),
(208, 5, 13, 16),
(209, 6, 13, 16),
(210, 8, 13, 15),
(211, 1, 14, 3),
(212, 2, 14, 1),
(213, 3, 14, 1),
(214, 4, 14, 1),
(215, 5, 14, 2),
(216, 6, 14, 2),
(217, 8, 14, 15),
(218, 1, 15, 10),
(219, 2, 15, 4),
(220, 3, 15, 4),
(221, 4, 15, 4),
(222, 5, 15, 8),
(223, 6, 15, 8),
(224, 8, 15, 15),
(225, 1, 16, 3),
(226, 2, 16, 2),
(227, 3, 16, 2),
(228, 4, 16, 2),
(229, 5, 16, 3),
(230, 6, 16, 3),
(231, 8, 16, 15),
(232, 1, 17, 10),
(233, 2, 17, 4),
(234, 3, 17, 4),
(235, 4, 17, 4),
(236, 5, 17, 8),
(237, 6, 17, 8),
(238, 8, 17, 15),
(239, 1, 18, 20),
(240, 2, 18, 8),
(241, 3, 18, 8),
(242, 4, 18, 8),
(243, 5, 18, 16),
(244, 6, 18, 16),
(245, 8, 18, 15),
(246, 1, 19, 3),
(247, 2, 19, 1),
(248, 3, 19, 1),
(249, 4, 19, 1),
(250, 5, 19, 2),
(251, 6, 19, 2),
(252, 8, 19, 15),
(260, 1, 20, 10),
(261, 2, 20, 4),
(262, 3, 20, 4),
(263, 4, 20, 4),
(264, 5, 20, 8),
(265, 6, 20, 8),
(266, 8, 20, 15),
(365, 1, 21, 20),
(366, 2, 21, 4),
(367, 3, 21, 4),
(368, 4, 21, 4),
(369, 5, 21, 10),
(370, 6, 21, 10),
(371, 8, 21, 1);

-- --------------------------------------------------------

--
-- Tabellenstruktur für Tabelle `transfer_reservation_fields`
--

CREATE TABLE `transfer_reservation_fields` (
  `id` int UNSIGNED NOT NULL,
  `key` varchar(100) DEFAULT NULL,
  `type` enum('backend','frontend','arrays') DEFAULT NULL,
  `label` varchar(255) DEFAULT NULL,
  `source` enum('script','plugin') DEFAULT 'script',
  `modified` datetime DEFAULT NULL
) ENGINE=InnoDB DEFAULT CHARSET=utf8mb3;





-- --------------------------------------------------------

--
-- Tabellenstruktur für Tabelle `transfer_reservation_fleets`
--

CREATE TABLE `transfer_reservation_fleets` (
  `id` int UNSIGNED NOT NULL,
  `min_passengers` int UNSIGNED DEFAULT NULL,
  `passengers` int UNSIGNED DEFAULT NULL,
  `return_discount_1` decimal(9,2) DEFAULT NULL,
  `return_discount_2` decimal(9,2) DEFAULT NULL,
  `return_discount_3` decimal(9,2) DEFAULT NULL,
  `return_discount_4` decimal(9,2) DEFAULT NULL,
  `return_discount_5` decimal(9,2) DEFAULT NULL,
  `return_discount_6` decimal(9,2) DEFAULT NULL,
  `return_discount_7` decimal(9,2) DEFAULT NULL,
  `luggage` int UNSIGNED DEFAULT NULL,
  `crossedout_price` decimal(9,2) DEFAULT NULL,
  `crossedout_type` enum('amount','percent') DEFAULT NULL,
  `start_fee` decimal(9,2) DEFAULT NULL,
  `source_path` varchar(255) DEFAULT NULL,
  `thumb_path` varchar(255) DEFAULT NULL,
  `image_name` varchar(255) DEFAULT NULL,
  `station_id` int DEFAULT NULL,
  `status` enum('T','F') NOT NULL DEFAULT 'T',
  `order_index` int UNSIGNED DEFAULT NULL,
  `modified` datetime DEFAULT NULL
) ENGINE=InnoDB DEFAULT CHARSET=utf8mb3;

--
-- Daten für Tabelle `transfer_reservation_fleets`
--

INSERT INTO `transfer_reservation_fleets` (`id`, `min_passengers`, `passengers`, `return_discount_1`, `return_discount_2`, `return_discount_3`, `return_discount_4`, `return_discount_5`, `return_discount_6`, `return_discount_7`, `luggage`, `crossedout_price`, `crossedout_type`, `start_fee`, `source_path`, `thumb_path`, `image_name`, `station_id`, `status`, `order_index`, `modified`) VALUES
(1, 1, 3, 3.00, 3.00, 3.00, 3.00, 3.00, NULL, NULL, 3, 20.00, 'percent', 0.00, 'app/web/upload/fleets/source/1_3fb115da369327c6ddad0eabb6cf8aa9.png', 'app/web/upload/fleets/thumb/1_3fb115da369327c6ddad0eabb6cf8aa9.png', '1_277083340265ec00d8b8c6db63ae6fa4.png', 1, 'T', 1, '2024-08-14 10:15:17'),
(2, 1, 8, 2.00, 2.00, 2.00, 2.00, 2.00, NULL, NULL, 10, 20.00, 'percent', 0.00, 'app/web/upload/fleets/source/2_af896a578413cd19ce08fc2090b5cf40.png', 'app/web/upload/fleets/thumb/2_af896a578413cd19ce08fc2090b5cf40.png', '2_0e1e63cce8ccf464db7a9dce46a1e620.png', 1, 'T', 2, '2024-08-14 09:42:03'),
(3, 1, 8, NULL, NULL, NULL, NULL, NULL, NULL, NULL, 10, 20.00, 'percent', 0.00, 'app/web/upload/fleets/source/3_9c2eb872228c950cbc2091202da97ae1.png', 'app/web/upload/fleets/thumb/3_9c2eb872228c950cbc2091202da97ae1.png', '3_d03c7632d3ec8e9e78afcf90016bdb3b.png', 1, 'T', 4, '2024-08-14 09:40:39'),
(4, 1, 3, NULL, NULL, NULL, NULL, NULL, NULL, NULL, 3, 20.00, 'percent', 0.00, 'app/web/upload/fleets/source/4_d502adc2cec9aeb340754c50460639c0.jpg', 'app/web/upload/fleets/thumb/4_d502adc2cec9aeb340754c50460639c0.jpg', '13_d25d9f48e3a2792ee4e1440f020cc334.jpg', 1, 'T', 3, '2024-08-14 09:42:05'),
(5, 9, 16, 2.00, 2.00, 2.00, 2.00, 2.00, NULL, NULL, 20, 20.00, 'percent', 0.00, 'app/web/upload/fleets/source/5_42cb5a4c3e12cb613a512b964500cb07.png', 'app/web/upload/fleets/thumb/5_42cb5a4c3e12cb613a512b964500cb07.png', '2_0e1e63cce8ccf464db7a9dce46a1e620.png', 1, 'T', 5, '2024-08-14 09:41:58'),
(6, 1, 3, NULL, NULL, NULL, NULL, NULL, NULL, NULL, 3, 20.00, 'percent', 0.00, 'app/web/upload/fleets/source/6_bfee777e13609f5279755b632355f3db.png', 'app/web/upload/fleets/thumb/6_bfee777e13609f5279755b632355f3db.png', '1_277083340265ec00d8b8c6db63ae6fa4.png', 2, 'T', NULL, '2024-08-27 16:12:57'),
(7, 1, 8, NULL, NULL, NULL, NULL, NULL, NULL, NULL, 10, 20.00, 'percent', 0.00, 'app/web/upload/fleets/source/7_e526468aceb99ae59c1a7efca486a903.png', 'app/web/upload/fleets/thumb/7_e526468aceb99ae59c1a7efca486a903.png', '2_0e1e63cce8ccf464db7a9dce46a1e620.png', 2, 'T', NULL, '2024-08-27 16:12:57'),
(8, 1, 8, NULL, NULL, NULL, NULL, NULL, NULL, NULL, 10, 20.00, 'percent', 0.00, 'app/web/upload/fleets/source/8_e1e6b8f44eb453013415381ac41a3aad.png', 'app/web/upload/fleets/thumb/8_e1e6b8f44eb453013415381ac41a3aad.png', '3_d03c7632d3ec8e9e78afcf90016bdb3b.png', 2, 'T', NULL, '2024-08-27 16:12:57'),
(9, 1, 3, NULL, NULL, NULL, NULL, NULL, NULL, NULL, 3, 20.00, 'percent', NULL, 'app/web/upload/fleets/source/9_33c9ab80eba64e5f50e8911f9b6e1aa1.jpg', 'app/web/upload/fleets/thumb/9_33c9ab80eba64e5f50e8911f9b6e1aa1.jpg', '13_d25d9f48e3a2792ee4e1440f020cc334.jpg', 2, 'T', NULL, '2024-08-27 16:12:57'),
(10, 9, 16, NULL, NULL, NULL, NULL, NULL, NULL, NULL, 20, 20.00, 'percent', NULL, 'app/web/upload/fleets/source/10_1f198305652d4428d73b5ce048d5f505.png', 'app/web/upload/fleets/thumb/10_1f198305652d4428d73b5ce048d5f505.png', '2_0e1e63cce8ccf464db7a9dce46a1e620.png', 2, 'T', NULL, '2024-08-27 10:38:00'),
(11, 1, 3, NULL, NULL, NULL, NULL, NULL, NULL, NULL, 3, 20.00, 'percent', NULL, 'app/web/upload/fleets/source/11_f60421ee12bbdc2d8f16ad66f28c23a8.png', 'app/web/upload/fleets/thumb/11_f60421ee12bbdc2d8f16ad66f28c23a8.png', '1_277083340265ec00d8b8c6db63ae6fa4.png', 4, 'T', NULL, '2024-08-27 10:38:00'),
(12, 1, 8, NULL, NULL, NULL, NULL, NULL, NULL, NULL, 10, 20.00, 'percent', NULL, 'app/web/upload/fleets/source/12_ea64cb823da850a02e8bb7c0364833c8.png', 'app/web/upload/fleets/thumb/12_ea64cb823da850a02e8bb7c0364833c8.png', '2_0e1e63cce8ccf464db7a9dce46a1e620.png', 4, 'T', NULL, '2024-08-27 10:38:00'),
(13, 9, 16, NULL, NULL, NULL, NULL, NULL, NULL, NULL, 20, 20.00, 'percent', NULL, 'app/web/upload/fleets/source/13_1193a89d171744d7d1aea860a1f1a847.png', 'app/web/upload/fleets/thumb/13_1193a89d171744d7d1aea860a1f1a847.png', '2_0e1e63cce8ccf464db7a9dce46a1e620.png', 4, 'T', NULL, '2024-08-27 10:38:00'),
(14, 1, 3, NULL, NULL, NULL, NULL, NULL, NULL, NULL, 3, 20.00, 'percent', NULL, 'app/web/upload/fleets/source/14_e78f79f2d0bf383b6426478183c7318b.jpg', 'app/web/upload/fleets/thumb/14_e78f79f2d0bf383b6426478183c7318b.jpg', '13_d25d9f48e3a2792ee4e1440f020cc334.jpg', 4, 'T', NULL, '2024-08-27 10:38:00'),
(15, 1, 8, NULL, NULL, NULL, NULL, NULL, NULL, NULL, 10, 20.00, 'percent', NULL, 'app/web/upload/fleets/source/15_e8f3744814c60b3f680b57ab1dcf26fa.png', 'app/web/upload/fleets/thumb/15_e8f3744814c60b3f680b57ab1dcf26fa.png', '3_d03c7632d3ec8e9e78afcf90016bdb3b.png', 4, 'T', NULL, '2024-08-27 10:38:07'),
(16, 1, 3, NULL, NULL, NULL, NULL, NULL, NULL, NULL, 3, 20.00, 'percent', NULL, 'app/web/upload/fleets/source/16_c5e1b45186d59e5464d0457368c119b3.png', 'app/web/upload/fleets/thumb/16_c5e1b45186d59e5464d0457368c119b3.png', '1_277083340265ec00d8b8c6db63ae6fa4.png', 3, 'T', NULL, '2024-08-27 10:38:00'),
(17, 1, 8, NULL, NULL, NULL, NULL, NULL, NULL, NULL, 10, 20.00, 'percent', NULL, 'app/web/upload/fleets/source/17_5eef2da530906915d9e133addf8780c8.png', 'app/web/upload/fleets/thumb/17_5eef2da530906915d9e133addf8780c8.png', '2_0e1e63cce8ccf464db7a9dce46a1e620.png', 3, 'T', NULL, '2024-08-27 10:38:00'),
(18, 9, 16, NULL, NULL, NULL, NULL, NULL, NULL, NULL, 20, 20.00, 'percent', NULL, 'app/web/upload/fleets/source/18_e7899e3b1bb8375b9f89390cfe594ef6.png', 'app/web/upload/fleets/thumb/18_e7899e3b1bb8375b9f89390cfe594ef6.png', '2_0e1e63cce8ccf464db7a9dce46a1e620.png', 3, 'T', NULL, '2024-08-27 10:38:00'),
(19, 1, 3, NULL, NULL, NULL, NULL, NULL, NULL, NULL, 3, 20.00, 'percent', NULL, 'app/web/upload/fleets/source/19_f4c31553a57f3b99dff56362646fa9cd.jpg', 'app/web/upload/fleets/thumb/19_f4c31553a57f3b99dff56362646fa9cd.jpg', '13_d25d9f48e3a2792ee4e1440f020cc334.jpg', 3, 'T', NULL, '2024-08-27 10:38:00'),
(20, 1, 8, NULL, NULL, NULL, NULL, NULL, NULL, NULL, 10, 20.00, 'percent', NULL, 'app/web/upload/fleets/source/20_c2d2f4e0c347424de2d478285e93c9b0.png', 'app/web/upload/fleets/thumb/20_c2d2f4e0c347424de2d478285e93c9b0.png', '3_d03c7632d3ec8e9e78afcf90016bdb3b.png', 3, 'T', NULL, '2024-08-27 10:38:00'),
(21, 1, 8, NULL, NULL, NULL, NULL, NULL, NULL, NULL, 20, 20.00, 'percent', NULL, 'app/web/upload/fleets/source/21_53fc7b533c31bd1c3ea469a6a2124f72.png', 'app/web/upload/fleets/thumb/21_53fc7b533c31bd1c3ea469a6a2124f72.png', 'minibus.png', 1, 'T', 5, '2024-08-14 09:42:01');

-- --------------------------------------------------------

--
-- Tabellenstruktur für Tabelle `transfer_reservation_fleets_discounts`
--

CREATE TABLE `transfer_reservation_fleets_discounts` (
  `id` int UNSIGNED NOT NULL,
  `fleet_id` int UNSIGNED DEFAULT NULL,
  `day` varchar(255) DEFAULT NULL,
  `type` enum('amount','percent') DEFAULT NULL,
  `discount` decimal(9,2) UNSIGNED DEFAULT NULL,
  `valid` enum('always','period') DEFAULT 'always',
  `date_from` date DEFAULT NULL,
  `time_from` time DEFAULT NULL,
  `date_to` date DEFAULT NULL,
  `time_to` time DEFAULT NULL,
  `is_subtract` enum('T','F') DEFAULT 'T'
) ENGINE=InnoDB DEFAULT CHARSET=utf8mb3;

--
-- Daten für Tabelle `transfer_reservation_fleets_discounts`
--

INSERT INTO `transfer_reservation_fleets_discounts` (`id`, `fleet_id`, `day`, `type`, `discount`, `valid`, `date_from`, `time_from`, `date_to`, `time_to`, `is_subtract`) VALUES
(141, 6, 'monday', 'amount', 0.00, 'always', NULL, NULL, NULL, NULL, 'T'),
(142, 6, 'tuesday', 'amount', 0.00, 'always', NULL, NULL, NULL, NULL, 'T'),
(143, 6, 'wednesday', 'amount', 0.00, 'always', NULL, NULL, NULL, NULL, 'T'),
(144, 6, 'thursday', 'amount', 0.00, 'always', NULL, NULL, NULL, NULL, 'T'),
(145, 6, 'friday', 'amount', 0.00, 'always', NULL, NULL, NULL, NULL, 'T'),
(146, 6, 'saturday', 'amount', 0.00, 'always', NULL, NULL, NULL, NULL, 'T'),
(147, 6, 'sunday', 'amount', 0.00, 'always', NULL, NULL, NULL, NULL, 'T'),
(155, 7, 'monday', 'amount', 0.00, 'always', NULL, NULL, NULL, NULL, 'T'),
(156, 7, 'tuesday', 'amount', 0.00, 'always', NULL, NULL, NULL, NULL, 'T'),
(157, 7, 'wednesday', 'amount', 0.00, 'always', NULL, NULL, NULL, NULL, 'T'),
(158, 7, 'thursday', 'amount', 0.00, 'always', NULL, NULL, NULL, NULL, 'T'),
(159, 7, 'friday', 'amount', 0.00, 'always', NULL, NULL, NULL, NULL, 'T'),
(160, 7, 'saturday', 'amount', 0.00, 'always', NULL, NULL, NULL, NULL, 'T'),
(161, 7, 'sunday', 'amount', 0.00, 'always', NULL, NULL, NULL, NULL, 'T'),
(176, 8, 'monday', 'amount', 0.00, 'always', NULL, NULL, NULL, NULL, 'T'),
(177, 8, 'tuesday', 'amount', 0.00, 'always', NULL, NULL, NULL, NULL, 'T'),
(178, 8, 'wednesday', 'amount', 0.00, 'always', NULL, NULL, NULL, NULL, 'T'),
(179, 8, 'thursday', 'amount', 0.00, 'always', NULL, NULL, NULL, NULL, 'T'),
(180, 8, 'friday', 'amount', 0.00, 'always', NULL, NULL, NULL, NULL, 'T'),
(181, 8, 'saturday', 'amount', 0.00, 'always', NULL, NULL, NULL, NULL, 'T'),
(182, 8, 'sunday', 'amount', 0.00, 'always', NULL, NULL, NULL, NULL, 'T'),
(197, 12, 'monday', 'amount', 0.00, 'always', NULL, NULL, NULL, NULL, 'T'),
(198, 12, 'tuesday', 'amount', 0.00, 'always', NULL, NULL, NULL, NULL, 'T'),
(199, 12, 'wednesday', 'amount', 0.00, 'always', NULL, NULL, NULL, NULL, 'T'),
(200, 12, 'thursday', 'amount', 0.00, 'always', NULL, NULL, NULL, NULL, 'T'),
(201, 12, 'friday', 'amount', 0.00, 'always', NULL, NULL, NULL, NULL, 'T'),
(202, 12, 'saturday', 'amount', 0.00, 'always', NULL, NULL, NULL, NULL, 'T'),
(203, 12, 'sunday', 'amount', 0.00, 'always', NULL, NULL, NULL, NULL, 'T'),
(218, 15, 'monday', 'amount', 0.00, 'always', NULL, NULL, NULL, NULL, 'T'),
(219, 15, 'tuesday', 'amount', 0.00, 'always', NULL, NULL, NULL, NULL, 'T'),
(220, 15, 'wednesday', 'amount', 0.00, 'always', NULL, NULL, NULL, NULL, 'T'),
(221, 15, 'thursday', 'amount', 0.00, 'always', NULL, NULL, NULL, NULL, 'T'),
(222, 15, 'friday', 'amount', 0.00, 'always', NULL, NULL, NULL, NULL, 'T'),
(223, 15, 'saturday', 'amount', 0.00, 'always', NULL, NULL, NULL, NULL, 'T'),
(224, 15, 'sunday', 'amount', 0.00, 'always', NULL, NULL, NULL, NULL, 'T'),
(225, 16, 'monday', 'amount', 0.00, 'always', NULL, NULL, NULL, NULL, 'T'),
(226, 16, 'tuesday', 'amount', 0.00, 'always', NULL, NULL, NULL, NULL, 'T'),
(227, 16, 'wednesday', 'amount', 0.00, 'always', NULL, NULL, NULL, NULL, 'T'),
(228, 16, 'thursday', 'amount', 0.00, 'always', NULL, NULL, NULL, NULL, 'T'),
(229, 16, 'friday', 'amount', 0.00, 'always', NULL, NULL, NULL, NULL, 'T'),
(230, 16, 'saturday', 'amount', 0.00, 'always', NULL, NULL, NULL, NULL, 'T'),
(231, 16, 'sunday', 'amount', 0.00, 'always', NULL, NULL, NULL, NULL, 'T'),
(232, 17, 'monday', 'amount', 0.00, 'always', NULL, NULL, NULL, NULL, 'T'),
(233, 17, 'tuesday', 'amount', 0.00, 'always', NULL, NULL, NULL, NULL, 'T'),
(234, 17, 'wednesday', 'amount', 0.00, 'always', NULL, NULL, NULL, NULL, 'T'),
(235, 17, 'thursday', 'amount', 0.00, 'always', NULL, NULL, NULL, NULL, 'T'),
(236, 17, 'friday', 'amount', 0.00, 'always', NULL, NULL, NULL, NULL, 'T'),
(237, 17, 'saturday', 'amount', 0.00, 'always', NULL, NULL, NULL, NULL, 'T'),
(238, 17, 'sunday', 'amount', 0.00, 'always', NULL, NULL, NULL, NULL, 'T'),
(260, 20, 'monday', 'amount', 0.00, 'always', NULL, NULL, NULL, NULL, 'T'),
(261, 20, 'tuesday', 'amount', 0.00, 'always', NULL, NULL, NULL, NULL, 'T'),
(262, 20, 'wednesday', 'amount', 0.00, 'always', NULL, NULL, NULL, NULL, 'T'),
(263, 20, 'thursday', 'amount', 0.00, 'always', NULL, NULL, NULL, NULL, 'T'),
(264, 20, 'friday', 'amount', 0.00, 'always', NULL, NULL, NULL, NULL, 'T'),
(265, 20, 'saturday', 'amount', 0.00, 'always', NULL, NULL, NULL, NULL, 'T'),
(266, 20, 'sunday', 'amount', 0.00, 'always', NULL, NULL, NULL, NULL, 'T'),
(309, 9, 'monday:130:', 'amount', 0.00, 'always', NULL, NULL, NULL, NULL, 'F'),
(310, 9, 'tuesday:131:', 'amount', 0.00, 'always', NULL, NULL, NULL, NULL, 'F'),
(311, 9, 'wednesday:132:', 'amount', 0.00, 'always', NULL, NULL, NULL, NULL, 'F'),
(312, 9, 'thursday:133:', 'amount', 0.00, 'always', NULL, NULL, NULL, NULL, 'F'),
(313, 9, 'friday:134:', 'amount', 0.00, 'always', NULL, NULL, NULL, NULL, 'F'),
(314, 9, 'saturday:135:', 'amount', 0.00, 'always', NULL, NULL, NULL, NULL, 'F'),
(315, 9, 'sunday:129:', 'amount', 0.00, 'always', NULL, NULL, NULL, NULL, 'F'),
(316, 14, 'monday:130:', 'amount', 0.00, 'always', NULL, NULL, NULL, NULL, 'F'),
(317, 14, 'tuesday:131:', 'amount', 0.00, 'always', NULL, NULL, NULL, NULL, 'F'),
(318, 14, 'wednesday:132:', 'amount', 0.00, 'always', NULL, NULL, NULL, NULL, 'F'),
(319, 14, 'thursday:133:', 'amount', 0.00, 'always', NULL, NULL, NULL, NULL, 'F'),
(320, 14, 'friday:134:', 'amount', 0.00, 'always', NULL, NULL, NULL, NULL, 'F'),
(321, 14, 'saturday:135:', 'amount', 0.00, 'always', NULL, NULL, NULL, NULL, 'F'),
(322, 14, 'sunday:129:', 'amount', 0.00, 'always', NULL, NULL, NULL, NULL, 'F'),
(323, 19, 'monday:130:', 'amount', 0.00, 'always', NULL, NULL, NULL, NULL, 'F'),
(324, 19, 'tuesday:131:', 'amount', 0.00, 'always', NULL, NULL, NULL, NULL, 'F'),
(325, 19, 'wednesday:132:', 'amount', 0.00, 'always', NULL, NULL, NULL, NULL, 'F'),
(326, 19, 'thursday:133:', 'amount', 0.00, 'always', NULL, NULL, NULL, NULL, 'F'),
(327, 19, 'friday:134:', 'amount', 0.00, 'always', NULL, NULL, NULL, NULL, 'F'),
(328, 19, 'saturday:135:', 'amount', 0.00, 'always', NULL, NULL, NULL, NULL, 'F'),
(329, 19, 'sunday:129:', 'amount', 0.00, 'always', NULL, NULL, NULL, NULL, 'F'),
(330, 10, 'monday:130:', 'amount', 0.00, 'always', NULL, NULL, NULL, NULL, 'F'),
(331, 10, 'tuesday:131:', 'amount', 0.00, 'always', NULL, NULL, NULL, NULL, 'F'),
(332, 10, 'wednesday:132:', 'amount', 0.00, 'always', NULL, NULL, NULL, NULL, 'F'),
(333, 10, 'thursday:133:', 'amount', 0.00, 'always', NULL, NULL, NULL, NULL, 'F'),
(334, 10, 'friday:134:', 'amount', 0.00, 'always', NULL, NULL, NULL, NULL, 'F'),
(335, 10, 'saturday:135:', 'amount', 0.00, 'always', NULL, NULL, NULL, NULL, 'F'),
(336, 10, 'sunday:129:', 'amount', 0.00, 'always', NULL, NULL, NULL, NULL, 'F'),
(337, 13, 'monday:130:', 'amount', 0.00, 'always', NULL, NULL, NULL, NULL, 'F'),
(338, 13, 'tuesday:131:', 'amount', 0.00, 'always', NULL, NULL, NULL, NULL, 'F'),
(339, 13, 'wednesday:132:', 'amount', 0.00, 'always', NULL, NULL, NULL, NULL, 'F'),
(340, 13, 'thursday:133:', 'amount', 0.00, 'always', NULL, NULL, NULL, NULL, 'F'),
(341, 13, 'friday:134:', 'amount', 0.00, 'always', NULL, NULL, NULL, NULL, 'F'),
(342, 13, 'saturday:135:', 'amount', 0.00, 'always', NULL, NULL, NULL, NULL, 'F'),
(343, 13, 'sunday:129:', 'amount', 0.00, 'always', NULL, NULL, NULL, NULL, 'F'),
(344, 18, 'monday:130:', 'amount', 0.00, 'always', NULL, NULL, NULL, NULL, 'F'),
(345, 18, 'tuesday:131:', 'amount', 0.00, 'always', NULL, NULL, NULL, NULL, 'F'),
(346, 18, 'wednesday:132:', 'amount', 0.00, 'always', NULL, NULL, NULL, NULL, 'F'),
(347, 18, 'thursday:133:', 'amount', 0.00, 'always', NULL, NULL, NULL, NULL, 'F'),
(348, 18, 'friday:134:', 'amount', 0.00, 'always', NULL, NULL, NULL, NULL, 'F'),
(349, 18, 'saturday:135:', 'amount', 0.00, 'always', NULL, NULL, NULL, NULL, 'F'),
(350, 18, 'sunday:129:', 'amount', 0.00, 'always', NULL, NULL, NULL, NULL, 'F'),
(435, 11, 'monday', 'amount', 0.00, 'always', NULL, NULL, NULL, NULL, 'T'),
(436, 11, 'tuesday', 'amount', 0.00, 'always', NULL, NULL, NULL, NULL, 'T'),
(437, 11, 'wednesday', 'amount', 0.00, 'always', NULL, NULL, NULL, NULL, 'T'),
(438, 11, 'thursday', 'amount', 0.00, 'always', NULL, NULL, NULL, NULL, 'T'),
(439, 11, 'friday', 'amount', 0.00, 'always', NULL, NULL, NULL, NULL, 'T'),
(440, 11, 'saturday', 'amount', 0.00, 'always', NULL, NULL, NULL, NULL, 'T'),
(441, 11, 'sunday', 'amount', 0.00, 'always', NULL, NULL, NULL, NULL, 'T'),
(547, 3, 'monday', 'amount', 0.00, 'always', NULL, NULL, NULL, NULL, 'F'),
(548, 3, 'tuesday', 'amount', 0.00, 'always', NULL, NULL, NULL, NULL, 'F'),
(549, 3, 'wednesday', 'amount', 0.00, 'always', NULL, NULL, NULL, NULL, 'F'),
(550, 3, 'thursday', 'amount', 0.00, 'always', NULL, NULL, NULL, NULL, 'F'),
(551, 3, 'friday', 'amount', 0.00, 'always', NULL, NULL, NULL, NULL, 'F'),
(552, 3, 'saturday', 'amount', 0.00, 'always', NULL, NULL, NULL, NULL, 'F'),
(553, 3, 'sunday', 'amount', 0.00, 'always', NULL, NULL, NULL, NULL, 'F'),
(554, 5, 'monday', 'amount', 0.00, 'always', NULL, NULL, NULL, NULL, 'F'),
(555, 5, 'tuesday', 'amount', 0.00, 'always', NULL, NULL, NULL, NULL, 'F'),
(556, 5, 'wednesday', 'amount', 0.00, 'always', NULL, NULL, NULL, NULL, 'F'),
(557, 5, 'thursday', 'amount', 0.00, 'always', NULL, NULL, NULL, NULL, 'F'),
(558, 5, 'friday', 'amount', 0.00, 'always', NULL, NULL, NULL, NULL, 'F'),
(559, 5, 'saturday', 'amount', 0.00, 'always', NULL, NULL, NULL, NULL, 'F'),
(560, 5, 'sunday', 'amount', 0.00, 'always', NULL, NULL, NULL, NULL, 'F'),
(561, 21, 'monday', 'amount', 0.00, 'always', NULL, NULL, NULL, NULL, 'F'),
(562, 21, 'tuesday', 'amount', 0.00, 'always', NULL, NULL, NULL, NULL, 'F'),
(563, 21, 'wednesday', 'amount', 0.00, 'always', NULL, NULL, NULL, NULL, 'F'),
(564, 21, 'thursday', 'amount', 0.00, 'always', NULL, NULL, NULL, NULL, 'F'),
(565, 21, 'friday', 'amount', 0.00, 'always', NULL, NULL, NULL, NULL, 'F'),
(566, 21, 'saturday', 'amount', 0.00, 'always', NULL, NULL, NULL, NULL, 'F'),
(567, 21, 'sunday', 'amount', 0.00, 'always', NULL, NULL, NULL, NULL, 'F'),
(568, 2, 'monday', 'amount', 0.00, 'always', NULL, NULL, NULL, NULL, 'F'),
(569, 2, 'tuesday', 'amount', 0.00, 'always', NULL, NULL, NULL, NULL, 'F'),
(570, 2, 'wednesday', 'amount', 0.00, 'always', NULL, NULL, NULL, NULL, 'F'),
(571, 2, 'thursday', 'amount', 0.00, 'always', NULL, NULL, NULL, NULL, 'F'),
(572, 2, 'friday', 'amount', 0.00, 'always', NULL, NULL, NULL, NULL, 'F'),
(573, 2, 'saturday', 'amount', 0.00, 'always', NULL, NULL, NULL, NULL, 'F'),
(574, 2, 'sunday', 'amount', 0.00, 'always', NULL, NULL, NULL, NULL, 'F'),
(575, 4, 'monday', 'amount', 0.00, 'always', NULL, NULL, NULL, NULL, 'F'),
(576, 4, 'tuesday', 'amount', 0.00, 'always', NULL, NULL, NULL, NULL, 'F'),
(577, 4, 'wednesday', 'amount', 0.00, 'always', NULL, NULL, NULL, NULL, 'F'),
(578, 4, 'thursday', 'amount', 0.00, 'always', NULL, NULL, NULL, NULL, 'F'),
(579, 4, 'friday', 'amount', 0.00, 'always', NULL, NULL, NULL, NULL, 'F'),
(580, 4, 'saturday', 'amount', 0.00, 'always', NULL, NULL, NULL, NULL, 'F'),
(581, 4, 'sunday', 'amount', 0.00, 'always', NULL, NULL, NULL, NULL, 'F'),
(582, 1, 'monday', 'percent', 0.00, 'always', NULL, NULL, NULL, NULL, 'F'),
(583, 1, 'tuesday', 'amount', 0.00, 'always', NULL, NULL, NULL, NULL, 'F'),
(584, 1, 'wednesday', 'amount', 0.00, 'always', NULL, NULL, NULL, NULL, 'F'),
(585, 1, 'thursday', 'amount', 0.00, 'always', NULL, NULL, NULL, NULL, 'F'),
(586, 1, 'friday', 'amount', 0.00, 'always', NULL, NULL, NULL, NULL, 'F'),
(587, 1, 'saturday', 'amount', 0.00, 'always', NULL, NULL, NULL, NULL, 'F'),
(588, 1, 'sunday', 'amount', 0.00, 'always', NULL, NULL, NULL, NULL, 'F');

-- --------------------------------------------------------

--
-- Tabellenstruktur für Tabelle `transfer_reservation_fleets_discounts_periods`
--

CREATE TABLE `transfer_reservation_fleets_discounts_periods` (
  `id` int UNSIGNED NOT NULL,
  `fleet_discount_id` int UNSIGNED NOT NULL,
  `date_from` date NOT NULL,
  `date_to` date NOT NULL,
  `is_subtract` enum('T','F') CHARACTER SET utf8mb4 COLLATE utf8mb4_unicode_ci DEFAULT NULL,
  `discount` decimal(9,2) DEFAULT NULL,
  `type` enum('amount','percent') CHARACTER SET utf8mb4 COLLATE utf8mb4_unicode_ci DEFAULT NULL
) ENGINE=InnoDB DEFAULT CHARSET=utf8mb4 COLLATE=utf8mb4_unicode_ci;

-- --------------------------------------------------------

--
-- Tabellenstruktur für Tabelle `transfer_reservation_fleets_fees`
--

CREATE TABLE `transfer_reservation_fleets_fees` (
  `id` int UNSIGNED NOT NULL,
  `fleet_id` int UNSIGNED NOT NULL DEFAULT '0',
  `start` int UNSIGNED DEFAULT NULL,
  `end` int UNSIGNED DEFAULT NULL,
  `price` decimal(9,2) UNSIGNED DEFAULT NULL
) ENGINE=InnoDB DEFAULT CHARSET=utf8mb3;

--
-- Daten für Tabelle `transfer_reservation_fleets_fees`
--

INSERT INTO `transfer_reservation_fleets_fees` (`id`, `fleet_id`, `start`, `end`, `price`) VALUES
(1, 1, 1, 10, 4.00),
(2, 1, 11, 200, 2.00),
(3, 1, 201, 2000, 1.90),
(4, 2, 1, 10, 4.50),
(5, 2, 11, 200, 2.20),
(6, 2, 201, 2000, 2.00),
(7, 3, 1, 10, 4.60),
(8, 3, 11, 200, 2.50),
(9, 3, 201, 2000, 2.40),
(10, 4, 1, 10, 5.00),
(11, 4, 11, 200, 2.80),
(12, 4, 201, 2000, 2.40),
(13, 5, 1, 10, 9.00),
(14, 5, 11, 200, 4.40),
(15, 5, 201, 2000, 4.00),
(16, 6, 1, 10, 4.00),
(17, 6, 11, 200, 2.00),
(18, 6, 201, 2000, 1.90),
(19, 7, 1, 10, 4.00),
(20, 7, 11, 200, 2.00),
(21, 7, 201, 2000, 1.90),
(22, 8, 1, 10, 4.00),
(23, 8, 11, 200, 2.00),
(24, 8, 201, 2000, 1.90),
(25, 9, 1, 10, 4.00),
(26, 9, 11, 200, 2.00),
(27, 9, 201, 2000, 1.90),
(28, 10, 1, 10, 4.00),
(29, 10, 11, 200, 2.00),
(30, 10, 201, 2000, 1.90),
(31, 11, 1, 10, 4.00),
(32, 11, 11, 200, 2.00),
(33, 11, 201, 2000, 1.90),
(34, 12, 1, 10, 4.00),
(35, 12, 11, 200, 2.00),
(36, 12, 201, 2000, 1.90),
(37, 13, 1, 10, 4.00),
(38, 13, 11, 200, 2.00),
(39, 13, 201, 2000, 1.90),
(40, 14, 1, 10, 4.00),
(41, 14, 11, 200, 2.00),
(42, 14, 201, 2000, 1.90),
(43, 15, 1, 10, 4.00),
(44, 15, 11, 200, 2.00),
(45, 15, 201, 2000, 1.90),
(46, 16, 1, 10, 4.00),
(47, 16, 11, 200, 2.00),
(48, 16, 201, 2000, 1.90),
(49, 17, 1, 10, 4.00),
(50, 17, 11, 200, 2.00),
(51, 17, 201, 2000, 1.90),
(52, 18, 1, 10, 4.00),
(53, 18, 11, 200, 2.00),
(54, 18, 201, 2000, 1.90),
(55, 19, 1, 10, 4.00),
(56, 19, 11, 200, 2.00),
(57, 19, 201, 2000, 1.90),
(58, 20, 1, 10, 4.00),
(59, 20, 11, 200, 2.00),
(60, 20, 201, 2000, 1.90),
(61, 21, 1, 10, 4.60),
(62, 21, 11, 200, 2.50),
(63, 21, 201, 2000, 2.40);

-- --------------------------------------------------------

--
-- Tabellenstruktur für Tabelle `transfer_reservation_locations`
--

CREATE TABLE `transfer_reservation_locations` (
  `id` int UNSIGNED NOT NULL,
  `is_airport` tinyint UNSIGNED DEFAULT '0',
  `status` enum('T','F') NOT NULL DEFAULT 'T',
  `icon` varchar(255) DEFAULT NULL,
  `order_index` int UNSIGNED DEFAULT NULL,
  `modified` datetime DEFAULT NULL,
  `address` varchar(255) DEFAULT NULL,
  `lat` float(10,6) DEFAULT NULL,
  `lng` float(10,6) DEFAULT NULL,
  `area_id` int DEFAULT NULL
) ENGINE=InnoDB DEFAULT CHARSET=utf8mb3;

--
-- Daten für Tabelle `transfer_reservation_locations`
--

INSERT INTO `transfer_reservation_locations` (`id`, `is_airport`, `status`, `icon`, `order_index`, `modified`, `address`, `lat`, `lng`, `area_id`) VALUES
(1, 1, 'T', 'airport', 1, '2024-08-27 10:23:44', 'Innsbruck Airport (INN)', 47.257648, 11.351308, 1),
(2, 1, 'T', 'airport', 3, '2023-09-21 09:49:23', 'Zurich Airport (ZRH)', 47.461712, 8.550870, 3),
(3, 0, 'T', 'city', NULL, '2023-09-29 12:42:22', 'St Anton am Arlberg', 47.129635, 10.268179, 12),
(4, 0, 'T', 'city', NULL, '2023-09-29 12:41:49', 'Lech am Arlberg', 47.211193, 10.143940, 15),
(5, 0, 'T', 'city', NULL, '2023-09-29 12:44:45', 'Zürs am Arlberg', 47.171341, 10.162880, 16),
(6, 0, 'T', 'city', NULL, '2023-09-20 11:16:31', 'Warth', 47.257591, 10.183480, 17),
(7, 0, 'T', 'city', NULL, '2023-09-29 12:45:28', 'Stuben am Arlberg', 47.139629, 10.158050, 18),
(8, 0, 'T', 'city', NULL, '2023-09-20 11:29:10', 'Bludenz', 47.159908, 9.808210, 158),
(9, 0, 'T', 'city', NULL, '2023-09-29 12:46:20', 'St. Christoph am Arlberg', 47.128689, 10.211700, 19),
(10, 0, 'T', 'city', NULL, '2023-09-29 12:47:03', 'Pettneu am Arlberg', 47.148151, 10.341187, 20),
(11, 0, 'T', 'city', NULL, '2023-09-20 11:32:20', 'Flirsch am Arlberg', 47.148449, 10.409332, 21),
(12, 0, 'T', 'city', NULL, '2023-09-20 11:32:56', 'See im Paznauntal', 47.073086, 10.477529, 22),
(13, 0, 'T', 'city', NULL, '2023-09-29 12:47:44', 'Kappl', 47.063370, 10.375762, 23),
(14, 0, 'T', 'city', NULL, '2023-09-29 12:42:41', 'Ischgl', 47.011845, 10.288419, 24),
(15, 0, 'T', 'city', NULL, '2023-09-20 11:40:09', 'Mathon', 52.110096, -2.392370, 25),
(16, 0, 'T', 'city', NULL, '2023-09-29 12:48:23', 'Galtür', 46.969254, 10.189084, 26),
(17, 0, 'T', 'city', NULL, '2023-09-29 12:49:11', 'Landeck', 47.140572, 10.565580, 27),
(18, 0, 'T', 'city', NULL, '2023-09-29 12:49:46', 'Ladis', 47.074829, 10.648961, 28),
(19, 0, 'T', 'city', NULL, '2023-09-29 12:50:26', 'Fiss', 47.055969, 10.619215, 29),
(21, 0, 'T', 'city', NULL, '2023-09-20 11:45:17', 'Ried im Oberinntal', 47.056351, 10.650474, 31),
(22, 0, 'T', 'city', NULL, '2023-09-20 11:45:59', 'Pfunds', 46.969566, 10.543592, 32),
(23, 0, 'T', 'city', NULL, '2023-09-29 12:51:18', 'Serfaus', 47.038692, 10.604827, 30),
(24, 0, 'T', 'city', NULL, '2023-09-29 12:52:16', 'Nauders', 46.888824, 10.500202, 33),
(25, 0, 'T', 'city', NULL, '2023-09-29 12:53:04', 'Feichten im Kaunertal', 47.030121, 10.745580, 34),
(26, 0, 'T', 'city', NULL, '2023-09-29 12:59:40', 'St. Leonhard im Pitztal', 47.066334, 10.847290, 35),
(27, 0, 'T', 'city', NULL, '2023-09-29 13:00:22', 'Plangeroß', 46.986584, 10.868086, 36),
(28, 0, 'T', 'city', NULL, '2023-09-20 11:51:20', 'Imst', 47.240131, 10.739540, 37),
(29, 0, 'T', 'city', NULL, '2023-09-29 13:02:49', 'Nassereith', 47.318760, 10.831036, 38),
(30, 0, 'T', 'city', NULL, '2023-09-29 13:03:04', 'Biberwier', 47.384129, 10.893902, 39),
(31, 0, 'T', 'city', NULL, '2023-09-29 13:03:19', 'Ehrwald', 47.399879, 10.918323, 40),
(32, 0, 'T', 'city', NULL, '2023-09-29 13:03:42', 'Lermoos', 47.403576, 10.880697, 41),
(33, 0, 'T', 'city', NULL, '2023-09-29 13:04:06', 'Berwang', 47.409023, 10.746798, 42),
(34, 0, 'T', 'city', NULL, '2023-09-29 13:04:22', 'Reutte', 47.488789, 10.718650, 43),
(35, 0, 'T', 'city', NULL, '2023-09-29 13:04:39', 'Füssen', 47.569649, 10.700433, 44),
(36, 0, 'T', 'city', NULL, '2023-09-20 11:57:25', 'Ötz', 47.203197, 10.896598, 45),
(37, 0, 'T', 'city', NULL, '2023-09-29 13:05:04', 'Lägenfeld', 47.074081, 10.971060, 46),
(38, 0, 'T', 'city', NULL, '2023-09-21 10:17:29', 'Hochsölden', 46.977249, 10.984260, 159),
(39, 0, 'T', 'city', NULL, '2023-09-29 12:43:16', 'Sölden', 46.965492, 11.007623, 47),
(40, 0, 'T', 'city', NULL, '2023-09-20 12:01:30', 'Zwieselstein', 46.939209, 11.027710, 160),
(41, 0, 'T', 'city', NULL, '2023-09-29 13:05:43', 'Hochgurgl', 46.902061, 11.051000, 48),
(42, 0, 'T', 'city', NULL, '2023-09-29 12:43:59', 'Obergurgl', 46.870251, 11.026926, 49),
(43, 0, 'T', 'city', NULL, '2023-09-29 13:06:19', 'Seefeld in Tirol', 47.330002, 11.187774, 50),
(44, 0, 'T', 'city', NULL, '2023-09-20 12:04:44', 'Scharnitz', 47.390285, 11.264704, 51),
(45, 0, 'T', 'city', NULL, '2023-09-20 12:05:18', 'Leutasch', 47.368893, 11.144124, 52),
(46, 0, 'T', 'city', NULL, '2023-09-20 12:06:02', 'Mittenwald', 47.441303, 11.264030, 53),
(47, 0, 'T', 'city', NULL, '2023-09-20 12:06:40', 'Krün', 47.505199, 11.278628, 54),
(48, 0, 'T', 'city', NULL, '2023-09-29 13:07:01', 'Mieders', 47.168816, 11.381903, 55),
(49, 0, 'T', 'city', NULL, '2024-08-27 10:03:58', 'Fulpmes', 47.152111, 11.348309, 56),
(50, 0, 'T', 'city', NULL, '2023-09-29 13:08:18', 'Neustift im Stubaital', 47.109047, 11.305246, 57),
(51, 0, 'T', 'city', NULL, '2023-09-29 13:08:54', 'Mutterberger-Alm', 47.013050, 11.158730, 58),
(52, 0, 'T', 'city', NULL, '2023-09-29 13:10:55', 'Kematen', 47.254925, 11.273798, 59),
(53, 0, 'T', 'city', NULL, '2023-09-20 12:11:16', 'Oberperfuss', 47.245823, 11.247836, 161),
(54, 0, 'T', 'city', NULL, '2023-09-20 12:11:52', 'Zirl', 47.274216, 11.238656, 60),
(55, 0, 'T', 'city', NULL, '2023-09-29 13:11:37', 'Mils bei Hall', 47.293690, 11.528288, 61),
(56, 0, 'T', 'city', NULL, '2023-09-20 12:13:13', 'Hall in Tirol', 47.280403, 11.505848, 62),
(57, 0, 'T', 'city', NULL, '2023-09-29 13:12:15', 'Wattens', 47.294724, 11.589983, 63),
(58, 0, 'T', 'city', NULL, '2023-09-20 12:14:22', 'Völs', 47.251858, 11.328666, 64),
(59, 0, 'T', 'city', NULL, '2023-09-20 12:16:02', 'Sellrain', 47.213310, 11.214110, 163),
(60, 0, 'T', 'city', NULL, '2023-09-20 12:16:33', 'Gries im Sellrain', 47.195232, 11.156916, 164),
(61, 0, 'T', 'skiing', NULL, '2023-09-20 12:18:50', 'Kühtai', 47.212399, 11.017240, 162),
(62, 0, 'T', 'city', NULL, '2023-09-29 13:13:04', 'Axams', 47.230358, 11.279549, 65),
(63, 0, 'T', 'city', NULL, '2023-09-20 12:20:11', 'Grinzens', 47.229534, 11.254134, 66),
(64, 0, 'T', 'city', NULL, '2023-09-20 12:20:51', 'Götzens', 47.236107, 11.311402, 67),
(65, 0, 'T', 'city', NULL, '2023-09-20 12:21:21', 'Natters', 47.234058, 11.373546, 68),
(66, 0, 'T', 'city', NULL, '2023-09-20 12:22:08', 'Patsch', 47.205669, 11.416651, 69),
(67, 0, 'T', 'city', NULL, '2023-09-20 12:22:41', 'Igls', 47.231880, 11.408540, 70),
(68, 0, 'T', 'city', NULL, '2023-09-29 13:14:01', 'Schwaz', 47.348412, 11.707729, 71),
(69, 0, 'T', 'city', NULL, '2023-09-20 12:24:11', 'Pillberg', 47.311020, 11.717940, 165),
(70, 0, 'T', 'city', NULL, '2023-09-29 13:14:32', 'Jenbach', 47.391872, 11.777528, 72),
(71, 0, 'T', 'city', NULL, '2023-09-20 12:25:24', 'Achenkirch', 47.526028, 11.706817, 73),
(72, 0, 'T', 'city', NULL, '2023-09-20 12:26:38', 'Pertisau', 47.438492, 11.691310, 167),
(73, 0, 'T', 'city', NULL, '2023-09-29 13:15:12', 'Fügen', 47.347000, 11.849388, 74),
(74, 0, 'T', 'city', NULL, '2023-09-29 13:16:34', 'Hochfügen', NULL, NULL, 166),
(75, 0, 'T', 'city', NULL, '2023-09-20 12:28:43', 'Uderns', 47.322922, 11.864210, 166),
(76, 0, 'T', 'city', NULL, '2023-09-20 12:29:17', 'Ried im Zillertal', 47.301865, 11.864812, 76),
(77, 0, 'T', 'city', NULL, '2023-09-20 12:29:53', 'Kaltenbach', 47.292400, 11.871750, 77),
(78, 0, 'T', 'city', NULL, '2023-09-20 12:30:31', 'Aschau im Zillertal', 47.266602, 11.895328, 78),
(79, 0, 'T', 'city', NULL, '2023-09-29 13:28:29', 'Zell am Ziller', 47.233360, 11.881895, 79),
(80, 0, 'T', 'skiing', NULL, '2023-09-29 12:40:10', 'Mayrhofen', 47.169189, 11.865146, 80),
(81, 0, 'T', 'skiing', NULL, '2023-09-29 13:18:33', 'Finkenberg', 47.154053, 11.824808, 81),
(82, 0, 'T', 'city', NULL, '2023-09-20 12:33:34', 'Lanersbach', 47.151539, 11.726130, 82),
(83, 0, 'T', 'city', NULL, '2023-11-10 15:34:03', 'Tux, 6293 Tux', 47.156742, 11.728701, 83),
(84, 0, 'T', 'skiing', NULL, '2023-11-10 15:37:03', 'Hintertux, 6294', 47.114635, 11.681821, 84),
(85, 0, 'T', 'skiing', NULL, '2023-09-29 13:17:19', 'Gerlos', 47.224857, 12.030626, 85),
(86, 0, 'T', 'skiing', NULL, '2023-09-29 13:17:54', 'Königsleiten', 47.247822, 12.117827, 86),
(87, 0, 'T', 'city', NULL, '2023-09-20 12:36:46', 'Neukirchen am Großvenediger', 47.249592, 12.276971, 87),
(88, 0, 'T', 'city', NULL, '2023-09-20 12:37:32', 'Bramberg am Wildkogel', 47.271709, 12.348334, 88),
(89, 0, 'T', 'city', NULL, '2023-09-20 12:38:07', 'Krimmö', NULL, NULL, 89),
(90, 0, 'T', 'city', NULL, '2023-09-20 12:38:44', 'Hochkrimml', 47.220894, 12.177274, 169),
(91, 0, 'T', 'city', NULL, '2023-09-29 13:22:49', 'Wörgl', 47.485611, 12.064947, 90),
(92, 0, 'T', 'city', NULL, '2023-09-20 12:40:09', 'Kufstein', 47.582371, 12.162750, 168),
(93, 0, 'T', 'city', NULL, '2023-09-20 12:41:07', 'Niederau', 47.449139, 12.089026, 91),
(94, 0, 'T', 'city', NULL, '2023-09-20 12:41:50', 'Wildschönau', 47.440491, 12.041314, 92),
(95, 0, 'T', 'city', NULL, '2023-09-20 12:42:32', 'Auffach', 47.407310, 12.039590, 93),
(96, 0, 'T', 'city', NULL, '2023-09-29 13:24:52', 'Brixlegg', 47.430180, 11.876444, 94),
(97, 0, 'T', 'city', NULL, '2023-09-29 13:25:25', 'Alpbach', 47.399094, 11.943168, 95),
(98, 0, 'T', 'city', NULL, '2023-09-29 13:26:08', 'Hopfgarten', 47.430981, 12.149890, 96),
(99, 0, 'T', 'city', NULL, '2023-09-29 13:26:40', 'Söll', 47.503838, 12.192369, 97),
(100, 0, 'T', 'city', NULL, '2023-09-29 13:27:13', 'Ellmau', 47.514786, 12.302258, 98),
(101, 0, 'T', 'city', NULL, '2023-09-29 13:27:47', 'St. Johann in Tirol', 47.522190, 12.430813, 99),
(102, 0, 'T', 'city', NULL, '2023-09-20 12:47:51', 'Kirchdorf in Tirol', 47.557320, 12.447446, 100),
(103, 0, 'T', 'city', NULL, '2023-09-20 12:48:39', 'Erpfendorf', 47.557320, 12.447446, 101),
(104, 0, 'T', 'city', NULL, '2023-09-29 13:29:00', 'Westendorf', 47.432102, 12.214272, 102),
(105, 0, 'T', 'city', NULL, '2023-09-29 13:29:44', 'Brixen im Thale', 47.449772, 12.251309, 103),
(106, 0, 'T', 'city', NULL, '2023-09-29 13:30:14', 'Kirchberg in Tirol', 47.447754, 12.315177, 104),
(107, 0, 'T', 'skiing', NULL, '2023-09-29 13:33:10', 'Kitzbühel', 47.449238, 12.392541, 105),
(108, 0, 'T', 'city', NULL, '2023-09-29 13:33:52', 'Jochberg', 47.378429, 12.420024, 106),
(109, 0, 'T', 'city', NULL, '2023-09-20 12:56:45', 'Mittersill', 47.279446, 12.479261, 107),
(110, 0, 'T', 'city', NULL, '2023-09-20 12:57:16', 'Kaprun', 47.272888, 12.759674, 108),
(111, 0, 'T', 'city', NULL, '2023-09-20 12:57:59', 'Zell am See', 47.323521, 12.796850, 109),
(112, 0, 'T', 'city', NULL, '2023-09-20 12:58:37', 'Hinterglemm', 47.391941, 12.641559, 110),
(113, 0, 'T', 'skiing', NULL, '2023-09-20 12:59:53', 'Saalbach', 47.391941, 12.641559, 111),
(114, 0, 'T', 'city', NULL, '2023-09-20 13:00:37', 'Leogang', 47.439602, 12.762339, 112),
(115, 0, 'T', 'skiing', NULL, '2023-09-20 13:01:37', 'Saalfelden', 47.427391, 12.841145, 113),
(116, 0, 'T', 'city', NULL, '2023-09-20 13:02:18', 'Maria Alm', 47.403343, 12.902166, 114),
(117, 0, 'T', 'city', NULL, '2023-09-20 13:03:43', 'Fieberbrunn', 47.475590, 12.545746, 115),
(118, 0, 'T', 'city', NULL, '2023-09-20 13:04:16', 'Lofer', 47.582878, 12.691555, 116),
(119, 0, 'T', 'city', NULL, '2023-09-20 13:04:50', 'Matrei am Brenner', 47.125664, 11.452127, 117),
(120, 0, 'T', 'city', NULL, '2023-09-20 13:05:21', 'Steinach am Brenner', 47.088871, 11.471443, 118),
(121, 0, 'T', 'city', NULL, '2023-09-20 13:06:01', 'Gries am Brenner', 47.039501, 11.478704, 119),
(122, 0, 'T', 'city', NULL, '2023-09-29 13:10:15', 'Brenner', 46.938087, 11.444434, 120),
(123, 0, 'T', 'city', NULL, '2023-09-20 13:07:28', 'Hotel Feuerstein (Pflersch), Italy', 46.965027, 11.339053, 121),
(124, 0, 'T', 'city', NULL, '2023-09-29 13:35:41', 'Sterzing, Italy', 46.892673, 11.433619, 122),
(125, 0, 'T', 'city', NULL, '2023-09-20 13:08:47', 'Passeiertal, Italy', 46.831486, 11.167284, 123),
(126, 0, 'T', 'city', NULL, '2023-09-29 13:36:17', 'Dorf Tirol, Italy', 46.690720, 11.155540, 124),
(127, 0, 'T', 'city', NULL, '2023-09-29 13:37:07', 'Meran, Italy', 46.671295, 11.152518, 125),
(128, 0, 'T', 'city', NULL, '2023-09-20 13:10:33', 'Naturns, Italy', 46.650242, 11.008112, 126),
(129, 0, 'T', 'city', NULL, '2023-09-29 13:37:42', 'Bozen/Bolzano, Italy', 46.498295, 11.354758, 127),
(130, 0, 'T', 'city', NULL, '2023-09-29 13:38:19', 'Bressanone, Italy', 46.717705, 11.657244, 128),
(131, 0, 'T', 'city', NULL, '2023-09-20 13:13:20', 'Forestis Dolomites, Italy', 46.675755, 11.710031, 129),
(132, 0, 'T', 'city', NULL, '2023-09-29 13:38:52', 'Klausen/Chiusa, Italy', 46.639996, 11.566211, 130),
(133, 0, 'T', 'skiing', NULL, '2023-09-29 13:39:28', 'Ortisei, Italy', 46.573437, 11.674202, 131),
(134, 0, 'T', 'skiing', NULL, '2023-09-20 13:16:15', 'St. Christina, Italy', 46.557732, 11.718108, 132),
(135, 0, 'T', 'skiing', NULL, '2023-09-29 13:40:05', 'Val Gardena, Italy', 46.559757, 11.704926, 133),
(136, 0, 'T', 'city', NULL, '2023-09-20 13:17:37', 'Plan de Gralba, Italy', 46.533504, 11.772287, 134),
(137, 0, 'T', 'skiing', NULL, '2023-09-20 13:18:20', 'Passo di Sella, Italy', 46.509174, 11.758277, 135),
(138, 0, 'T', 'skiing', NULL, '2023-09-29 13:45:12', 'Canazei, Italy', 46.476727, 11.770302, 136),
(139, 0, 'T', 'city', NULL, '2023-09-29 13:44:34', 'Campitello di Fassa, Italy', 46.490788, 11.712387, 137),
(140, 0, 'T', 'city', NULL, '2023-09-20 13:21:11', 'Meransen, Italy', 46.813545, 11.657016, 138),
(141, 0, 'T', 'city', NULL, '2023-09-20 13:21:50', 'Bruneck/Bruneco, Italy', 46.796574, 11.938042, 139),
(142, 0, 'T', 'city', NULL, '2023-09-20 13:22:27', 'Ahrntal, Italy', 46.990841, 11.963166, 140),
(143, 0, 'T', 'city', NULL, '2023-09-20 13:23:45', 'Alta Badia, Italy', 46.583427, 11.904764, 141),
(144, 0, 'T', 'city', NULL, '2023-09-20 13:24:27', 'St. Vigilio di Marebbe, Italy', 46.698841, 11.931037, 142),
(145, 0, 'T', 'skiing', NULL, '2023-09-29 13:43:56', 'La Villa, Italy', 46.583797, 11.899411, 143),
(146, 0, 'T', 'skiing', NULL, '2023-09-20 13:25:41', 'San Cassiano, Italy', 46.570068, 11.936061, 144),
(147, 0, 'T', 'skiing', NULL, '2023-09-29 13:42:32', 'Colfosco, Italy', 46.553429, 11.854614, 145),
(148, 0, 'T', 'skiing', NULL, '2023-09-29 13:43:18', 'Corvara, Italy', 46.552589, 11.874275, 146),
(149, 0, 'T', 'skiing', NULL, '2023-09-20 13:27:37', 'Arabba, Italy', 46.497166, 11.873772, 147),
(150, 0, 'T', 'skiing', NULL, '2023-09-20 13:28:09', 'Livigno, Italy', 46.538635, 10.135732, 170),
(151, 0, 'T', 'city', NULL, '2023-09-20 13:29:21', 'Dobbiaco, Italy', 46.735916, 12.221280, 148),
(152, 0, 'T', 'city', NULL, '2023-09-20 13:30:21', 'San Candido, Italy', 46.730042, 12.280521, 149),
(153, 0, 'T', 'skiing', NULL, '2023-09-20 13:30:57', 'Sesto, Italy', 46.701862, 12.350254, 150),
(154, 0, 'T', 'city', NULL, '2023-09-20 13:31:44', 'Cortina d\'Ampezzo, Italy', 46.540470, 12.135652, 151),
(155, 0, 'T', 'city', NULL, '2023-09-20 13:32:29', 'Lienz in Osttirol', 46.827690, 12.762720, 152),
(156, 0, 'T', 'city', NULL, '2023-09-20 13:33:03', 'Matrei in Osttirol', 47.000393, 12.538988, 154),
(157, 1, 'T', 'airport', 2, '2024-08-27 16:24:18', 'Munich Airport, Nordallee 25, 85356 Munich Airport, Germany', 48.353989, 11.788362, 4),
(158, 0, 'T', 'city', NULL, '2023-10-03 12:19:37', 'Innsbruck City Center', 47.269211, 11.404102, 11),
(159, 0, 'T', 'train', NULL, '2023-10-03 12:19:23', 'Innsbruck Main Train Station', 47.269211, 11.404102, 11);

-- --------------------------------------------------------

--
-- Tabellenstruktur für Tabelle `transfer_reservation_multi_lang`
--

CREATE TABLE `transfer_reservation_multi_lang` (
  `id` int UNSIGNED NOT NULL,
  `foreign_id` int UNSIGNED DEFAULT NULL,
  `model` varchar(50) DEFAULT NULL,
  `locale` tinyint UNSIGNED DEFAULT NULL,
  `field` varchar(50) DEFAULT NULL,
  `content` text,
  `source` enum('script','plugin','data') DEFAULT 'script'
) ENGINE=InnoDB DEFAULT CHARSET=utf8mb3;




INSERT INTO `transfer_reservation_multi_lang` (`id`, `foreign_id`, `model`, `locale`, `field`, `content`, `source`) VALUES
(1892, 66, 'pjAreaCoord', 1, 'place_name', 'Mils bei Hall', 'data'),
(1893, 61, 'pjArea', 1, 'name', 'Mils bei Hall', 'data'),
(1894, 67, 'pjAreaCoord', 1, 'place_name', 'Hall in Tirol', 'data'),
(1895, 62, 'pjArea', 1, 'name', 'Hall in Tirol', 'data'),
(1896, 68, 'pjAreaCoord', 1, 'place_name', 'Wattens', 'data'),
(1897, 63, 'pjArea', 1, 'name', 'Wattens', 'data'),
(1898, 69, 'pjAreaCoord', 1, 'place_name', 'Völs', 'data'),
(1899, 64, 'pjArea', 1, 'name', 'Völs', 'data'),
(1900, 70, 'pjAreaCoord', 1, 'place_name', 'Axams', 'data'),
(1901, 65, 'pjArea', 1, 'name', 'Axams', 'data'),
(1902, 71, 'pjAreaCoord', 1, 'place_name', 'Grinzens', 'data'),
(1903, 66, 'pjArea', 1, 'name', 'Grinzens', 'data'),
(1904, 72, 'pjAreaCoord', 1, 'place_name', 'Götzens', 'data'),
(1905, 67, 'pjArea', 1, 'name', 'Götzens', 'data'),
(1906, 73, 'pjAreaCoord', 1, 'place_name', 'Natters', 'data'),
(1907, 68, 'pjArea', 1, 'name', 'Natters', 'data'),
(1908, 74, 'pjAreaCoord', 1, 'place_name', 'Patsch', 'data'),
(1909, 69, 'pjArea', 1, 'name', 'Patsch', 'data'),
(1910, 75, 'pjAreaCoord', 1, 'place_name', 'Igls', 'data'),
(1911, 70, 'pjArea', 1, 'name', 'Igls', 'data'),
(1912, 76, 'pjAreaCoord', 1, 'place_name', 'Schwaz', 'data'),
(1913, 71, 'pjArea', 1, 'name', 'Schwaz', 'data'),
(1914, 77, 'pjAreaCoord', 1, 'place_name', 'Jenbach', 'data'),
(1915, 72, 'pjArea', 1, 'name', 'Jenbach', 'data'),
(1916, 78, 'pjAreaCoord', 1, 'place_name', 'Achenkirch', 'data'),
(1918, 73, 'pjArea', 1, 'name', 'Achenkirch', 'data'),
(1919, 79, 'pjAreaCoord', 1, 'place_name', 'Fügen', 'data'),
(1921, 74, 'pjArea', 1, 'name', 'Fügen', 'data'),
(1922, 80, 'pjAreaCoord', 1, 'place_name', 'Uderns', 'data'),
(1923, 75, 'pjArea', 1, 'name', 'Uderns', 'data'),
(1924, 81, 'pjAreaCoord', 1, 'place_name', 'Ried im Zillertal', 'data'),
(1925, 76, 'pjArea', 1, 'name', 'Ried im Zillertal', 'data'),
(1926, 82, 'pjAreaCoord', 1, 'place_name', 'Kaltenbach', 'data'),
(1927, 77, 'pjArea', 1, 'name', 'Kaltenbach', 'data'),
(1928, 83, 'pjAreaCoord', 1, 'place_name', 'Aschau im Zillertal', 'data'),
(1929, 78, 'pjArea', 1, 'name', 'Aschau im Zillertal', 'data'),
(1930, 84, 'pjAreaCoord', 1, 'place_name', 'Zell am Ziller', 'data'),
(1931, 79, 'pjArea', 1, 'name', 'Zell am Ziller', 'data'),
(1932, 85, 'pjAreaCoord', 1, 'place_name', 'Mayrhofen', 'data'),
(1933, 80, 'pjArea', 1, 'name', 'Mayrhofen', 'data'),
(1934, 86, 'pjAreaCoord', 1, 'place_name', 'Finkenberg', 'data'),
(1935, 81, 'pjArea', 1, 'name', 'Finkenberg', 'data'),
(1936, 87, 'pjAreaCoord', 1, 'place_name', 'Lanersbach', 'data'),
(1937, 82, 'pjArea', 1, 'name', 'Lanersbach', 'data'),
(1938, 88, 'pjAreaCoord', 1, 'place_name', 'Tux', 'data'),
(1939, 83, 'pjArea', 1, 'name', 'Tux', 'data'),
(1940, 84, 'pjArea', 1, 'name', 'Hintertux', 'data'),
(1941, 89, 'pjAreaCoord', 1, 'place_name', 'Hintertux', 'data'),
(1944, 85, 'pjArea', 1, 'name', 'Gerlos', 'data'),
(1945, 91, 'pjAreaCoord', 1, 'place_name', 'Königsleiten', 'data'),
(1946, 86, 'pjArea', 1, 'name', 'Königsleiten', 'data'),
(1947, 92, 'pjAreaCoord', 1, 'place_name', 'Neukirchen am Großvenediger', 'data'),
(1948, 87, 'pjArea', 1, 'name', 'Neukirchen am Großvenediger', 'data'),
(1949, 93, 'pjAreaCoord', 1, 'place_name', 'Bramberg am Wildkogel', 'data'),
(1950, 88, 'pjArea', 1, 'name', 'Bramberg am Wildkogel', 'data'),
(1951, 94, 'pjAreaCoord', 1, 'place_name', 'Krimml', 'data'),
(1952, 89, 'pjArea', 1, 'name', 'Krimml', 'data'),
(1953, 95, 'pjAreaCoord', 1, 'place_name', 'Gerlos', 'data'),
(1955, 96, 'pjAreaCoord', 1, 'place_name', 'Wörgl', 'data'),
(1957, 90, 'pjArea', 1, 'name', 'Wörgl', 'data'),
(1958, 97, 'pjAreaCoord', 1, 'place_name', 'Niederau', 'data'),
(1959, 91, 'pjArea', 1, 'name', 'Niederau', 'data'),
(1960, 98, 'pjAreaCoord', 1, 'place_name', 'Wildschönau', 'data'),
(1961, 92, 'pjArea', 1, 'name', 'Wildschönau', 'data'),
(1962, 99, 'pjAreaCoord', 1, 'place_name', 'Auffach', 'data'),
(1963, 93, 'pjArea', 1, 'name', 'Auffach', 'data'),
(1964, 100, 'pjAreaCoord', 1, 'place_name', 'Brixlegg', 'data'),
(1965, 94, 'pjArea', 1, 'name', 'Brixlegg', 'data'),
(1966, 101, 'pjAreaCoord', 1, 'place_name', 'Alpbach', 'data'),
(1967, 95, 'pjArea', 1, 'name', 'Alpbach', 'data'),
(1968, 102, 'pjAreaCoord', 1, 'place_name', 'Hopfgarten', 'data'),
(1969, 96, 'pjArea', 1, 'name', 'Hopfgarten', 'data'),
(1970, 103, 'pjAreaCoord', 1, 'place_name', 'Söll', 'data'),
(1971, 97, 'pjArea', 1, 'name', 'Söll', 'data'),
(1972, 104, 'pjAreaCoord', 1, 'place_name', 'Ellmau', 'data'),
(1973, 98, 'pjArea', 1, 'name', 'Ellmau', 'data'),
(1974, 105, 'pjAreaCoord', 1, 'place_name', 'St. Johann in Tirol', 'data'),
(1975, 99, 'pjArea', 1, 'name', 'St. Johann in Tirol', 'data'),
(1976, 106, 'pjAreaCoord', 1, 'place_name', 'Kirchdorf in Tirol', 'data'),
(1977, 100, 'pjArea', 1, 'name', 'Kirchdorf in Tirol', 'data'),
(1978, 107, 'pjAreaCoord', 1, 'place_name', 'Erpfendorf', 'data'),
(1979, 101, 'pjArea', 1, 'name', 'Erpfendorf', 'data'),
(1980, 108, 'pjAreaCoord', 1, 'place_name', 'Westendorf', 'data'),
(1981, 102, 'pjArea', 1, 'name', 'Westendorf', 'data'),
(1982, 109, 'pjAreaCoord', 1, 'place_name', 'Brixen im Thale', 'data'),
(1983, 103, 'pjArea', 1, 'name', 'Brixen im Thale', 'data'),
(1984, 110, 'pjAreaCoord', 1, 'place_name', 'Kirchberg in Tirol', 'data'),
(1985, 104, 'pjArea', 1, 'name', 'Kirchberg in Tirol', 'data'),
(1986, 111, 'pjAreaCoord', 1, 'place_name', 'Kitzbühel', 'data'),
(1987, 105, 'pjArea', 1, 'name', 'Kitzbühel', 'data'),
(1988, 112, 'pjAreaCoord', 1, 'place_name', 'Jochberg', 'data'),
(1990, 106, 'pjArea', 1, 'name', 'Jochberg', 'data'),
(1991, 113, 'pjAreaCoord', 1, 'place_name', 'Mittersill', 'data'),
(1992, 107, 'pjArea', 1, 'name', 'Mittersill', 'data'),
(1993, 114, 'pjAreaCoord', 1, 'place_name', 'Kaprun', 'data'),
(1994, 108, 'pjArea', 1, 'name', 'Kaprun', 'data'),
(1995, 115, 'pjAreaCoord', 1, 'place_name', 'Zell am See', 'data'),
(1996, 109, 'pjArea', 1, 'name', 'Zell am See', 'data'),
(1997, 116, 'pjAreaCoord', 1, 'place_name', 'Hinterglemm', 'data'),
(1998, 110, 'pjArea', 1, 'name', 'Hinterglemm', 'data'),
(1999, 117, 'pjAreaCoord', 1, 'place_name', 'Saalbach', 'data'),
(2000, 111, 'pjArea', 1, 'name', 'Saalbach', 'data'),
(2001, 118, 'pjAreaCoord', 1, 'place_name', 'Leogang', 'data'),
(2003, 112, 'pjArea', 1, 'name', 'Leogang', 'data'),
(2004, 119, 'pjAreaCoord', 1, 'place_name', 'Saalfelden', 'data'),
(2005, 113, 'pjArea', 1, 'name', 'Saalfelden', 'data'),
(2006, 120, 'pjAreaCoord', 1, 'place_name', 'Maria Alm', 'data'),
(2007, 114, 'pjArea', 1, 'name', 'Maria Alm', 'data'),
(2008, 121, 'pjAreaCoord', 1, 'place_name', 'Fieberbrunn', 'data'),
(2009, 115, 'pjArea', 1, 'name', 'Fieberbrunn', 'data'),
(2010, 122, 'pjAreaCoord', 1, 'place_name', 'Lofer', 'data'),
(2011, 116, 'pjArea', 1, 'name', 'Lofer', 'data'),
(2012, 123, 'pjAreaCoord', 1, 'place_name', 'Matrei am Brenner', 'data'),
(2013, 117, 'pjArea', 1, 'name', 'Matrei am Brenner', 'data'),
(2014, 124, 'pjAreaCoord', 1, 'place_name', 'Steinach am Brenner', 'data'),
(2015, 118, 'pjArea', 1, 'name', 'Steinach am Brenner', 'data'),
(2016, 125, 'pjAreaCoord', 1, 'place_name', 'Gries am Brenner', 'data'),
(2017, 119, 'pjArea', 1, 'name', 'Gries am Brenner', 'data'),
(2021, 126, 'pjAreaCoord', 1, 'place_name', 'Brenner', 'data'),
(2022, 120, 'pjArea', 1, 'name', 'Brenner', 'data'),
(2023, 127, 'pjAreaCoord', 1, 'place_name', 'Pflersch(Feuerstein), Italy', 'data'),
(2024, 121, 'pjArea', 1, 'name', 'Pflersch(Feuerstein), Italy', 'data'),
(2026, 128, 'pjAreaCoord', 1, 'place_name', 'Sterzing, Italy', 'data'),
(2028, 122, 'pjArea', 1, 'name', 'Sterzing, Italy', 'data'),
(2029, 129, 'pjAreaCoord', 1, 'place_name', 'Passeiertal, Italy', 'data'),
(2030, 123, 'pjArea', 1, 'name', 'Passeiertal, Italy', 'data'),
(2031, 130, 'pjAreaCoord', 1, 'place_name', 'Dorf Tirol, Italy', 'data'),
(2032, 124, 'pjArea', 1, 'name', 'Dorf Tirol, Italy', 'data'),
(2033, 131, 'pjAreaCoord', 1, 'place_name', 'Meran, Italy', 'data'),
(2034, 125, 'pjArea', 1, 'name', 'Meran, Italy', 'data'),
(2035, 132, 'pjAreaCoord', 1, 'place_name', 'Naturns, Italy', 'data'),
(2036, 126, 'pjArea', 1, 'name', 'Naturns, Italy', 'data'),
(2037, 133, 'pjAreaCoord', 1, 'place_name', 'Bozen/Bolzano, Italy', 'data'),
(2038, 127, 'pjArea', 1, 'name', 'Bozen/Bolzano, Italy', 'data'),
(2039, 134, 'pjAreaCoord', 1, 'place_name', 'Bressanone, Italy', 'data'),
(2040, 128, 'pjArea', 1, 'name', 'Bressanone, Italy', 'data'),
(2041, 135, 'pjAreaCoord', 1, 'place_name', 'Forestis Dolomites, Italy', 'data'),
(2042, 129, 'pjArea', 1, 'name', 'Forestis Dolomites, Italy', 'data'),
(2043, 136, 'pjAreaCoord', 1, 'place_name', 'Klausen/Chiusa, Italy', 'data'),
(2044, 130, 'pjArea', 1, 'name', 'Klausen/Chiusa, Italy', 'data'),
(2045, 137, 'pjAreaCoord', 1, 'place_name', 'Ortisei, Italy', 'data'),
(2046, 131, 'pjArea', 1, 'name', 'Ortisei, Italy', 'data'),
(2047, 138, 'pjAreaCoord', 1, 'place_name', 'St. Christina, Italy', 'data'),
(2048, 132, 'pjArea', 1, 'name', 'St. Christina, Italy', 'data'),
(2049, 139, 'pjAreaCoord', 1, 'place_name', 'Val Gardena, Italy', 'data'),
(2050, 133, 'pjArea', 1, 'name', 'Val Gardena, Italy', 'data'),
(2051, 140, 'pjAreaCoord', 1, 'place_name', 'Plan de Gralba, Italy', 'data'),
(2052, 134, 'pjArea', 1, 'name', 'Plan de Gralba, Italy', 'data'),
(2053, 141, 'pjAreaCoord', 1, 'place_name', 'Passo di Sella, Italy', 'data'),
(2054, 135, 'pjArea', 1, 'name', 'Passo di Sella, Italy', 'data'),
(2055, 142, 'pjAreaCoord', 1, 'place_name', 'Canazei, Italy', 'data'),
(2056, 136, 'pjArea', 1, 'name', 'Canazei, Italy', 'data'),
(2057, 143, 'pjAreaCoord', 1, 'place_name', 'Campitello di Fassa, Italy', 'data'),
(2058, 137, 'pjArea', 1, 'name', 'Campitello di Fassa, Italy', 'data'),
(2059, 144, 'pjAreaCoord', 1, 'place_name', 'Meransen, Italy', 'data'),
(2060, 138, 'pjArea', 1, 'name', 'Meransen, Italy', 'data'),
(2061, 145, 'pjAreaCoord', 1, 'place_name', 'Bruneck/Bruneco, Italy', 'data'),
(2062, 139, 'pjArea', 1, 'name', 'Bruneck/Bruneco, Italy', 'data'),
(2063, 146, 'pjAreaCoord', 1, 'place_name', 'Ahrntal, Italy', 'data'),
(2064, 140, 'pjArea', 1, 'name', 'Ahrntal, Italy', 'data'),
(2065, 147, 'pjAreaCoord', 1, 'place_name', 'Alta Badia, Italy', 'data'),
(2066, 141, 'pjArea', 1, 'name', 'Alta Badia, Italy', 'data'),
(2067, 148, 'pjAreaCoord', 1, 'place_name', 'St. Vigilio di Marebbe, Italy', 'data'),
(2068, 142, 'pjArea', 1, 'name', 'St. Vigilio di Marebbe, Italy', 'data'),
(2069, 149, 'pjAreaCoord', 1, 'place_name', 'La Villa, Italy', 'data'),
(2070, 143, 'pjArea', 1, 'name', 'La Villa, Italy', 'data'),
(2071, 150, 'pjAreaCoord', 1, 'place_name', 'San Cassiano, Italy', 'data'),
(2072, 144, 'pjArea', 1, 'name', 'San Cassiano, Italy', 'data'),
(2073, 151, 'pjAreaCoord', 1, 'place_name', 'Colfosco, Italy', 'data'),
(2074, 145, 'pjArea', 1, 'name', 'Colfosco, Italy', 'data'),
(2075, 152, 'pjAreaCoord', 1, 'place_name', 'Corvara, Italy', 'data'),
(2076, 146, 'pjArea', 1, 'name', 'Corvara, Italy', 'data'),
(2077, 153, 'pjAreaCoord', 1, 'place_name', 'Arabba, Italy', 'data'),
(2078, 147, 'pjArea', 1, 'name', 'Arabba, Italy', 'data'),
(2079, 154, 'pjAreaCoord', 1, 'place_name', 'Dobbiaco, Italy', 'data'),
(2080, 148, 'pjArea', 1, 'name', 'Dobbiaco, Italy', 'data'),
(2081, 155, 'pjAreaCoord', 1, 'place_name', 'San Candido, Italy', 'data'),
(2082, 149, 'pjArea', 1, 'name', 'San Candido, Italy', 'data'),
(2083, 156, 'pjAreaCoord', 1, 'place_name', 'Sesto, Italy', 'data'),
(2084, 150, 'pjArea', 1, 'name', 'Sesto, Italy', 'data'),
(2085, 157, 'pjAreaCoord', 1, 'place_name', 'Cortina d\'Ampezzo, Italy', 'data'),
(2086, 151, 'pjArea', 1, 'name', 'Cortina d\'Ampezzo, Italy', 'data'),
(2087, 158, 'pjAreaCoord', 1, 'place_name', 'Lienz in Osttirol', 'data'),
(2088, 152, 'pjArea', 1, 'name', 'Lienz in Osttirol', 'data'),
(2091, 160, 'pjAreaCoord', 1, 'place_name', 'Matrei in Osttirol', 'data'),
(2092, 154, 'pjArea', 1, 'name', 'Matrei in Osttirol', 'data'),
(2107, 8, 'pjExtra', 1, 'name', '10 min extra stop in same town', 'data'),
(2108, 8, 'pjExtra', 1, 'info', 'Ideal if you need to collect / drop off keys or if your group will be staying at different accommodations', 'data'),
(2115, 2, 'pjFleet', 1, 'fleet', 'Comfort Van I', 'data'),
(2116, 2, 'pjFleet', 1, 'model', 'Mercedes VITO', 'data'),
(2117, 2, 'pjFleet', 1, 'badget', 'Most Popular', 'data'),
(2118, 2, 'pjFleet', 1, 'description', '<p>&nbsp;We offer a comfortable transfer with the newest, premium model VITO Extra Long from Mercedes Benz. We guarantee a safe, convenient and private ride. There will be enough space for your entire luggage and ski/sport equipment.&nbsp;To make sure our younger passengers have a safe transfer as well we provide baby, child or booster seats.</p>', 'data'),
(2119, 3, 'pjFleet', 1, 'fleet', 'VIP Van I', 'data'),
(2120, 3, 'pjFleet', 1, 'model', 'Mercedes V-Class 4x4', 'data'),
(2121, 3, 'pjFleet', 1, 'badget', 'Luxury', 'data'),
(2122, 3, 'pjFleet', 1, 'description', '<p>We offer a transfer&nbsp;with our VIP Van: the newest, V-Class Extra Long premium model from Mercedes Benz. We guarantee a safe, convenient and private ride. There will be enough space for your entire luggage and ski/sport equipment.&nbsp;To make sure our younger passengers have a safe transfer as well we provide baby, child or booster seats.&nbsp;</p>', 'data'),
(2123, 4, 'pjFleet', 1, 'fleet', 'VIP Limousine I', 'data'),
(2124, 4, 'pjFleet', 1, 'model', 'Mercedes S-Class L 4x4', 'data'),
(2125, 4, 'pjFleet', 1, 'badget', 'Exclusive', 'data'),
(2126, 4, 'pjFleet', 1, 'description', '<p>We offer a comfortable transfer with the newest, premium model S-Class from Mercedes Benz. We guarantee a safe, convenient and private ride. There will be enough space for your entire luggage and ski/sport equipment. To make sure our younger passengers have a safe transfer as well we provide baby, child or booster seats.&nbsp;The&nbsp;vehicle you have booked might be replaced with a bigger one (Mercedes Vito Van or Mercedes V-Class) without any extra costs, according to availability.</p>', 'data'),
(2127, 5, 'pjFleet', 1, 'fleet', 'Two Comfort Vans I', 'data'),
(2128, 5, 'pjFleet', 1, 'model', 'Mercedes VITO', 'data'),
(2129, 5, 'pjFleet', 1, 'badget', 'Most Popular', 'data'),
(2130, 5, 'pjFleet', 1, 'description', '<p>&nbsp;We offer you a ride with 2 of the newest, premium models VITO Extra Long from Mercedes Benz. We guarantee a safe, convenient and private ride. There will be enough space for your entire luggage and ski/sport equipment.&nbsp;To make sure our younger passengers have a safe transfer as well we provide baby, child or booster seats.</p>', 'data'),
(2135, 6, 'pjFleet', 1, 'fleet', 'Comfort Limousine M', 'data'),
(2136, 6, 'pjFleet', 1, 'model', 'Mercedes E-Class', 'data'),
(2137, 6, 'pjFleet', 1, 'badget', 'Best Price', 'data'),
(2138, 6, 'pjFleet', 1, 'description', '<p>&nbsp;</p>\r\n<p>We offer a comfortable transfer with the newest, premium model E-Class from Mercedes Benz. We guarantee a safe, convenient and private ride. There will be enough space for your entire luggage and ski/sport equipment. To make sure our younger passengers have a safe transfer as well we provide baby, child or booster seats.&nbsp;The&nbsp;vehicle you have booked might be replaced with a bigger one (Mercedes Vito Van or Mercedes V-Class) without extra costs, according to availability.</p>', 'data'),
(2139, 7, 'pjFleet', 1, 'fleet', 'Comfort Van M', 'data'),
(2140, 7, 'pjFleet', 1, 'model', 'Mercedes VITO', 'data'),
(2141, 7, 'pjFleet', 1, 'badget', 'Best Price', 'data'),
(2142, 7, 'pjFleet', 1, 'description', '<p>&nbsp;</p>\r\n<p>We offer a comfortable transfer with the newest, premium model VITO Extra Long from Mercedes Benz. We guarantee a safe, convenient and private ride. There will be enough space for your entire luggage and ski/sport equipment.&nbsp;To make sure our younger passengers have a safe transfer as well we provide baby, child or booster seats.</p>', 'data'),
(2155, 8, 'pjFleet', 1, 'fleet', 'VIP Van M', 'data'),
(2156, 8, 'pjFleet', 1, 'model', 'Mercedes V-Class 4x4', 'data'),
(2157, 8, 'pjFleet', 1, 'badget', 'Best Price', 'data'),
(2158, 8, 'pjFleet', 1, 'description', '<p>&nbsp;</p>\r\n<p>We offer a transfer&nbsp;with our VIP Van: the newest, V-Class Extra Long premium model from Mercedes Benz. We guarantee a safe, convenient and private ride. There will be enough space for your entire luggage and ski/sport equipment.&nbsp;To make sure our younger passengers have a safe transfer as well we provide baby, child or booster seats.&nbsp;</p>', 'data'),
(2163, 9, 'pjFleet', 1, 'fleet', 'VIP Limousine M', 'data'),
(2164, 9, 'pjFleet', 1, 'model', 'Mercedes S-Class L 4x4', 'data'),
(2165, 9, 'pjFleet', 1, 'badget', 'Best Price', 'data'),
(2166, 9, 'pjFleet', 1, 'description', '<p>&nbsp;</p>\r\n<p>We offer a comfortable transfer with the newest, premium model S-Class from Mercedes Benz. We guarantee a safe, convenient and private ride. There will be enough space for your entire luggage and ski/sport equipment. To make sure our younger passengers have a safe transfer as well we provide baby, child or booster seats.&nbsp;The&nbsp;vehicle you have booked might be replaced with a bigger one (Mercedes Vito Van or Mercedes V-Class) without any extra costs, according to availability.</p>', 'data'),
(2167, 10, 'pjFleet', 1, 'fleet', 'Two Comfort Vans M', 'data'),
(2168, 10, 'pjFleet', 1, 'model', 'Mercedes VITO', 'data'),
(2169, 10, 'pjFleet', 1, 'badget', 'Best Price', 'data'),
(2170, 10, 'pjFleet', 1, 'description', '<p>&nbsp;</p>\r\n<p>We offer you a ride with 2 of the newest, premium models VITO Extra Long from Mercedes Benz. We guarantee a safe, convenient and private ride. There will be enough space for your entire luggage and ski/sport equipment.&nbsp;To make sure our younger passengers have a safe transfer as well we provide baby, child or booster seats.</p>', 'data'),
(2203, 11, 'pjFleet', 1, 'fleet', 'Comfort Limousine Z', 'data'),
(2204, 11, 'pjFleet', 1, 'model', 'Mercedes E-Class', 'data'),
(2205, 11, 'pjFleet', 1, 'badget', 'Best Price', 'data'),
(2206, 11, 'pjFleet', 1, 'description', '<p>&nbsp;</p>\r\n<p>We offer a comfortable transfer with the newest, premium model E-Class from Mercedes Benz. We guarantee a safe, convenient and private ride. There will be enough space for your entire luggage and ski/sport equipment. To make sure our younger passengers have a safe transfer as well we provide baby, child or booster seats.&nbsp;The&nbsp;vehicle you have booked might be replaced with a bigger one (Mercedes Vito Van or Mercedes V-Class) without extra costs, according to availability.</p>', 'data'),
(2211, 12, 'pjFleet', 1, 'fleet', 'Comfort Van Z', 'data'),
(2212, 12, 'pjFleet', 1, 'model', 'Mercedes VITO', 'data'),
(2213, 12, 'pjFleet', 1, 'badget', 'Best Price', 'data'),
(2214, 12, 'pjFleet', 1, 'description', '<p>&nbsp;</p>\r\n<p>We offer a comfortable transfer with the newest, premium model VITO Extra Long from Mercedes Benz. We guarantee a safe, convenient and private ride. There will be enough space for your entire luggage and ski/sport equipment.&nbsp;To make sure our younger passengers have a safe transfer as well we provide baby, child or booster seats.</p>', 'data'),
(2215, 13, 'pjFleet', 1, 'fleet', 'Two Comfort Vans Z', 'data'),
(2216, 13, 'pjFleet', 1, 'model', 'Mercedes VITO', 'data'),
(2217, 13, 'pjFleet', 1, 'badget', 'Best Price', 'data'),
(2218, 13, 'pjFleet', 1, 'description', '<p>&nbsp;</p>\r\n<p>We offer you a ride with 2 of the newest, premium models VITO Extra Long from Mercedes Benz. We guarantee a safe, convenient and private ride. There will be enough space for your entire luggage and ski/sport equipment.&nbsp;To make sure our younger passengers have a safe transfer as well we provide baby, child or booster seats.</p>', 'data'),
(2219, 14, 'pjFleet', 1, 'fleet', 'VIP Limousine Z', 'data'),
(2220, 14, 'pjFleet', 1, 'model', 'Mercedes S-Class L 4x4', 'data'),
(2221, 14, 'pjFleet', 1, 'badget', 'Best Price', 'data'),
(2222, 14, 'pjFleet', 1, 'description', '<p>&nbsp;</p>\r\n<p>We offer a comfortable transfer with the newest, premium model S-Class from Mercedes Benz. We guarantee a safe, convenient and private ride. There will be enough space for your entire luggage and ski/sport equipment. To make sure our younger passengers have a safe transfer as well we provide baby, child or booster seats.&nbsp;The&nbsp;vehicle you have booked might be replaced with a bigger one (Mercedes Vito Van or Mercedes V-Class) without any extra costs, according to availability.</p>', 'data'),
(2223, 15, 'pjFleet', 1, 'fleet', 'VIP Van Z', 'data'),
(2224, 15, 'pjFleet', 1, 'model', 'Mercedes V-Class 4x4', 'data'),
(2225, 15, 'pjFleet', 1, 'badget', 'Best Price', 'data'),
(2226, 15, 'pjFleet', 1, 'description', '<p>&nbsp;</p>\r\n<p>We offer a transfer&nbsp;with our VIP Van: the newest, V-Class Extra Long premium model from Mercedes Benz. We guarantee a safe, convenient and private ride. There will be enough space for your entire luggage and ski/sport equipment.&nbsp;To make sure our younger passengers have a safe transfer as well we provide baby, child or booster seats.&nbsp;</p>', 'data'),
(2227, 16, 'pjFleet', 1, 'fleet', 'Comfort Limousine S', 'data'),
(2228, 16, 'pjFleet', 1, 'model', 'Mercedes E-Class', 'data'),
(2229, 16, 'pjFleet', 1, 'badget', 'Best Price', 'data'),
(2230, 16, 'pjFleet', 1, 'description', '<p>&nbsp;</p>\r\n<p>We offer a comfortable transfer with the newest, premium model E-Class from Mercedes Benz. We guarantee a safe, convenient and private ride. There will be enough space for your entire luggage and ski/sport equipment. To make sure our younger passengers have a safe transfer as well we provide baby, child or booster seats.&nbsp;The&nbsp;vehicle you have booked might be replaced with a bigger one (Mercedes Vito Van or Mercedes V-Class) without extra costs, according to availability.</p>', 'data'),
(2231, 17, 'pjFleet', 1, 'fleet', 'Comfort Van S', 'data'),
(2232, 17, 'pjFleet', 1, 'model', 'Mercedes VITO', 'data'),
(2233, 17, 'pjFleet', 1, 'badget', 'Best Price', 'data'),
(2234, 17, 'pjFleet', 1, 'description', '<p>&nbsp;</p>\r\n<p>We offer a comfortable transfer with the newest, premium model VITO Extra Long from Mercedes Benz. We guarantee a safe, convenient and private ride. There will be enough space for your entire luggage and ski/sport equipment.&nbsp;To make sure our younger passengers have a safe transfer as well we provide baby, child or booster seats.</p>', 'data'),
(2235, 18, 'pjFleet', 1, 'fleet', 'Two Comfort Vans S', 'data'),
(2236, 18, 'pjFleet', 1, 'model', 'Meredes VITO', 'data'),
(2237, 18, 'pjFleet', 1, 'badget', 'Best Price', 'data'),
(2238, 18, 'pjFleet', 1, 'description', '<p>&nbsp;</p>\r\n<p>We offer you a ride with 2 of the newest, premium models VITO Extra Long from Mercedes Benz. We guarantee a safe, convenient and private ride. There will be enough space for your entire luggage and ski/sport equipment.&nbsp;To make sure our younger passengers have a safe transfer as well we provide baby, child or booster seats.</p>', 'data'),
(2239, 19, 'pjFleet', 1, 'fleet', 'VIP Limousine S', 'data'),
(2240, 19, 'pjFleet', 1, 'model', 'Mercedes S-Class L 4x4', 'data'),
(2241, 19, 'pjFleet', 1, 'badget', 'Best Price', 'data'),
(2242, 19, 'pjFleet', 1, 'description', '<p>&nbsp;</p>\r\n<p>We offer a comfortable transfer with the newest, premium model S-Class from Mercedes Benz. We guarantee a safe, convenient and private ride. There will be enough space for your entire luggage and ski/sport equipment. To make sure our younger passengers have a safe transfer as well we provide baby, child or booster seats.&nbsp;The&nbsp;vehicle you have booked might be replaced with a bigger one (Mercedes Vito Van or Mercedes V-Class) without any extra costs, according to availability.</p>', 'data'),
(2247, 20, 'pjFleet', 1, 'fleet', 'VIP Van S', 'data'),
(2248, 20, 'pjFleet', 1, 'model', 'Mercedes V-Class 4x4', 'data'),
(2249, 20, 'pjFleet', 1, 'badget', 'Best Price', 'data'),
(2250, 20, 'pjFleet', 1, 'description', '<p>&nbsp;</p>\r\n<p>We offer a transfer&nbsp;with our VIP Van: the newest, V-Class Extra Long premium model from Mercedes Benz. We guarantee a safe, convenient and private ride. There will be enough space for your entire luggage and ski/sport equipment.&nbsp;To make sure our younger passengers have a safe transfer as well we provide baby, child or booster seats.&nbsp;</p>', 'data'),
(2326, 1, 'pjExtra', 1, 'info', NULL, 'data'),
(2328, 5, 'pjExtra', 1, 'info', NULL, 'data'),
(2330, 6, 'pjExtra', 1, 'info', NULL, 'data'),
(2347, 161, 'pjAreaCoord', 1, 'place_name', 'Axamer Lizum', 'data'),
(2348, 155, 'pjArea', 1, 'name', 'Axamer Lizum', 'data'),
(2349, 1, 'pjOption', 1, 'o_shared_trip_info', NULL, 'data'),
(2350, 1, 'pjOption', 1, 'o_no_credit_card_fees_info', 'You won’t have to pay any fees when choosing payment with credit card.', 'data'),
(2351, 1, 'pjOption', 1, 'o_free_waiting_time_info', 'In case of any delays our drivers will wait for your arrival.', 'data'),
(2352, 1, 'pjOption', 1, 'o_meet_greet_service_info', 'Our driver will be waiting for you in the arrival hall with a sign with your name on it.', 'data'),
(2373, 1, 'pjOption', 1, 'o_email_arrival_confirmation_subject', 'Arrival notice', 'data'),
(2374, 1, 'pjOption', 1, 'o_email_arrival_confirmation_message', '<p>Your booking has been received. Details are below: Personal details: Title: {Title} First Name: {FirstName} Last Name: {LastName} E-Mail: {Email} Phone: {Phone} Notes: {Notes} Country: {Country} City: {City} State: {State} Zip: {Zip} Address: {Address} Company: {Company} Reservation details: Booking date: {Date} From: {From} To: {To} Fleet: {Fleet} Passengers: {Passengers} Luggage: {Luggage} Unique ID: {UniqueID} Total: {Total} If you want to cancel your reservation follow next link: {CancelURL} Thank you, we will contact you ASAP.</p>\r\n<div id=\"gtx-trans\" style=\"position: absolute; left: -85px; top: -11.5px;\">&nbsp;</div>', 'data'),
(2384, 1, 'pjOption', 1, 'o_admin_email_arrival_confirmation_subject', 'Arival notice', 'data'),
(2385, 1, 'pjOption', 1, 'o_admin_email_arrival_confirmation_message', '<p style=\"text-align: left;\">Arival notice</p>\r\n<div id=\"gtx-trans\" style=\"position: absolute; left: 222px; top: -26.5px;\">&nbsp;</div>', 'data'),
(2394, 21, 'pjFleet', 1, 'fleet', 'Comfort Large Van I', 'data'),
(2395, 21, 'pjFleet', 1, 'model', 'Mercedes Sprinter', 'data'),
(2396, 21, 'pjFleet', 1, 'badget', 'Extra Room For Luggage ', 'data'),
(2397, 21, 'pjFleet', 1, 'description', '<p>We offer a comfortable transfer with a premium Mercedes Sprinter extra long. The vehicle holds enough space for all of the luggage and ski or snowboard equiqment of all 8 passengers. We guarantee a safe and convenient private ride. For our younger pasengers we offer baby, child or booster seats to make sure everybody has a safe drive.</p>', 'data'),
(2406, 6, 'pjDropoff', 1, 'location', 'Lech am Arlberg', 'data'),
(2437, 7, 'pjDropoff', 1, 'location', 'Zurich', 'data'),
(2439, 164, 'pjAreaCoord', 1, 'place_name', 'Bludenz', 'data'),
(2440, 158, 'pjArea', 1, 'name', 'Bludenz', 'data'),
(2441, 165, 'pjAreaCoord', 1, 'place_name', 'Hochsölden', 'data'),
(2442, 159, 'pjArea', 1, 'name', 'Hochsölden', 'data'),
(2443, 166, 'pjAreaCoord', 1, 'place_name', 'Zwieselstein', 'data'),
(2444, 160, 'pjArea', 1, 'name', 'Zwieselstein', 'data'),
(2445, 167, 'pjAreaCoord', 1, 'place_name', 'Oberperfuss', 'data'),
(2446, 161, 'pjArea', 1, 'name', 'Oberperfuss', 'data'),
(2447, 168, 'pjAreaCoord', 1, 'place_name', 'Kühtai', 'data'),
(2448, 162, 'pjArea', 1, 'name', 'Kühtai', 'data'),
(2449, 169, 'pjAreaCoord', 1, 'place_name', 'Sellrain', 'data'),
(2450, 163, 'pjArea', 1, 'name', 'Sellrain', 'data'),
(2451, 170, 'pjAreaCoord', 1, 'place_name', 'Gries im Sellrain', 'data'),
(2452, 164, 'pjArea', 1, 'name', 'Gries im Sellrain', 'data'),
(2453, 171, 'pjAreaCoord', 1, 'place_name', 'Pillberg', 'data'),
(2454, 165, 'pjArea', 1, 'name', 'Pillberg', 'data'),
(2455, 172, 'pjAreaCoord', 1, 'place_name', 'Hochfügen', 'data'),
(2456, 166, 'pjArea', 1, 'name', 'Hochfügen', 'data'),
(2457, 173, 'pjAreaCoord', 1, 'place_name', 'Pertisau', 'data'),
(2458, 167, 'pjArea', 1, 'name', 'Pertisau', 'data'),
(2459, 174, 'pjAreaCoord', 1, 'place_name', 'Kufstein', 'data'),
(2460, 168, 'pjArea', 1, 'name', 'Kufstein', 'data'),
(2464, 8, 'pjDropoff', 1, 'location', 'Zürs am Arlberg', 'data'),
(2465, 9, 'pjDropoff', 1, 'location', 'Warth', 'data'),
(2466, 10, 'pjDropoff', 1, 'location', 'Stuben am Arlberg', 'data'),
(2467, 11, 'pjDropoff', 1, 'location', 'Bludenz', 'data'),
(2468, 12, 'pjDropoff', 1, 'location', 'St. Christoph am Arlberg', 'data'),
(2469, 13, 'pjDropoff', 1, 'location', 'Pettneu am Arlberg', 'data'),
(2470, 14, 'pjDropoff', 1, 'location', 'Flirsch am Arlberg', 'data'),
(2471, 15, 'pjDropoff', 1, 'location', 'See im Paznauntal', 'data'),
(2472, 16, 'pjDropoff', 1, 'location', 'Kappl', 'data'),
(2473, 17, 'pjDropoff', 1, 'location', 'Ischgl', 'data'),
(2474, 18, 'pjDropoff', 1, 'location', 'Mathon', 'data'),
(2475, 19, 'pjDropoff', 1, 'location', 'Galtür', 'data'),
(2476, 20, 'pjDropoff', 1, 'location', 'Landeck', 'data'),
(2477, 21, 'pjDropoff', 1, 'location', 'Ladis', 'data'),
(2478, 22, 'pjDropoff', 1, 'location', 'Fiss', 'data'),
(2479, 23, 'pjDropoff', 1, 'location', 'Serfaus', 'data'),
(2480, 24, 'pjDropoff', 1, 'location', 'Ried im Oberinntal', 'data'),
(2481, 25, 'pjDropoff', 1, 'location', 'Pfunds', 'data'),
(2482, 26, 'pjDropoff', 1, 'location', 'Nauders', 'data'),
(2483, 27, 'pjDropoff', 1, 'location', 'Feichten im Kaunertal', 'data'),
(2484, 28, 'pjDropoff', 1, 'location', 'St. Leonhard im Pitztal', 'data'),
(2485, 29, 'pjDropoff', 1, 'location', 'Plangeroß', 'data'),
(2486, 30, 'pjDropoff', 1, 'location', 'Imst', 'data'),
(2487, 31, 'pjDropoff', 1, 'location', 'Nassereith', 'data'),
(2488, 32, 'pjDropoff', 1, 'location', 'Biberwier', 'data'),
(2489, 33, 'pjDropoff', 1, 'location', 'Ehrwald', 'data'),
(2490, 34, 'pjDropoff', 1, 'location', 'Lermoos', 'data'),
(2491, 35, 'pjDropoff', 1, 'location', 'Berwang', 'data'),
(2492, 36, 'pjDropoff', 1, 'location', 'Reutte', 'data'),
(2493, 37, 'pjDropoff', 1, 'location', 'Füssen', 'data'),
(2494, 38, 'pjDropoff', 1, 'location', 'Ötz', 'data'),
(2495, 39, 'pjDropoff', 1, 'location', 'Längenfeld', 'data'),
(2496, 40, 'pjDropoff', 1, 'location', 'Hochsölden', 'data'),
(2497, 41, 'pjDropoff', 1, 'location', 'Sölden', 'data'),
(2498, 42, 'pjDropoff', 1, 'location', 'Zwieselstein', 'data'),
(2499, 43, 'pjDropoff', 1, 'location', 'Hochgurgl', 'data'),
(2500, 44, 'pjDropoff', 1, 'location', 'Obergurgl', 'data'),
(2501, 45, 'pjDropoff', 1, 'location', 'Seefeld', 'data'),
(2502, 46, 'pjDropoff', 1, 'location', 'Leutasch', 'data'),
(2503, 47, 'pjDropoff', 1, 'location', 'Mittenwald', 'data'),
(2504, 48, 'pjDropoff', 1, 'location', 'Krün', 'data'),
(2505, 49, 'pjDropoff', 1, 'location', 'Mieders', 'data'),
(2506, 50, 'pjDropoff', 1, 'location', 'Fulpmes', 'data'),
(2507, 51, 'pjDropoff', 1, 'location', 'Neustift im Stubaital', 'data'),
(2508, 52, 'pjDropoff', 1, 'location', 'Mutterberger-Alm', 'data'),
(2509, 53, 'pjDropoff', 1, 'location', 'Kematen', 'data'),
(2510, 54, 'pjDropoff', 1, 'location', 'Oberperfuss', 'data'),
(2511, 55, 'pjDropoff', 1, 'location', 'Zirl', 'data'),
(2512, 56, 'pjDropoff', 1, 'location', 'Mils bei Hall', 'data'),
(2513, 57, 'pjDropoff', 1, 'location', 'Hall in Tirol', 'data'),
(2514, 58, 'pjDropoff', 1, 'location', 'Wattens', 'data'),
(2515, 59, 'pjDropoff', 1, 'location', 'Völs', 'data'),
(2516, 60, 'pjDropoff', 1, 'location', 'Sellrain', 'data'),
(2517, 61, 'pjDropoff', 1, 'location', 'Gries im Sellrain', 'data'),
(2518, 62, 'pjDropoff', 1, 'location', 'Kühtai', 'data'),
(2519, 63, 'pjDropoff', 1, 'location', 'Axams', 'data'),
(2520, 64, 'pjDropoff', 1, 'location', 'Grinzens', 'data'),
(2521, 65, 'pjDropoff', 1, 'location', 'Götzens', 'data'),
(2522, 66, 'pjDropoff', 1, 'location', 'Natters', 'data'),
(2523, 67, 'pjDropoff', 1, 'location', 'Patsch', 'data'),
(2524, 68, 'pjDropoff', 1, 'location', 'Igls', 'data'),
(2525, 69, 'pjDropoff', 1, 'location', 'Schwaz', 'data'),
(2526, 70, 'pjDropoff', 1, 'location', 'Pillberg', 'data'),
(2527, 71, 'pjDropoff', 1, 'location', 'Jenbach', 'data'),
(2528, 72, 'pjDropoff', 1, 'location', 'Achenkirch', 'data'),
(2529, 73, 'pjDropoff', 1, 'location', 'Pertisau', 'data'),
(2530, 74, 'pjDropoff', 1, 'location', 'Fügen', 'data'),
(2531, 75, 'pjDropoff', 1, 'location', 'Hochfügen', 'data'),
(2532, 76, 'pjDropoff', 1, 'location', 'Uderns', 'data'),
(2533, 77, 'pjDropoff', 1, 'location', 'Ried im Zillertal', 'data'),
(2534, 78, 'pjDropoff', 1, 'location', 'Kaltenbach', 'data'),
(2535, 79, 'pjDropoff', 1, 'location', 'Aschau im Zillertal', 'data'),
(2536, 80, 'pjDropoff', 1, 'location', 'Zell am Ziller', 'data'),
(2537, 81, 'pjDropoff', 1, 'location', 'Mayrhofen', 'data'),
(2538, 82, 'pjDropoff', 1, 'location', 'Finkenberg', 'data'),
(2539, 83, 'pjDropoff', 1, 'location', 'Lanersbach', 'data'),
(2540, 84, 'pjDropoff', 1, 'location', 'Tux', 'data'),
(2541, 85, 'pjDropoff', 1, 'location', 'Hintertux', 'data'),
(2542, 86, 'pjDropoff', 1, 'location', 'Gerlos', 'data'),
(2543, 87, 'pjDropoff', 1, 'location', 'Königsleiten', 'data'),
(2544, 88, 'pjDropoff', 1, 'location', 'Neukirchen am Großvenediger', 'data'),
(2545, 89, 'pjDropoff', 1, 'location', 'Bramberg am Wildkogel', 'data'),
(2546, 90, 'pjDropoff', 1, 'location', 'Krimml', 'data'),
(2547, 91, 'pjDropoff', 1, 'location', 'Hochkrimml', 'data'),
(2548, 92, 'pjDropoff', 1, 'location', 'Wörgl', 'data'),
(2549, 93, 'pjDropoff', 1, 'location', 'Kufstein', 'data'),
(2550, 94, 'pjDropoff', 1, 'location', 'Niederau', 'data'),
(2551, 95, 'pjDropoff', 1, 'location', 'Wildschönau', 'data'),
(2552, 96, 'pjDropoff', 1, 'location', 'Auffach', 'data'),
(2553, 97, 'pjDropoff', 1, 'location', 'Brixlegg', 'data'),
(2554, 98, 'pjDropoff', 1, 'location', 'Alpbach', 'data'),
(2555, 99, 'pjDropoff', 1, 'location', 'Hopfgarten', 'data'),
(2556, 100, 'pjDropoff', 1, 'location', 'Söll', 'data'),
(2557, 101, 'pjDropoff', 1, 'location', 'Ellmau', 'data'),
(2558, 102, 'pjDropoff', 1, 'location', 'St. Johann in Tirol', 'data'),
(2559, 103, 'pjDropoff', 1, 'location', 'Kirchdorf in Tirol', 'data'),
(2560, 104, 'pjDropoff', 1, 'location', 'Erpfendorf', 'data'),
(2561, 105, 'pjDropoff', 1, 'location', 'Westendorf', 'data'),
(2562, 106, 'pjDropoff', 1, 'location', 'Brixen im Thale', 'data'),
(2563, 107, 'pjDropoff', 1, 'location', 'Kirchberg in Tirol', 'data'),
(2564, 108, 'pjDropoff', 1, 'location', 'Kitzbühel', 'data'),
(2565, 109, 'pjDropoff', 1, 'location', 'Jochberg', 'data'),
(2566, 110, 'pjDropoff', 1, 'location', 'Mittersill', 'data'),
(2567, 111, 'pjDropoff', 1, 'location', 'Kaprun', 'data'),
(2568, 112, 'pjDropoff', 1, 'location', 'Zell am See', 'data'),
(2569, 113, 'pjDropoff', 1, 'location', 'Hinterglemm', 'data'),
(2570, 114, 'pjDropoff', 1, 'location', 'Saalbach', 'data'),
(2571, 115, 'pjDropoff', 1, 'location', 'Maria Alm', 'data'),
(2572, 116, 'pjDropoff', 1, 'location', 'Fieberbrunn', 'data'),
(2573, 117, 'pjDropoff', 1, 'location', 'Lofer', 'data'),
(2574, 118, 'pjDropoff', 1, 'location', 'Matrei am Brenner', 'data'),
(2575, 119, 'pjDropoff', 1, 'location', 'Steinach am Brenner', 'data'),
(2576, 120, 'pjDropoff', 1, 'location', 'Gries am Brenner', 'data'),
(2577, 121, 'pjDropoff', 1, 'location', 'Brenner', 'data'),
(2578, 122, 'pjDropoff', 1, 'location', 'Pflersch(Feuerstein), Italy', 'data'),
(2579, 123, 'pjDropoff', 1, 'location', 'Sterzing, Italy', 'data'),
(2580, 124, 'pjDropoff', 1, 'location', 'Passeiertal, Italy', 'data'),
(2581, 125, 'pjDropoff', 1, 'location', 'Dorf Tirol, Italy', 'data'),
(2582, 126, 'pjDropoff', 1, 'location', 'Meran, Italy', 'data'),
(2583, 127, 'pjDropoff', 1, 'location', 'Naturns, Italy', 'data'),
(2584, 128, 'pjDropoff', 1, 'location', 'Bozen/Bolzano, Italy', 'data'),
(2585, 129, 'pjDropoff', 1, 'location', 'Bressanone, Italy', 'data'),
(2586, 130, 'pjDropoff', 1, 'location', 'Forestis Dolomites, Italy', 'data'),
(2587, 131, 'pjDropoff', 1, 'location', 'Klausen/Chiusa, Italy', 'data'),
(2588, 132, 'pjDropoff', 1, 'location', 'Ortisei, Italy', 'data'),
(2589, 133, 'pjDropoff', 1, 'location', 'St. Christina, Italy', 'data'),
(2590, 134, 'pjDropoff', 1, 'location', 'Val Gardena, Italy', 'data'),
(2591, 135, 'pjDropoff', 1, 'location', 'Plan de Gralba, Italy', 'data'),
(2592, 136, 'pjDropoff', 1, 'location', 'Passo di Sella, Italy', 'data'),
(2593, 137, 'pjDropoff', 1, 'location', 'Canazei, Italy', 'data'),
(2594, 138, 'pjDropoff', 1, 'location', 'Campitello di Fassa, Italy', 'data'),
(2595, 139, 'pjDropoff', 1, 'location', 'Meransen, Italy', 'data'),
(2596, 140, 'pjDropoff', 1, 'location', 'Bruneck/Bruneco, Italy', 'data'),
(2597, 141, 'pjDropoff', 1, 'location', 'Ahrntal, Italy', 'data'),
(2598, 142, 'pjDropoff', 1, 'location', 'Alta Badia, Italy', 'data'),
(2599, 143, 'pjDropoff', 1, 'location', 'St. Vigilio di Marebbe, Italy', 'data'),
(2600, 144, 'pjDropoff', 1, 'location', 'La Villa, Italy', 'data'),
(2601, 145, 'pjDropoff', 1, 'location', 'San Cassiano, Italy', 'data'),
(2602, 146, 'pjDropoff', 1, 'location', 'Colfosco, Italy', 'data'),
(2603, 147, 'pjDropoff', 1, 'location', 'Corvara, Italy', 'data'),
(2604, 148, 'pjDropoff', 1, 'location', 'Arabba, Italy', 'data'),
(2605, 149, 'pjDropoff', 1, 'location', 'Livigno, Italy', 'data'),
(2606, 150, 'pjDropoff', 1, 'location', 'Dobbacio, Italy', 'data'),
(2607, 151, 'pjDropoff', 1, 'location', 'San Candido, Italy', 'data'),
(2608, 152, 'pjDropoff', 1, 'location', 'Sesto, Italy', 'data'),
(2609, 153, 'pjDropoff', 1, 'location', 'Cortina d\'Ampezzo, Italy', 'data'),
(2610, 154, 'pjDropoff', 1, 'location', 'Lienz in Osttirol', 'data'),
(2611, 155, 'pjDropoff', 1, 'location', 'Matrei in Osttirol', 'data'),
(2613, 175, 'pjAreaCoord', 1, 'place_name', 'Hochkrimml', 'data'),
(2614, 169, 'pjArea', 1, 'name', 'Hochkrimml', 'data'),
(2615, 176, 'pjAreaCoord', 1, 'place_name', 'Livigno, Italy', 'data'),
(2616, 170, 'pjArea', 1, 'name', 'Livigno, Italy', 'data'),
(2924, 156, 'pjDropoff', 1, 'location', 'Scharnitz', 'data'),
(2926, 157, 'pjDropoff', 1, 'location', 'Innsbruck', 'data'),
(2927, 4, 'pjLocation', 1, 'pickup_location', 'Lech am Arlberg', 'data'),
(2928, 158, 'pjDropoff', 1, 'location', 'Innsbruck', 'data'),
(2929, 5, 'pjLocation', 1, 'pickup_location', 'Zürs am Arlberg', 'data'),
(2930, 159, 'pjDropoff', 1, 'location', 'Innsbruck', 'data'),
(2931, 6, 'pjLocation', 1, 'pickup_location', 'Warth', 'data'),
(2932, 160, 'pjDropoff', 1, 'location', 'Innsbruck', 'data'),
(2933, 7, 'pjLocation', 1, 'pickup_location', 'Stuben am Arlberg', 'data'),
(2934, 161, 'pjDropoff', 1, 'location', 'Innsbruck', 'data'),
(2935, 8, 'pjLocation', 1, 'pickup_location', 'Bludenz', 'data'),
(2936, 162, 'pjDropoff', 1, 'location', 'Innsbruck', 'data'),
(2937, 9, 'pjLocation', 1, 'pickup_location', 'St. Christoph am Arlberg', 'data'),
(2938, 163, 'pjDropoff', 1, 'location', 'Innsbruck', 'data'),
(2939, 10, 'pjLocation', 1, 'pickup_location', 'Pettneu am Arlberg', 'data'),
(2940, 164, 'pjDropoff', 1, 'location', 'Innsbruck', 'data'),
(2941, 11, 'pjLocation', 1, 'pickup_location', 'Flirsch am Arlberg', 'data'),
(2942, 165, 'pjDropoff', 1, 'location', 'Innsbruck', 'data'),
(2943, 12, 'pjLocation', 1, 'pickup_location', 'See im Paznauntal', 'data'),
(2944, 166, 'pjDropoff', 1, 'location', 'Innsbruck', 'data'),
(2945, 13, 'pjLocation', 1, 'pickup_location', 'Kappl', 'data'),
(2946, 167, 'pjDropoff', 1, 'location', 'Innsbruck', 'data'),
(2947, 14, 'pjLocation', 1, 'pickup_location', 'Ischgl', 'data'),
(2948, 168, 'pjDropoff', 1, 'location', 'Innsbruck', 'data'),
(2949, 15, 'pjLocation', 1, 'pickup_location', 'Mathon', 'data'),
(2950, 169, 'pjDropoff', 1, 'location', 'Innsbruck', 'data'),
(2951, 16, 'pjLocation', 1, 'pickup_location', 'Galtür', 'data'),
(2952, 170, 'pjDropoff', 1, 'location', 'Innsbruck', 'data'),
(2953, 17, 'pjLocation', 1, 'pickup_location', 'Landeck', 'data'),
(2954, 171, 'pjDropoff', 1, 'location', 'Innsbruck', 'data'),
(2955, 18, 'pjLocation', 1, 'pickup_location', 'Ladis', 'data'),
(2956, 172, 'pjDropoff', 1, 'location', 'Innsbruck', 'data'),
(2957, 19, 'pjLocation', 1, 'pickup_location', 'Fiss', 'data'),
(2960, 174, 'pjDropoff', 1, 'location', 'Innsbruck', 'data'),
(2961, 21, 'pjLocation', 1, 'pickup_location', 'Ried im Oberinntal', 'data'),
(2962, 175, 'pjDropoff', 1, 'location', 'Innsbruck', 'data'),
(2963, 22, 'pjLocation', 1, 'pickup_location', 'Pfunds', 'data'),
(2964, 176, 'pjDropoff', 1, 'location', 'Innsbruck', 'data'),
(2965, 23, 'pjLocation', 1, 'pickup_location', 'Serfaus', 'data'),
(2966, 177, 'pjDropoff', 1, 'location', 'Innsbruck', 'data'),
(2967, 24, 'pjLocation', 1, 'pickup_location', 'Nauders', 'data'),
(2968, 178, 'pjDropoff', 1, 'location', 'Innsbruck', 'data'),
(2969, 25, 'pjLocation', 1, 'pickup_location', 'Feichten im Kaunertal', 'data'),
(2970, 179, 'pjDropoff', 1, 'location', 'Innsbruck', 'data'),
(2971, 26, 'pjLocation', 1, 'pickup_location', 'St. Leonhard im Pitztal', 'data'),
(2972, 180, 'pjDropoff', 1, 'location', 'Innsbruck', 'data'),
(2973, 27, 'pjLocation', 1, 'pickup_location', 'Plangeroß', 'data'),
(2974, 181, 'pjDropoff', 1, 'location', 'Innsbruck', 'data'),
(2975, 28, 'pjLocation', 1, 'pickup_location', 'Imst', 'data'),
(2976, 182, 'pjDropoff', 1, 'location', 'Innsbruck', 'data'),
(2977, 29, 'pjLocation', 1, 'pickup_location', 'Nasserreith', 'data'),
(2978, 183, 'pjDropoff', 1, 'location', 'Innsbruck', 'data'),
(2979, 30, 'pjLocation', 1, 'pickup_location', 'Biberwier', 'data'),
(2980, 184, 'pjDropoff', 1, 'location', 'Innsbruck', 'data'),
(2981, 31, 'pjLocation', 1, 'pickup_location', 'Ehrwald', 'data'),
(2982, 185, 'pjDropoff', 1, 'location', 'Innsbruck', 'data'),
(2983, 32, 'pjLocation', 1, 'pickup_location', 'Lermoos', 'data'),
(2986, 186, 'pjDropoff', 1, 'location', 'Innsbruck', 'data'),
(2987, 33, 'pjLocation', 1, 'pickup_location', 'Berwang', 'data'),
(2988, 187, 'pjDropoff', 1, 'location', 'Innsbruck', 'data'),
(2989, 34, 'pjLocation', 1, 'pickup_location', 'Reutte', 'data'),
(2990, 188, 'pjDropoff', 1, 'location', 'Innsbruck', 'data'),
(2991, 35, 'pjLocation', 1, 'pickup_location', 'Füssen', 'data'),
(2992, 189, 'pjDropoff', 1, 'location', 'Innsbruck', 'data'),
(2993, 36, 'pjLocation', 1, 'pickup_location', 'Ötz', 'data'),
(2994, 190, 'pjDropoff', 1, 'location', 'Innsbruck', 'data'),
(2995, 37, 'pjLocation', 1, 'pickup_location', 'Längenfeld', 'data'),
(2996, 191, 'pjDropoff', 1, 'location', 'Innsbruck', 'data'),
(2997, 38, 'pjLocation', 1, 'pickup_location', 'Hochsölden', 'data'),
(2998, 192, 'pjDropoff', 1, 'location', 'Innsbruck', 'data'),
(2999, 39, 'pjLocation', 1, 'pickup_location', 'Sölden', 'data'),
(3000, 193, 'pjDropoff', 1, 'location', 'Innsbruck', 'data'),
(3001, 40, 'pjLocation', 1, 'pickup_location', 'Zwieselstein', 'data'),
(3004, 194, 'pjDropoff', 1, 'location', 'Innsbruck', 'data'),
(3005, 41, 'pjLocation', 1, 'pickup_location', 'Hochgurgl', 'data'),
(3006, 195, 'pjDropoff', 1, 'location', 'Innsbruck', 'data'),
(3007, 42, 'pjLocation', 1, 'pickup_location', 'Obergurgl', 'data'),
(3008, 196, 'pjDropoff', 1, 'location', 'Innsbruck', 'data'),
(3009, 43, 'pjLocation', 1, 'pickup_location', 'Seefeld in Tirol', 'data'),
(3010, 197, 'pjDropoff', 1, 'location', 'Innsbruck', 'data'),
(3011, 44, 'pjLocation', 1, 'pickup_location', 'Scharnitz', 'data'),
(3012, 198, 'pjDropoff', 1, 'location', 'Innsbruck', 'data'),
(3013, 45, 'pjLocation', 1, 'pickup_location', 'Leutasch', 'data'),
(3014, 199, 'pjDropoff', 1, 'location', 'Innsbruck', 'data'),
(3015, 46, 'pjLocation', 1, 'pickup_location', 'Mittenwald', 'data'),
(3016, 200, 'pjDropoff', 1, 'location', 'Innsbruck', 'data'),
(3017, 47, 'pjLocation', 1, 'pickup_location', 'Krün', 'data'),
(3018, 201, 'pjDropoff', 1, 'location', 'Innsbruck', 'data'),
(3019, 48, 'pjLocation', 1, 'pickup_location', 'Mieders', 'data'),
(3020, 202, 'pjDropoff', 1, 'location', 'Innsbruck', 'data'),
(3021, 49, 'pjLocation', 1, 'pickup_location', 'Fulpmes', 'data'),
(3022, 203, 'pjDropoff', 1, 'location', 'Innsbruck', 'data'),
(3023, 50, 'pjLocation', 1, 'pickup_location', 'Neustift im Stubaital', 'data'),
(3024, 204, 'pjDropoff', 1, 'location', 'Innsbruck', 'data'),
(3025, 51, 'pjLocation', 1, 'pickup_location', 'Mutterberger-Alm', 'data'),
(3026, 205, 'pjDropoff', 1, 'location', 'Innsbruck', 'data'),
(3027, 52, 'pjLocation', 1, 'pickup_location', 'Kematen', 'data'),
(3030, 206, 'pjDropoff', 1, 'location', 'Innsbruck', 'data'),
(3031, 53, 'pjLocation', 1, 'pickup_location', 'Oberperfuss', 'data'),
(3032, 207, 'pjDropoff', 1, 'location', 'Innsbruck', 'data'),
(3033, 54, 'pjLocation', 1, 'pickup_location', 'Zirl', 'data'),
(3034, 208, 'pjDropoff', 1, 'location', 'Innsbruck', 'data'),
(3035, 55, 'pjLocation', 1, 'pickup_location', 'Mils bei Hall', 'data'),
(3036, 209, 'pjDropoff', 1, 'location', 'Innsbruck', 'data'),
(3037, 56, 'pjLocation', 1, 'pickup_location', 'Hall in Tirol', 'data'),
(3038, 210, 'pjDropoff', 1, 'location', 'Innsbruck', 'data'),
(3039, 57, 'pjLocation', 1, 'pickup_location', 'Wattens', 'data'),
(3040, 211, 'pjDropoff', 1, 'location', 'Innsbruck', 'data'),
(3041, 58, 'pjLocation', 1, 'pickup_location', 'Völs', 'data'),
(3042, 212, 'pjDropoff', 1, 'location', 'Innsbruck', 'data'),
(3043, 59, 'pjLocation', 1, 'pickup_location', 'Sellrain', 'data'),
(3044, 213, 'pjDropoff', 1, 'location', 'Innsbruck', 'data'),
(3045, 60, 'pjLocation', 1, 'pickup_location', 'Gries im Sellrain', 'data'),
(3047, 214, 'pjDropoff', 1, 'location', 'Innsbruck', 'data'),
(3048, 61, 'pjLocation', 1, 'pickup_location', 'Kühtai', 'data'),
(3049, 215, 'pjDropoff', 1, 'location', 'Innsbruck', 'data'),
(3050, 62, 'pjLocation', 1, 'pickup_location', 'Axams', 'data'),
(3051, 216, 'pjDropoff', 1, 'location', 'Innsbruck', 'data'),
(3052, 63, 'pjLocation', 1, 'pickup_location', 'Grinzens', 'data'),
(3055, 217, 'pjDropoff', 1, 'location', 'Innsbruck', 'data'),
(3056, 64, 'pjLocation', 1, 'pickup_location', 'Götzens', 'data'),
(3057, 218, 'pjDropoff', 1, 'location', 'Innsbruck', 'data'),
(3058, 65, 'pjLocation', 1, 'pickup_location', 'Natters', 'data'),
(3059, 219, 'pjDropoff', 1, 'location', 'Innsbruck', 'data'),
(3060, 66, 'pjLocation', 1, 'pickup_location', 'Patsch', 'data'),
(3061, 220, 'pjDropoff', 1, 'location', 'Innsbruck', 'data'),
(3062, 67, 'pjLocation', 1, 'pickup_location', 'Igls', 'data'),
(3064, 221, 'pjDropoff', 1, 'location', 'Innsbruck', 'data'),
(3065, 68, 'pjLocation', 1, 'pickup_location', 'Schwaz', 'data'),
(3067, 222, 'pjDropoff', 1, 'location', 'Innsbruck', 'data'),
(3068, 69, 'pjLocation', 1, 'pickup_location', 'Pillberg', 'data'),
(3069, 223, 'pjDropoff', 1, 'location', 'Innsbruck', 'data'),
(3070, 70, 'pjLocation', 1, 'pickup_location', 'Jenbach', 'data'),
(3071, 224, 'pjDropoff', 1, 'location', 'Innsbruck', 'data'),
(3072, 71, 'pjLocation', 1, 'pickup_location', 'Achenkirch', 'data'),
(3073, 225, 'pjDropoff', 1, 'location', 'Innsbruck', 'data'),
(3074, 72, 'pjLocation', 1, 'pickup_location', 'Pertisau', 'data'),
(3075, 226, 'pjDropoff', 1, 'location', 'Innsbruck', 'data'),
(3076, 73, 'pjLocation', 1, 'pickup_location', 'Fügen', 'data'),
(3077, 227, 'pjDropoff', 1, 'location', 'Innsbruck', 'data'),
(3078, 74, 'pjLocation', 1, 'pickup_location', 'Hochfügen', 'data'),
(3079, 228, 'pjDropoff', 1, 'location', 'Innsbruck', 'data'),
(3080, 75, 'pjLocation', 1, 'pickup_location', 'Uderns', 'data'),
(3083, 229, 'pjDropoff', 1, 'location', 'Innsbruck', 'data'),
(3084, 76, 'pjLocation', 1, 'pickup_location', 'Ried im Zillertal', 'data'),
(3085, 230, 'pjDropoff', 1, 'location', 'Innsbruck', 'data'),
(3086, 77, 'pjLocation', 1, 'pickup_location', 'Kaltenbach', 'data'),
(3087, 231, 'pjDropoff', 1, 'location', 'Innsbruck', 'data'),
(3088, 78, 'pjLocation', 1, 'pickup_location', 'Aschau im Zillertal', 'data'),
(3089, 232, 'pjDropoff', 1, 'location', 'Innsbruck', 'data'),
(3090, 79, 'pjLocation', 1, 'pickup_location', 'Zell am Ziller', 'data'),
(3091, 233, 'pjDropoff', 1, 'location', 'Innsbruck', 'data'),
(3092, 80, 'pjLocation', 1, 'pickup_location', 'Mayrhofen', 'data'),
(3093, 234, 'pjDropoff', 1, 'location', 'Innsbruck', 'data'),
(3094, 81, 'pjLocation', 1, 'pickup_location', 'Finkenberg', 'data'),
(3095, 235, 'pjDropoff', 1, 'location', 'Innsbruck', 'data'),
(3096, 82, 'pjLocation', 1, 'pickup_location', 'Lanersbach', 'data'),
(3097, 236, 'pjDropoff', 1, 'location', 'Innsbruck', 'data'),
(3098, 83, 'pjLocation', 1, 'pickup_location', 'Tux', 'data'),
(3099, 237, 'pjDropoff', 1, 'location', 'Innsbruck', 'data'),
(3100, 84, 'pjLocation', 1, 'pickup_location', 'Hintertux', 'data'),
(3101, 238, 'pjDropoff', 1, 'location', 'Innsbruck', 'data'),
(3102, 85, 'pjLocation', 1, 'pickup_location', 'Gerlos', 'data'),
(3103, 239, 'pjDropoff', 1, 'location', 'Innsbruck', 'data'),
(3104, 86, 'pjLocation', 1, 'pickup_location', 'Königsleiten', 'data'),
(3105, 240, 'pjDropoff', 1, 'location', 'Innsbruck', 'data'),
(3106, 87, 'pjLocation', 1, 'pickup_location', 'Neukirchen am Großvenediger', 'data'),
(3107, 241, 'pjDropoff', 1, 'location', 'Innsbruck', 'data'),
(3108, 88, 'pjLocation', 1, 'pickup_location', 'Bramberg am Wildkogel', 'data'),
(3109, 242, 'pjDropoff', 1, 'location', 'Innsbruck', 'data'),
(3110, 89, 'pjLocation', 1, 'pickup_location', 'Krimml', 'data'),
(3111, 243, 'pjDropoff', 1, 'location', 'Innsbruck', 'data'),
(3112, 90, 'pjLocation', 1, 'pickup_location', 'Hochkrimml', 'data'),
(3113, 244, 'pjDropoff', 1, 'location', 'Innsbruck', 'data'),
(3114, 91, 'pjLocation', 1, 'pickup_location', 'Wörgl', 'data'),
(3115, 245, 'pjDropoff', 1, 'location', 'Innsbruck', 'data'),
(3116, 92, 'pjLocation', 1, 'pickup_location', 'Kufstein', 'data'),
(3117, 246, 'pjDropoff', 1, 'location', 'Innsbruck', 'data'),
(3118, 93, 'pjLocation', 1, 'pickup_location', 'Niederau', 'data'),
(3119, 247, 'pjDropoff', 1, 'location', 'Innsbruck', 'data'),
(3120, 94, 'pjLocation', 1, 'pickup_location', 'Wildschönau', 'data'),
(3121, 248, 'pjDropoff', 1, 'location', 'Innsbruck', 'data'),
(3122, 95, 'pjLocation', 1, 'pickup_location', 'Auffach', 'data'),
(3123, 249, 'pjDropoff', 1, 'location', 'Innsbruck', 'data'),
(3124, 96, 'pjLocation', 1, 'pickup_location', 'Brixlegg', 'data'),
(3125, 250, 'pjDropoff', 1, 'location', 'Innsbruck', 'data'),
(3126, 97, 'pjLocation', 1, 'pickup_location', 'Alpbach', 'data'),
(3127, 251, 'pjDropoff', 1, 'location', 'Innsbruck', 'data'),
(3128, 98, 'pjLocation', 1, 'pickup_location', 'Hopfgarten', 'data'),
(3129, 252, 'pjDropoff', 1, 'location', 'Innsbruck', 'data'),
(3130, 99, 'pjLocation', 1, 'pickup_location', 'Söll', 'data'),
(3131, 253, 'pjDropoff', 1, 'location', 'Innsbruck', 'data'),
(3132, 100, 'pjLocation', 1, 'pickup_location', 'Ellmau', 'data'),
(3133, 254, 'pjDropoff', 1, 'location', 'Innsbruck', 'data'),
(3134, 101, 'pjLocation', 1, 'pickup_location', 'St. Johann in Tirol', 'data'),
(3135, 255, 'pjDropoff', 1, 'location', 'Innsbruck', 'data'),
(3136, 102, 'pjLocation', 1, 'pickup_location', 'Kirchdorf in Tirol', 'data'),
(3137, 256, 'pjDropoff', 1, 'location', 'Innsbruck', 'data');

INSERT INTO `transfer_reservation_multi_lang` (`id`, `foreign_id`, `model`, `locale`, `field`, `content`, `source`) VALUES
(7231, 232, 'pjField', 2, 'title', 'GMT-11:00', 'script'),
(7232, 233, 'pjField', 2, 'title', 'GMT-12:00', 'script'),
(7233, 234, 'pjField', 2, 'title', 'GMT-02:00', 'script'),
(7234, 235, 'pjField', 2, 'title', 'GMT', 'script'),
(7235, 236, 'pjField', 2, 'title', 'GMT+03:00', 'script'),
(7236, 237, 'pjField', 2, 'title', 'GMT+04:00', 'script'),
(7237, 238, 'pjField', 2, 'title', 'GMT+05:00', 'script'),
(7238, 239, 'pjField', 2, 'title', 'GMT+06:00', 'script'),
(7239, 240, 'pjField', 2, 'title', 'GMT+07:00', 'script'),
(7240, 241, 'pjField', 2, 'title', 'GMT+08:00', 'script'),
(7241, 242, 'pjField', 2, 'title', 'GMT+09:00', 'script'),
(7242, 243, 'pjField', 2, 'title', 'GMT+01:00', 'script'),
(7243, 244, 'pjField', 2, 'title', 'GMT+10:00', 'script'),
(7244, 245, 'pjField', 2, 'title', 'GMT+11:00', 'script'),
(7245, 246, 'pjField', 2, 'title', 'GMT+12:00', 'script'),
(7246, 247, 'pjField', 2, 'title', 'GMT+13:00', 'script'),
(7247, 248, 'pjField', 2, 'title', 'GMT+02:00', 'script'),
(7248, 249, 'pjField', 2, 'title', 'Inactive', 'script'),
(7249, 250, 'pjField', 2, 'title', 'Active', 'script'),
(7250, 251, 'pjField', 2, 'title', 'No', 'script'),
(7251, 252, 'pjField', 2, 'title', 'Yes', 'script'),
(7252, 253, 'pjField', 2, 'title', 'Delete selected', 'script'),
(7253, 254, 'pjField', 2, 'title', 'Are you sure that you want to delete selected record(s)?', 'script'),
(7254, 255, 'pjField', 2, 'title', 'All', 'script'),
(7255, 256, 'pjField', 2, 'title', 'Email address was already in use.', 'script'),
(7256, 308, 'pjField', 2, 'title', 'Last login', 'script'),
(7257, 360, 'pjField', 2, 'title', 'News', 'script'),
(7258, 361, 'pjField', 2, 'title', 'Install', 'script'),
(7259, 413, 'pjField', 2, 'title', 'Transfers', 'script'),
(7260, 414, 'pjField', 2, 'title', 'Vehicles', 'script'),
(7261, 415, 'pjField', 2, 'title', 'Bookings', 'script'),
(7262, 416, 'pjField', 2, 'title', 'Time format', 'script'),
(7263, 417, 'pjField', 2, 'title', 'List of transfers', 'script'),
(7264, 418, 'pjField', 2, 'title', 'Below is a list of all point-to-point transfers you have added to the system. All transfers must have a pick-up location (which you see below) and at least on drop-off. To edit the predefined transfer details, click the pencil icon corresponding to the row. To add new transfer, go to the above tab “Add new”.', 'script'),
(7265, 419, 'pjField', 2, 'title', 'Add new', 'script'),
(7266, 420, 'pjField', 2, 'title', 'Pick-up location', 'script'),
(7267, 421, 'pjField', 2, 'title', 'Address', 'script'),
(7268, 422, 'pjField', 2, 'title', 'Das ist ein Pflichtfeld.', 'script'),
(7269, 423, 'pjField', 2, 'title', 'New transfer', 'script'),
(7270, 424, 'pjField', 2, 'title', 'Create new transfer by specifying a pick-up location and at least one drop-off below. ', 'script'),
(7271, 425, 'pjField', 2, 'title', 'Drop-off', 'script'),
(7272, 426, 'pjField', 2, 'title', 'Location', 'script'),
(7273, 427, 'pjField', 2, 'title', 'Distance', 'script'),
(7274, 428, 'pjField', 2, 'title', 'Remove', 'script'),
(7275, 429, 'pjField', 2, 'title', 'Km', 'script'),
(7276, 430, 'pjField', 2, 'title', 'Changes have been saved.', 'script'),
(7277, 431, 'pjField', 2, 'title', 'All changes you made to the location have been saved.', 'script'),
(7278, 432, 'pjField', 2, 'title', 'New transfer was added.', 'script'),
(7279, 433, 'pjField', 2, 'title', 'Transfer has been added successfully. Please add transfer fees by visiting the Prices tab under the corresponding Transfer page.', 'script'),
(7280, 434, 'pjField', 2, 'title', 'Error!', 'script'),
(7281, 435, 'pjField', 2, 'title', 'Entry wasn\'t saved. Please try again!', 'script'),
(7282, 436, 'pjField', 2, 'title', 'Location not found', 'script'),
(7283, 437, 'pjField', 2, 'title', 'We are sorry that location you are looking is missing.', 'script'),
(7284, 438, 'pjField', 2, 'title', 'Edit transfer', 'script'),
(7285, 439, 'pjField', 2, 'title', 'You can make changes to the fields below for all languages you have added to the system. Make sure you have switched the languages (if any) using the flag system, before you edit the information. Please note that, all transfers must have a pick-up location with exact address but can have multiple drop-offs.', 'script'),
(7286, 440, 'pjField', 2, 'title', 'Add new', 'script'),
(7287, 441, 'pjField', 2, 'title', 'Vehicle', 'script'),
(7288, 442, 'pjField', 2, 'title', 'Passengers', 'script'),
(7289, 443, 'pjField', 2, 'title', 'Luggage', 'script'),
(7290, 444, 'pjField', 2, 'title', 'Image', 'script'),
(7291, 445, 'pjField', 2, 'title', 'Count', 'script'),
(7292, 446, 'pjField', 2, 'title', 'Description', 'script'),
(7293, 447, 'pjField', 2, 'title', 'List of vehicles', 'script'),
(7294, 448, 'pjField', 2, 'title', 'Below is a list of all vehicles you have added to the system. All active vehicles can be booked on the front-end. Vehicles are important because they correspond with your services. For example, you may add either a private taxi, minibus, limousine or all, depending on the transfer services you offer. To edit vehicle details, click the pencil icon corresponding to the row. To add a new one, go to the above tab “Add new”. ', 'script'),
(7295, 449, 'pjField', 2, 'title', 'New vehicle', 'script'),
(7296, 450, 'pjField', 2, 'title', 'Fill the form to add a new vehicle to the system. Vehicles are important because they correspond with your services. For example, you may add either a private taxi, minibus, limousine or all, depending on the transfer services you offer.', 'script'),
(7297, 451, 'pjField', 2, 'title', 'Edit vehicle', 'script'),
(7298, 452, 'pjField', 2, 'title', 'Edit vehicle', 'script'),
(7299, 453, 'pjField', 2, 'title', 'You can make changes to the fields below for all languages you have added to the system. Make sure you have switched the languages (if any) using the flag system, before you edit the information.', 'script'),
(7300, 454, 'pjField', 2, 'title', 'Delete image', 'script'),
(7301, 455, 'pjField', 2, 'title', 'Are you sure that you want to delete the image?', 'script'),
(7302, 456, 'pjField', 2, 'title', 'Yes', 'script'),
(7303, 457, 'pjField', 2, 'title', 'No', 'script'),
(7304, 458, 'pjField', 2, 'title', 'Vehicle updated', 'script'),
(7305, 459, 'pjField', 2, 'title', 'All changes made to the vehicle have been saved successfully.', 'script'),
(7306, 460, 'pjField', 2, 'title', 'Vehicle added', 'script'),
(7307, 461, 'pjField', 2, 'title', 'A new vehicle has been added to the list.', 'script'),
(7308, 462, 'pjField', 2, 'title', 'Vehicle failed to add', 'script'),
(7309, 463, 'pjField', 2, 'title', 'We are sorry that the new vehicle has not been added successfully.', 'script'),
(7310, 464, 'pjField', 2, 'title', 'Vehicle not found', 'script'),
(7311, 465, 'pjField', 2, 'title', 'We are sorry that the vehicle you are looking for is missing.', 'script'),
(7312, 517, 'pjField', 2, 'title', 'General', 'script'),
(7313, 518, 'pjField', 2, 'title', 'Bookings', 'script'),
(7314, 519, 'pjField', 2, 'title', 'Checkout form', 'script'),
(7315, 520, 'pjField', 2, 'title', 'Notifications', 'script'),
(7316, 521, 'pjField', 2, 'title', 'Terms', 'script'),
(7317, 522, 'pjField', 2, 'title', 'Deposit payment', 'script'),
(7318, 523, 'pjField', 2, 'title', 'Tax payment', 'script'),
(7319, 524, 'pjField', 2, 'title', 'New booking status if not paid.', 'script'),
(7320, 525, 'pjField', 2, 'title', 'New booking status if paid.', 'script'),
(7321, 526, 'pjField', 2, 'title', 'URL for the web page where your clients will be redirected after PayPal or Authorize.net payment ', 'script'),
(7322, 527, 'pjField', 2, 'title', 'Select \'Yes\' if you want to disable payments.', 'script'),
(7323, 528, 'pjField', 2, 'title', 'Allow payments with Paypal ', 'script'),
(7324, 529, 'pjField', 2, 'title', 'PayPal business email address ', 'script'),
(7325, 530, 'pjField', 2, 'title', 'Allow payments with Authorize.net ', 'script'),
(7326, 531, 'pjField', 2, 'title', 'Authorize.net transaction key ', 'script'),
(7327, 532, 'pjField', 2, 'title', 'Authorize.net merchant ID', 'script'),
(7328, 533, 'pjField', 2, 'title', 'Authorize.net time zone', 'script'),
(7329, 534, 'pjField', 2, 'title', 'Authorize.net MD5 hash ', 'script'),
(7330, 535, 'pjField', 2, 'title', 'Allow payment with cash', 'script'),
(7331, 536, 'pjField', 2, 'title', 'Collect Credit Card details for offline processing ', 'script'),
(7332, 537, 'pjField', 2, 'title', 'Provide Bank account details for wire transfers', 'script'),
(7333, 538, 'pjField', 2, 'title', 'Bank account', 'script'),
(7334, 539, 'pjField', 2, 'title', 'Title', 'script'),
(7335, 540, 'pjField', 2, 'title', 'First name', 'script'),
(7336, 541, 'pjField', 2, 'title', 'Last name', 'script'),
(7337, 542, 'pjField', 2, 'title', 'Phone', 'script'),
(7338, 543, 'pjField', 2, 'title', 'Email', 'script'),
(7339, 544, 'pjField', 2, 'title', 'Company', 'script'),
(7340, 545, 'pjField', 2, 'title', 'Pick-up address', 'script'),
(7341, 546, 'pjField', 2, 'title', 'Further information or requests:', 'script'),
(7342, 547, 'pjField', 2, 'title', 'City', 'script'),
(7343, 548, 'pjField', 2, 'title', 'State', 'script'),
(7344, 549, 'pjField', 2, 'title', 'Zip', 'script'),
(7345, 550, 'pjField', 2, 'title', 'Country', 'script'),
(7346, 551, 'pjField', 2, 'title', 'Captcha', 'script'),
(7347, 552, 'pjField', 2, 'title', 'New booking is received', 'script'),
(7348, 553, 'pjField', 2, 'title', 'Subject', 'script'),
(7349, 554, 'pjField', 2, 'title', 'Message body', 'script'),
(7350, 555, 'pjField', 2, 'title', 'Select \'Yes\' if you want an auto-responder to be sent to clients after submiting new booking.', 'script'),
(7351, 556, 'pjField', 2, 'title', '<u>Available Tokens:</u><br/><br/>{Title}<br/>{FirstName}<br/>{LastName}<br/>{Email}<br/>{Phone}<br/>{Notes}<br/>{Country}<br/>{City}<br/>{State}<br/>{Zip}<br/>{Address}<br/>{Company}<br/>{Date}<br/>{From}<br/>{To}<br/>{Fleet}<br/>{Passengers}<br/>{Luggage}<br/>{UniqueID}<br/>{SubTotal}<br/>{Tax}<br/>{Total}<br/>{Deposit}<br/>{PaymentMethod}<br/>{CCType}<br/>{CCNum}<br/>{CCExp}<br/>{CCSec}<br/>{CancelURL}', 'script'),
(7352, 557, 'pjField', 2, 'title', 'Payment confirmation email', 'script'),
(7353, 558, 'pjField', 2, 'title', 'Select \'Yes\' if you want a confirmation email to be sent to clients after successful payment is made.', 'script'),
(7354, 559, 'pjField', 2, 'title', 'Subject', 'script'),
(7355, 560, 'pjField', 2, 'title', 'Message body', 'script'),
(7356, 561, 'pjField', 2, 'title', '<u>Available Tokens:</u><br/><br/>{Title}<br/>{FirstName}<br/>{LastName}<br/>{Email}<br/>{Phone}<br/>{Notes}<br/>{Country}<br/>{City}<br/>{State}<br/>{Zip}<br/>{Address}<br/>{Company}<br/>{Date}<br/>{From}<br/>{To}<br/>{Fleet}<br/>{Passengers}<br/>{Luggage}<br/>{UniqueID}<br/>{SubTotal}<br/>{Tax}<br/>{Total}<br/>{Deposit}<br/>{PaymentMethod}<br/>{CCType}<br/>{CCNum}<br/>{CCExp}<br/>{CCSec}<br/>{CancelURL}', 'script'),
(7357, 562, 'pjField', 2, 'title', 'Send cancellation email', 'script'),
(7358, 563, 'pjField', 2, 'title', 'Select \'Yes\' if you want the system to send automatic email to the client after a service has been canceled. ', 'script'),
(7359, 564, 'pjField', 2, 'title', 'Subject', 'script'),
(7360, 565, 'pjField', 2, 'title', 'Message body', 'script'),
(7361, 566, 'pjField', 2, 'title', '<u>Available Tokens:</u><br/><br/>{Title}<br/>{FirstName}<br/>{LastName}<br/>{Email}<br/>{Phone}<br/>{Notes}<br/>{Country}<br/>{City}<br/>{State}<br/>{Zip}<br/>{Address}<br/>{Company}<br/>{Date}<br/>{From}<br/>{To}<br/>{Fleet}<br/>{Passengers}<br/>{Luggage}<br/>{UniqueID}<br/>{SubTotal}<br/>{Tax}<br/>{Total}<br/>{Deposit}<br/>{PaymentMethod}<br/>{CCType}<br/>{CCNum}<br/>{CCExp}<br/>{CCSec}<br/>{CancelURL}', 'script'),
(7362, 567, 'pjField', 2, 'title', 'Select \'Yes\' if you want the system to send you email every time a new booking is submitted.', 'script'),
(7363, 568, 'pjField', 2, 'title', 'Select \'Yes\' if you want to receive email notifications every time a new payment has been made.', 'script'),
(7364, 569, 'pjField', 2, 'title', 'Select \'Yes\' if you want to receive email notifications every time a client cancels his booking.', 'script'),
(7365, 570, 'pjField', 2, 'title', 'SMS notifications', 'script'),
(7366, 571, 'pjField', 2, 'title', 'You can also send personalized SMS notifications via the each booking page.<br/>Available Tokens:<br/><br/>{FirstName}<br/>{LastName}<br/>{UniqueID}<br/>{Date}<br/>{Time}<br/>{From}<br/>{To}<br/>{Passengers}<br/>{Fleet}<br/>{Duration}<br/>{Distance}', 'script'),
(7367, 572, 'pjField', 2, 'title', 'SMS notification upon new booking', 'script'),
(7368, 573, 'pjField', 2, 'title', '<u>Available Tokens:</u><br/><br/>{Title}<br/>{FirstName}<br/>{LastName}<br/>{Date}<br/>{From}<br/>{To}<br/>{Fleet}<br/>{Passengers}<br/>{Luggage}<br/>{UniqueID}<br/>{SubTotal}<br/>{Tax}<br/>{Total}<br/>{Deposit}<br/>', 'script'),
(7369, 574, 'pjField', 2, 'title', 'SMS notification upon new payment.', 'script'),
(7370, 575, 'pjField', 2, 'title', '<u>Available Tokens:</u><br/><br/>{Title}<br/>{FirstName}<br/>{LastName}<br/>{Date}<br/>{From}<br/>{To}<br/>{Fleet}<br/>{Passengers}<br/>{Luggage}<br/>{UniqueID}<br/>{SubTotal}<br/>{Tax}<br/>{Total}<br/>{Deposit}<br/>', 'script'),
(7371, 576, 'pjField', 2, 'title', 'Terms and conditions', 'script'),
(7372, 577, 'pjField', 2, 'title', 'Add your own terms', 'script'),
(7373, 578, 'pjField', 2, 'title', 'You can add your own terms to the system. Make sure you have switched the languages (if any), before you edit the information. ', 'script'),
(7374, 579, 'pjField', 2, 'title', 'There are three type of auto-responders you can send to both the client and the admin. The first one is sent after new booking is submitted via the software. The second one is sent to confirm a successful payment and the third one after service has been canceled. You may enable or disable all auto-responders separately as well as customize the message using the tokens below.  <br/><br/><div class=\"float_left w400\">{Title}<br/>{FirstName}<br/>{LastName}<br/>{Email}<br/>{Phone}<br/>{Country}<br/><br/>{UniqueID}<br/>{Date}<br/>{Time}<br/>{From}<br/>{To}<br/><br/>{Passengers}<br/>{Fleet}<br/>{Duration}<br/>{Distance}<br/>{Hotel}<br/>{Notes}<br/>{Extras}</div><div class=\"float_left w400\"><b>[FromAirport]</b><br/>{FlightNumber}<br/>{AirlineCompany}<br/>{DestinationAddress}<br/><b>[/FromAirport]</b><br/><br/><b>[FromLocation]</b><br/>{Address}<br/>{FlightDepartureTime}<br/><b>[/FromLocation]</b><br/><br/><b>[FromLocationToLocation]</b><br/>{Address}<br/>{DropoffAddress}<br/><b>[/FromLocationToLocation]</b><br/><br/>{PriceFirstTransfer}<br/><b>[HasReturn]</b><br/>{ReturnDate}<br/>{ReturnTime}<br/>{ReturnFrom}<br/>{ReturnTo}<br/>{PriceReturnTransfer}<br/>{ReturnNotes}<br/>{ReturnExtras}<br/>{PassengersReturn}<br/><b>[/HasReturn]</b><br/><br/><b>[ReturnToAirport]</b><br/>{ReturnAddress}<br/>{ReturnFlightDepartureTime}<br/><b>[/ReturnToAirport]</b><br/><br/><b>[ReturnToLocation]</b><br/>{ReturnFlightNumber}<br/>{ReturnAirlineCompany}<br/><b>[/ReturnToLocation]</b><br/><br/><b>[ReturnToLocationToLocation]</b><br/>{ReturnAddress}<br/>{ReturnDropoffAddress}<br/><b>[/ReturnToLocationToLocation]</b></div><div class=\"float_left w400\">{PaymentMethod}<br/>{StationFee}<br/>{ExtraPrice}<br/>{SubTotal}<br/>{Tax}<br/>{Total}<br/><br/><b>[HasDeposit]</b><br/>{Deposit}<br/>{Rest}<br/>{CCOwner}<br/>{CCNum}<br/>{CCExp}<br/>{CCSec}<br/><b>[/HasDeposit]</b><br/><br/><b>[HasDiscount]</b><br/>{DiscountCode}<br/>{Discount}<br/><b>[/HasDiscount]</b><br/><br/>{PaymentURL}<br/>{CancelURL}</div>', 'script'),
(7375, 580, 'pjField', 2, 'title', 'Checkout form', 'script'),
(7376, 581, 'pjField', 2, 'title', 'Use the drop-downs to set value for each of the fields below. Select \'Yes\' or \'No\' if you want a field to be displayed or not, and \'Yes (Required)\', if you\'d like that field to be mandatory.', 'script'),
(7377, 582, 'pjField', 2, 'title', 'Booking options', 'script'),
(7378, 583, 'pjField', 2, 'title', 'Customise your own transfer booking system by using the options below. You can enable/disable payments, specify a percentage of security deposit and taxes, and more.', 'script'),
(7379, 584, 'pjField', 2, 'title', 'Client', 'script'),
(7380, 585, 'pjField', 2, 'title', 'Administrator', 'script'),
(7381, 586, 'pjField', 2, 'title', 'Emails', 'script'),
(7382, 587, 'pjField', 2, 'title', 'SMS', 'script'),
(7383, 588, 'pjField', 2, 'title', 'There are three type of auto-responders you can send to both the client and the admin. The first one is sent after new booking is submitted via the software. The second one is sent to confirm a successful payment and the third one after service has been canceled. You may enable or disable all auto-responders separately as well as customize the message using the tokens below.  <br/><br/><div class=\"float_left w400\">{Title}<br/>{FirstName}<br/>{LastName}<br/>{Email}<br/>{Phone}<br/>{Country}<br/><br/>{UniqueID}<br/>{Date}<br/>{Time}<br/>{From}<br/>{To}<br/><br/>{Passengers}<br/>{Fleet}<br/>{Duration}<br/>{Distance}<br/>{Hotel}<br/>{Notes}<br/>{Extras}</div><div class=\"float_left w400\"><b>[FromAirport]</b><br/>{FlightNumber}<br/>{AirlineCompany}<br/>{DestinationAddress}<br/><b>[/FromAirport]</b><br/><br/><b>[FromLocation]</b><br/>{Address}<br/>{FlightDepartureTime}<br/><b>[/FromLocation]</b><br/><br/><b>[FromLocationToLocation]</b><br/>{Address}<br/>{DropoffAddress}<br/><b>[/FromLocationToLocation]</b><br/><br/>{PriceFirstTransfer}<br/><b>[HasReturn]</b><br/>{ReturnDate}<br/>{ReturnTime}<br/>{ReturnFrom}<br/>{ReturnTo}<br/>{PriceReturnTransfer}<br/>{ReturnNotes}<br/>{ReturnExtras}<br/>{PassengersReturn}<br/><b>[/HasReturn]</b><br/><br/><b>[ReturnToAirport]</b><br/>{ReturnAddress}<br/>{ReturnFlightDepartureTime}<br/><b>[/ReturnToAirport]</b><br/><br/><b>[ReturnToLocation]</b><br/>{ReturnFlightNumber}<br/>{ReturnAirlineCompany}<br/><b>[/ReturnToLocation]</b><br/><br/><b>[ReturnToLocationToLocation]</b><br/>{ReturnAddress}<br/>{ReturnDropoffAddress}<br/><b>[/ReturnToLocationToLocation]</b></div><div class=\"float_left w400\">{PaymentMethod}<br/>{StationFee}<br/>{ExtraPrice}<br/>{SubTotal}<br/>{Tax}<br/>{Total}<br/><br/><b>[HasDeposit]</b><br/>{Deposit}<br/>{Rest}<br/>{CCOwner}<br/>{CCNum}<br/>{CCExp}<br/>{CCSec}<br/><b>[/HasDeposit]</b><br/><br/><b>[HasDiscount]</b><br/>{DiscountCode}<br/>{Discount}<br/><b>[/HasDiscount]</b><br/><br/>{PaymentURL}<br/>{CancelURL}</div>', 'script'),
(7384, 590, 'pjField', 2, 'title', 'Booking options have been changed.', 'script'),
(7385, 591, 'pjField', 2, 'title', 'All changes made have been saved successfully.', 'script'),
(7386, 592, 'pjField', 2, 'title', 'Reservation form settings updated', 'script'),
(7387, 593, 'pjField', 2, 'title', 'All changes made to the reservation form settings have been saved successfully.', 'script'),
(7388, 594, 'pjField', 2, 'title', 'Notifications updated', 'script'),
(7389, 595, 'pjField', 2, 'title', 'All changes made to the notifications have been saved.', 'script'),
(7390, 596, 'pjField', 2, 'title', 'Changes saved.', 'script'),
(7391, 597, 'pjField', 2, 'title', 'All changes to the Terms have been saved.', 'script'),
(7392, 688, 'pjField', 2, 'title', 'Client', 'script'),
(7393, 690, 'pjField', 2, 'title', 'Confirmed', 'script'),
(7394, 691, 'pjField', 2, 'title', 'Cancelled', 'script'),
(7395, 692, 'pjField', 2, 'title', 'Pending', 'script'),
(7396, 693, 'pjField', 2, 'title', 'List of bookings', 'script'),
(7397, 694, 'pjField', 2, 'title', 'Below is a list of all customer bookings made via the system. Here you can filter bookings by status, re-order the list, search by multiple criteria, export and print the list. To see booking and client details, click the pencil icon corresponding to the row. To add a new one, go to the above tab “Add new”.', 'script'),
(7398, 695, 'pjField', 2, 'title', 'Add new', 'script'),
(7399, 696, 'pjField', 2, 'title', 'Edit drop-off', 'script'),
(7400, 697, 'pjField', 2, 'title', 'Edit', 'script'),
(7401, 698, 'pjField', 2, 'title', 'Set', 'script'),
(7402, 699, 'pjField', 2, 'title', 'Drop-off location', 'script'),
(7403, 700, 'pjField', 2, 'title', 'Duration', 'script'),
(7404, 701, 'pjField', 2, 'title', 'Price', 'script'),
(7405, 702, 'pjField', 2, 'title', 'Add booking', 'script'),
(7406, 703, 'pjField', 2, 'title', 'Add a new booking to the system below.', 'script'),
(7407, 704, 'pjField', 2, 'title', 'Booking details', 'script'),
(7408, 705, 'pjField', 2, 'title', 'Client details', 'script'),
(7409, 706, 'pjField', 2, 'title', 'Date', 'script'),
(7410, 707, 'pjField', 2, 'title', 'Sub-total', 'script'),
(7411, 708, 'pjField', 2, 'title', 'Tax', 'script'),
(7412, 709, 'pjField', 2, 'title', 'Total', 'script'),
(7413, 710, 'pjField', 2, 'title', 'Deposit', 'script'),
(7414, 711, 'pjField', 2, 'title', 'Payment method', 'script'),
(7415, 712, 'pjField', 2, 'title', 'PayPal', 'script'),
(7416, 713, 'pjField', 2, 'title', 'Authorize.net', 'script'),
(7417, 714, 'pjField', 2, 'title', 'Credit Card in Advance', 'script'),
(7418, 715, 'pjField', 2, 'title', 'Barzahlung am Tag des Transfers', 'script'),
(7419, 716, 'pjField', 2, 'title', 'Bank account', 'script'),
(7420, 717, 'pjField', 2, 'title', 'CC Type', 'script'),
(7421, 718, 'pjField', 2, 'title', 'American Express', 'script'),
(7422, 719, 'pjField', 2, 'title', 'Maestro', 'script'),
(7423, 720, 'pjField', 2, 'title', 'MasterCard', 'script'),
(7424, 721, 'pjField', 2, 'title', 'Visa', 'script'),
(7425, 722, 'pjField', 2, 'title', 'CC number', 'script'),
(7426, 723, 'pjField', 2, 'title', 'CC expiration date', 'script'),
(7427, 724, 'pjField', 2, 'title', 'CC code', 'script'),
(7428, 725, 'pjField', 2, 'title', 'Title', 'script'),
(7429, 726, 'pjField', 2, 'title', 'First name', 'script'),
(7430, 727, 'pjField', 2, 'title', 'Last name', 'script'),
(7431, 728, 'pjField', 2, 'title', 'Phone', 'script'),
(7432, 729, 'pjField', 2, 'title', 'Email', 'script'),
(7433, 730, 'pjField', 2, 'title', 'Further information or requests:', 'script'),
(7434, 731, 'pjField', 2, 'title', 'Company', 'script'),
(7435, 732, 'pjField', 2, 'title', 'Pick-up address', 'script'),
(7436, 733, 'pjField', 2, 'title', 'City', 'script'),
(7437, 734, 'pjField', 2, 'title', 'State', 'script'),
(7438, 735, 'pjField', 2, 'title', 'Zip', 'script'),
(7439, 736, 'pjField', 2, 'title', 'Country', 'script'),
(7440, 737, 'pjField', 2, 'title', 'Edit transfer', 'script'),
(7441, 738, 'pjField', 2, 'title', 'Edit ', 'script'),
(7442, 739, 'pjField', 2, 'title', 'Booking details', 'script'),
(7443, 740, 'pjField', 2, 'title', 'See enqiry and client details below.', 'script'),
(7444, 741, 'pjField', 2, 'title', 'IP address', 'script'),
(7445, 742, 'pjField', 2, 'title', 'Created on', 'script'),
(7446, 743, 'pjField', 2, 'title', 'Unique ID', 'script'),
(7447, 744, 'pjField', 2, 'title', 'Reservation updated', 'script'),
(7448, 745, 'pjField', 2, 'title', 'All changes made to the reservation have been saved.', 'script'),
(7449, 746, 'pjField', 2, 'title', 'Reservation added', 'script'),
(7450, 747, 'pjField', 2, 'title', 'New reservation has been added to the list.', 'script'),
(7451, 748, 'pjField', 2, 'title', 'Reservation failed to add', 'script'),
(7452, 749, 'pjField', 2, 'title', 'We are sorry that the reservation could not bee added successfully.', 'script'),
(7453, 750, 'pjField', 2, 'title', 'Reservation not found', 'script'),
(7454, 751, 'pjField', 2, 'title', 'We are sorry that the reservation you are looking is missing.', 'script'),
(7455, 752, 'pjField', 2, 'title', 'Minutes', 'script'),
(7456, 753, 'pjField', 2, 'title', 'Mileage', 'script'),
(7457, 754, 'pjField', 2, 'title', 'Re-send confirmation', 'script'),
(7458, 755, 'pjField', 2, 'title', 'Re-send confirmation', 'script'),
(7459, 756, 'pjField', 2, 'title', 'On the form below, you can make any change on the content to be sent to client for confirming the reservation.', 'script'),
(7460, 757, 'pjField', 2, 'title', 'To', 'script'),
(7461, 758, 'pjField', 2, 'title', 'Subject', 'script'),
(7462, 759, 'pjField', 2, 'title', 'Message', 'script'),
(7463, 761, 'pjField', 2, 'title', 'Confirmation sent', 'script'),
(7464, 762, 'pjField', 2, 'title', 'Reservation confirmation has been sent successfully to the client.', 'script'),
(7465, 763, 'pjField', 2, 'title', 'Confirmation not sent', 'script'),
(7466, 764, 'pjField', 2, 'title', 'We are sorry that the confirmation email could not be sent successfully.', 'script'),
(7467, 765, 'pjField', 2, 'title', 'maximum', 'script'),
(7468, 766, 'pjField', 2, 'title', 'Pickup date & time', 'script'),
(7469, 767, 'pjField', 2, 'title', 'Pickup / Dropoff', 'script'),
(7470, 768, 'pjField', 2, 'title', 'Pickup date', 'script'),
(7471, 769, 'pjField', 2, 'title', 'Phone', 'script'),
(7472, 770, 'pjField', 2, 'title', 'Manage vehicle', 'script'),
(7473, 771, 'pjField', 2, 'title', 'here', 'script'),
(7474, 772, 'pjField', 2, 'title', 'Preview', 'script'),
(7475, 773, 'pjField', 2, 'title', 'Choose Airport Transfer', 'script'),
(7476, 774, 'pjField', 2, 'title', 'Abholort', 'script'),
(7477, 775, 'pjField', 2, 'title', 'Zielort', 'script'),
(7478, 776, 'pjField', 2, 'title', 'Choose', 'script'),
(7479, 777, 'pjField', 2, 'title', 'Returning on', 'script'),
(7480, 778, 'pjField', 2, 'title', 'Returning on', 'script'),
(7481, 779, 'pjField', 2, 'title', 'Passagiere', 'script'),
(7482, 780, 'pjField', 2, 'title', 'Pieces of luggage', 'script'),
(7483, 781, 'pjField', 2, 'title', 'Find a transfer', 'script'),
(7484, 782, 'pjField', 2, 'title', 'There are no vehicles found.', 'script'),
(7485, 783, 'pjField', 2, 'title', 'Choose provider & service', 'script'),
(7486, 784, 'pjField', 2, 'title', 'With', 'script'),
(7487, 785, 'pjField', 2, 'title', 'Passenger', 'script'),
(7488, 786, 'pjField', 2, 'title', 'Piece of luggage', 'script'),
(7489, 787, 'pjField', 2, 'title', 'total price for all passengers<br/>incl. luggage and skis', 'script'),
(7490, 788, 'pjField', 2, 'title', 'Checkout', 'script'),
(7491, 789, 'pjField', 2, 'title', 'Ride', 'script'),
(7492, 790, 'pjField', 2, 'title', 'Subtotal', 'script'),
(7493, 791, 'pjField', 2, 'title', 'Tax', 'script'),
(7494, 792, 'pjField', 2, 'title', 'Gesamtpreis', 'script'),
(7495, 793, 'pjField', 2, 'title', 'Deposit required', 'script'),
(7496, 794, 'pjField', 2, 'title', 'Title', 'script'),
(7497, 795, 'pjField', 2, 'title', 'Vorname', 'script'),
(7498, 796, 'pjField', 2, 'title', 'Nachname', 'script'),
(7499, 797, 'pjField', 2, 'title', 'Mobile phone', 'script'),
(7500, 798, 'pjField', 2, 'title', 'E-Mail Adresse', 'script'),
(7501, 799, 'pjField', 2, 'title', 'Weitere Informationen oder Wünsche', 'script'),
(7502, 800, 'pjField', 2, 'title', 'Abholadresse', 'script'),
(7503, 801, 'pjField', 2, 'title', 'City', 'script'),
(7504, 802, 'pjField', 2, 'title', 'State', 'script'),
(7505, 803, 'pjField', 2, 'title', 'Zip', 'script'),
(7506, 804, 'pjField', 2, 'title', 'Land', 'script'),
(7507, 806, 'pjField', 2, 'title', 'Zahlungsmethode', 'script'),
(7508, 807, 'pjField', 2, 'title', 'CC Type', 'script'),
(7509, 808, 'pjField', 2, 'title', 'Credit card number', 'script'),
(7510, 809, 'pjField', 2, 'title', 'Valid until', 'script'),
(7511, 810, 'pjField', 2, 'title', 'Check number', 'script'),
(7512, 811, 'pjField', 2, 'title', 'Captcha', 'script'),
(7513, 812, 'pjField', 2, 'title', 'Ich habe die Allgemeinen Geschäftsbedingungen gelesen und akzeptiert', 'script'),
(7514, 813, 'pjField', 2, 'title', 'Terms and conditions', 'script'),
(7515, 814, 'pjField', 2, 'title', 'Back', 'script'),
(7516, 815, 'pjField', 2, 'title', 'Confirm', 'script'),
(7517, 816, 'pjField', 2, 'title', 'Das ist ein Pflichtfeld.', 'script'),
(7518, 817, 'pjField', 2, 'title', 'Invalid email', 'script'),
(7519, 818, 'pjField', 2, 'title', 'Captcha is not correct.', 'script'),
(7520, 819, 'pjField', 2, 'title', 'Company', 'script'),
(7521, 820, 'pjField', 2, 'title', 'Preview', 'script'),
(7522, 821, 'pjField', 2, 'title', 'Die Buchung wird bearbeitet...', 'script'),
(7523, 822, 'pjField', 2, 'title', 'Your reservation is saved. Redirecting to PayPal...', 'script'),
(7524, 823, 'pjField', 2, 'title', 'Your reservation is saved. Redirecting to Authorize.net...', 'script'),
(7525, 824, 'pjField', 2, 'title', 'Your reservation is saved. [STAG]Start over[ETAG].', 'script'),
(7526, 825, 'pjField', 2, 'title', 'Reservation failed to save. [STAG]Start over[ETAG].', 'script'),
(7527, 826, 'pjField', 2, 'title', 'Error! [STAG]Start over[ETAG].', 'script'),
(7528, 827, 'pjField', 2, 'title', 'Transfer Reservation', 'script'),
(7529, 828, 'pjField', 2, 'title', 'Reservation has been cancelled successfully.', 'script'),
(7530, 829, 'pjField', 2, 'title', 'Missing parameters', 'script'),
(7531, 830, 'pjField', 2, 'title', 'Reservation with such ID does not exist.', 'script'),
(7532, 831, 'pjField', 2, 'title', 'Security hash did not match.', 'script'),
(7533, 832, 'pjField', 2, 'title', 'Your reservation was already cancelled.', 'script'),
(7534, 833, 'pjField', 2, 'title', 'Booking Details', 'script'),
(7535, 834, 'pjField', 2, 'title', 'Booking ID', 'script'),
(7536, 835, 'pjField', 2, 'title', 'Booking created', 'script'),
(7537, 836, 'pjField', 2, 'title', 'Paypal Transaction ID', 'script'),
(7538, 837, 'pjField', 2, 'title', 'Processed on', 'script'),
(7539, 838, 'pjField', 2, 'title', 'Search again', 'script'),
(7540, 839, 'pjField', 2, 'title', 'Change', 'script'),
(7541, 840, 'pjField', 2, 'title', 'Personal Details', 'script'),
(7542, 841, 'pjField', 2, 'title', 'Single ride', 'script'),
(7543, 842, 'pjField', 2, 'title', 'km', 'script'),
(7544, 843, 'pjField', 2, 'title', 'minutes', 'script'),
(7545, 844, 'pjField', 2, 'title', 'Returning on', 'script'),
(7546, 845, 'pjField', 2, 'title', 'Thumb', 'script'),
(7547, 846, 'pjField', 2, 'title', 'or copy from another location', 'script'),
(7548, 847, 'pjField', 2, 'title', 'Copy Drop-off Locations', 'script'),
(7549, 848, 'pjField', 2, 'title', 'Copy', 'script'),
(7550, 849, 'pjField', 2, 'title', 'Cancel', 'script'),
(7551, 940, 'pjField', 2, 'title', 'Return date & time', 'script'),
(7552, 941, 'pjField', 2, 'title', 'Send SMS notification', 'script'),
(7553, 942, 'pjField', 2, 'title', 'Send SMS notification', 'script'),
(7554, 943, 'pjField', 2, 'title', 'On the form below, you can make any change on the content message that will be sent to client for confirming the reservation.', 'script'),
(7555, 944, 'pjField', 2, 'title', 'SMS message', 'script'),
(7556, 945, 'pjField', 2, 'title', 'SMS sent', 'script'),
(7557, 946, 'pjField', 2, 'title', 'SMS has been sent to client.', 'script'),
(7558, 947, 'pjField', 2, 'title', 'SMS not sent', 'script'),
(7559, 948, 'pjField', 2, 'title', 'We are sorry that the SMS could not be sent to client successfully.', 'script'),
(7560, 949, 'pjField', 2, 'title', 'new bookings today', 'script'),
(7561, 950, 'pjField', 2, 'title', 'new reservation today', 'script'),
(7562, 951, 'pjField', 2, 'title', 'today\'s transfers', 'script'),
(7563, 952, 'pjField', 2, 'title', 'Transfer Today', 'script'),
(7564, 953, 'pjField', 2, 'title', 'latest bookings', 'script'),
(7565, 954, 'pjField', 2, 'title', 'bookings today', 'script'),
(7566, 955, 'pjField', 2, 'title', 'ID', 'script'),
(7567, 956, 'pjField', 2, 'title', 'Customer', 'script'),
(7568, 957, 'pjField', 2, 'title', 'Pickup', 'script'),
(7569, 958, 'pjField', 2, 'title', 'Vehicle', 'script'),
(7570, 959, 'pjField', 2, 'title', 'Not found', 'script'),
(7571, 960, 'pjField', 2, 'title', 'view all', 'script'),
(7572, 961, 'pjField', 2, 'title', 'Return', 'script'),
(7573, 962, 'pjField', 2, 'title', 'From', 'script'),
(7574, 963, 'pjField', 2, 'title', 'To', 'script'),
(7575, 964, 'pjField', 2, 'title', 'Print', 'script'),
(7576, 965, 'pjField', 2, 'title', 'Airline company', 'script'),
(7577, 966, 'pjField', 2, 'title', 'Flight number', 'script'),
(7578, 967, 'pjField', 2, 'title', 'Flight arrival / departure time', 'script'),
(7579, 968, 'pjField', 2, 'title', 'Destination address', 'script'),
(7580, 969, 'pjField', 2, 'title', 'Cruise ship', 'script'),
(7581, 970, 'pjField', 2, 'title', 'Fluggesellschaft', 'script'),
(7582, 971, 'pjField', 2, 'title', 'Flugnummer', 'script'),
(7583, 972, 'pjField', 2, 'title', 'Ankunftszeit', 'script'),
(7584, 973, 'pjField', 2, 'title', 'Zieladresse', 'script'),
(7585, 974, 'pjField', 2, 'title', 'Cruise ship', 'script'),
(7586, 975, 'pjField', 2, 'title', 'Airline company', 'script'),
(7587, 976, 'pjField', 2, 'title', 'Flight number', 'script'),
(7588, 977, 'pjField', 2, 'title', 'Flight arriving from / departure to', 'script'),
(7589, 978, 'pjField', 2, 'title', 'Destination address', 'script'),
(7590, 979, 'pjField', 2, 'title', 'Cruise ship', 'script'),
(7591, 980, 'pjField', 2, 'title', 'Transfer date', 'script'),
(7592, 981, 'pjField', 2, 'title', 'Transfer Destinations', 'script'),
(7593, 982, 'pjField', 2, 'title', 'Transfer Date & Time', 'script'),
(7594, 983, 'pjField', 2, 'title', 'From / To', 'script'),
(7595, 984, 'pjField', 2, 'title', 'Payment', 'script'),
(7596, 985, 'pjField', 2, 'title', 'Additional info', 'script'),
(7597, 986, 'pjField', 2, 'title', 'Booking ID', 'script'),
(7598, 987, 'pjField', 2, 'title', 'Date & Time', 'script'),
(7599, 988, 'pjField', 2, 'title', 'Passenger', 'script'),
(7600, 989, 'pjField', 2, 'title', 'To collect', 'script'),
(7601, 990, 'pjField', 2, 'title', 'Reports', 'script'),
(7602, 991, 'pjField', 2, 'title', 'Reports', 'script'),
(7603, 992, 'pjField', 2, 'title', 'Pick-up Location Report', 'script'),
(7604, 993, 'pjField', 2, 'title', 'Vehicle Report', 'script'),
(7605, 994, 'pjField', 2, 'title', 'Date from', 'script'),
(7606, 995, 'pjField', 2, 'title', 'Date to', 'script'),
(7607, 996, 'pjField', 2, 'title', 'Generate', 'script'),
(7608, 997, 'pjField', 2, 'title', 'Generate report', 'script'),
(7609, 998, 'pjField', 2, 'title', 'The general report summarizes your data using criteria such as pick-up location and vehicles. The report shows you the total number of bookings, passengers served, luggage carried, traveling distance, amount collected via the system, as well as create comparison between the one-way and the round-trip bookings during the selected period of time.', 'script'),
(7610, 999, 'pjField', 2, 'title', 'Pick-up Location Report', 'script'),
(7611, 1000, 'pjField', 2, 'title', 'In this form, you can select a specific location to generate the report. You will find in the report all of bookings that will be transferred within the date range for selected pick-up location.', 'script'),
(7612, 1001, 'pjField', 2, 'title', 'Vehicle Report', 'script'),
(7613, 1002, 'pjField', 2, 'title', 'You can select which vehicle to view report. In this report, you will find all of bookings that will be transferred within the date range for selected vehicle.', 'script'),
(7614, 1003, 'pjField', 2, 'title', 'Bookings', 'script'),
(7615, 1004, 'pjField', 2, 'title', 'Passengers Served', 'script'),
(7616, 1005, 'pjField', 2, 'title', 'Luggage Carried', 'script'),
(7617, 1006, 'pjField', 2, 'title', 'Total Amount', 'script'),
(7618, 1007, 'pjField', 2, 'title', 'Total Bookings', 'script'),
(7619, 1008, 'pjField', 2, 'title', 'Confirmed Bookings', 'script'),
(7620, 1009, 'pjField', 2, 'title', 'Cancelled Bookings', 'script'),
(7621, 1010, 'pjField', 2, 'title', 'One-way vs Round-trip (confirmed reservations only)', 'script'),
(7622, 1011, 'pjField', 2, 'title', 'One-way', 'script'),
(7623, 1012, 'pjField', 2, 'title', 'Round-trip', 'script'),
(7624, 1013, 'pjField', 2, 'title', 'Passengers per reservation (confirmed reservations only)', 'script'),
(7625, 1014, 'pjField', 2, 'title', 'Destinations Trips (confirmed reservations only)', 'script'),
(7626, 1015, 'pjField', 2, 'title', 'Vehicle Used', 'script'),
(7627, 1016, 'pjField', 2, 'title', 'Installation', 'script'),
(7628, 1017, 'pjField', 2, 'title', 'To embed the software into a web page, please follow the steps below. Set the language configuration first, then copy the integration code and paste into your HTML page, whenever you want the software to appear.', 'script'),
(7629, 1018, 'pjField', 2, 'title', 'Installation configuration', 'script'),
(7630, 1019, 'pjField', 2, 'title', 'Select language', 'script'),
(7631, 1020, 'pjField', 2, 'title', 'Preview', 'script'),
(7632, 1021, 'pjField', 2, 'title', 'Hide language selector ', 'script'),
(7633, 1022, 'pjField', 2, 'title', 'Enter a positive number.', 'script'),
(7634, 1023, 'pjField', 2, 'title', 'Number cannot be greater than maximum value.', 'script'),
(7635, 1024, 'pjField', 2, 'title', 'Unique ID was already used.', 'script'),
(7636, 1025, 'pjField', 2, 'title', 'The return date time cannot be less than pick-up date time.', 'script'),
(7637, 1026, 'pjField', 2, 'title', 'Expiration month is required.', 'script'),
(7638, 1027, 'pjField', 2, 'title', 'Expiration year is required.', 'script'),
(7639, 1028, 'pjField', 2, 'title', 'General Bookings Report', 'script'),
(7640, 1029, 'pjField', 2, 'title', 'Report by Pick-up Location', 'script'),
(7641, 1030, 'pjField', 2, 'title', 'Vehicle Report', 'script'),
(7642, 1031, 'pjField', 2, 'title', 'Bookings Print List', 'script'),
(7643, 1032, 'pjField', 2, 'title', 'Print Reservation', 'script'),
(7644, 1033, 'pjField', 2, 'title', 'via', 'script'),
(7645, 1034, 'pjField', 2, 'title', 'Number of vehicles shown per page on the front-end.', 'script'),
(7646, 1035, 'pjField', 2, 'title', 'Image size too large', 'script'),
(7647, 1036, 'pjField', 2, 'title', 'New vehicle could not be added because image size too large and your server cannot upload it. Maximum allowed size is {SIZE}. Please, upload smaller image.', 'script'),
(7648, 1037, 'pjField', 2, 'title', 'Image size too large', 'script'),
(7649, 1038, 'pjField', 2, 'title', 'The vehicle could not be updated because image size too large and your server cannot upload it. Maximum allowed size is {SIZE}. Please, upload smaller image.', 'script'),
(7650, 1039, 'pjField', 2, 'title', 'File size exceeded', 'script'),
(7651, 1040, 'pjField', 2, 'title', 'New vehicle has been added, but uploaded image is too big. Please, upload smaller image.', 'script'),
(7652, 1041, 'pjField', 2, 'title', 'File size exceeded', 'script'),
(7653, 1042, 'pjField', 2, 'title', 'Uploaded image is too big. Please, upload smaller image.', 'script'),
(7654, 1043, 'pjField', 2, 'title', 'Wrong file type', 'script'),
(7655, 1044, 'pjField', 2, 'title', 'The uploaded file actually is not a image file. Please upload another image.', 'script'),
(7656, 1045, 'pjField', 2, 'title', 'Details', 'script'),
(7657, 1046, 'pjField', 2, 'title', 'Prices', 'script'),
(7658, 1047, 'pjField', 2, 'title', 'Prices', 'script'),
(7659, 1048, 'pjField', 2, 'title', 'Set transfer fees using the table below.', 'script'),
(7660, 1049, 'pjField', 2, 'title', 'Prices updated', 'script'),
(7661, 1050, 'pjField', 2, 'title', 'All changes made to the prices have been saved successfully.', 'script'),
(7662, 1051, 'pjField', 2, 'title', 'Departure flight number', 'script'),
(7663, 1052, 'pjField', 2, 'title', 'Abflugzeit', 'script'),
(7664, 1053, 'pjField', 2, 'title', 'Departure airline company', 'script'),
(7665, 1054, 'pjField', 2, 'title', 'roundtrip', 'script'),
(7666, 1055, 'pjField', 2, 'title', 'single', 'script'),
(7667, 1056, 'pjField', 2, 'title', 'Transfer', 'script'),
(7668, 1057, 'pjField', 2, 'title', 'Return trip', 'script'),
(7669, 1058, 'pjField', 2, 'title', 'Print Reservation', 'script'),
(7670, 1059, 'pjField', 2, 'title', 'Departure airline company', 'script'),
(7671, 1060, 'pjField', 2, 'title', 'Arrival flight number', 'script'),
(7672, 1061, 'pjField', 2, 'title', 'Time of arrival', 'script'),
(7673, 1062, 'pjField', 2, 'title', 'Departure flight number', 'script'),
(7674, 1063, 'pjField', 2, 'title', 'Abflugzeit', 'script'),
(7675, 1064, 'pjField', 2, 'title', 'Delete drop-off location', 'script'),
(7676, 1065, 'pjField', 2, 'title', 'Theer are bookings made for this drop-off. Are you sure that you want to delete it?', 'script'),
(7677, 1066, 'pjField', 2, 'title', 'Today Transfers', 'script'),
(7678, 1067, 'pjField', 2, 'title', 'Flight time', 'script'),
(7679, 1068, 'pjField', 2, 'title', 'Set prices', 'script'),
(7680, 1069, 'pjField', 2, 'title', 'To drop-off location', 'script'),
(7681, 1070, 'pjField', 2, 'title', 'From pick-up location', 'script'),
(7682, 1071, 'pjField', 2, 'title', 'Missing parameters', 'script'),
(7683, 1072, 'pjField', 2, 'title', 'The report cannot be generated because you did not set \"Date from\" or \"Date to\", or you did not select \"Pick-up location\" or \"Vehicle\" as well.', 'script'),
(7684, 1, 'pjOption', 2, 'o_terms', 'Lorem ipsum dolor sit amet, consectetur adipiscing elit. Suspendisse eu ipsum consectetur arcu commodo egestas nec eu ante. Aenean nec enim lorem. Proin accumsan luctus luctus. Vivamus pulvinar mollis orci, id convallis eros ultricies vel. Nullam adipiscing, risus non pellentesque aliquam, nibh ligula dictum justo, quis commodo nisi dolor ut nulla. Lorem ipsum dolor sit amet, consectetur adipiscing elit. Aliquam ante leo, ultricies quis gravida id, vestibulum nec risus. Mauris adipiscing vestibulum nibh non ullamcorper. Suspendisse justo turpis, mattis a cursus ac, vulputate quis metus. Fusce vestibulum faucibus dignissim. Aliquam fermentum mauris felis, a ultrices sem.', 'script'),
(7685, 1, 'pjOption', 2, 'o_email_confirmation_subject', 'Your booking has been received {UniqueID}', 'script'),
(7686, 1, 'pjOption', 2, 'o_email_confirmation_message', '<p>Your booking has been received. Details are below: Personal details: Title: {Title} First Name: {FirstName} Last Name: {LastName} E-Mail: {Email} Phone: {Phone} Notes: {Notes} Country: {Country} City: {City} State: {State} Zip: {Zip} Address: {Address} Company: {Company} Reservation details: Booking date: {Date} From: {From} To: {To} Fleet: {Fleet} Passengers: {Passengers} Luggage: {Luggage} Unique ID: {UniqueID} Total: {Total} If you want to cancel your reservation follow next link: {CancelURL} Thank you, we will contact you ASAP.</p>', 'script'),
(7687, 1, 'pjOption', 2, 'o_email_payment_subject', 'Payment has been received.', 'script'),
(7688, 1, 'pjOption', 2, 'o_email_payment_message', '<p>Simple Responsive HTML Email With Button</p>\r\n<table class=\"body\" style=\"border-collapse: separate; mso-table-lspace: 0pt; mso-table-rspace: 0pt; min-width: 100%; background-color: #eaebed; width: 100%;\" border=\"0\" width=\"100%\" cellspacing=\"0\" cellpadding=\"0\" bgcolor=\"#eaebed\">\r\n<tbody>\r\n<tr>\r\n<td style=\"font-family: sans-serif; font-size: 14px; vertical-align: top;\" valign=\"top\">&nbsp;</td>\r\n<td class=\"container\" style=\"font-family: sans-serif; font-size: 14px; vertical-align: top; display: block; max-width: 580px; padding: 10px; width: 580px; margin: 0 auto;\" valign=\"top\" width=\"580\">\r\n<div class=\"header\" style=\"padding: 20px 0; background-color: #f6f6f6; margin: 10px;\">\r\n<table style=\"border-collapse: separate; mso-table-lspace: 0pt; mso-table-rspace: 0pt; min-width: 100%; width: 100%;\" border=\"0\" width=\"100%\" cellspacing=\"0\" cellpadding=\"0\">\r\n<tbody>\r\n<tr>\r\n<td class=\"align-center\" style=\"font-family: sans-serif; font-size: 14px; vertical-align: top; text-align: center;\" align=\"center\" valign=\"top\" width=\"100%\"><a style=\"color: #ec0867; text-decoration: underline;\" href=\"https://postdrop.io\"><img style=\"border: none; -ms-interpolation-mode: bicubic; max-width: 100%;\" src=\"https://cdn.postdrop.io/starter-templates-v0/postdrop-logo-dark.png\" alt=\"Postdrop\" height=\"40\" /></a></td>\r\n</tr>\r\n</tbody>\r\n</table>\r\n</div>\r\n<div class=\"content\" style=\"box-sizing: border-box; display: block; margin: 0 auto; max-width: 580px; padding: 10px;\"><!-- START CENTERED WHITE CONTAINER --> <span class=\"preheader\" style=\"color: transparent; display: none; height: 0; max-height: 0; max-width: 0; opacity: 0; overflow: hidden; mso-hide: all; visibility: hidden; width: 0;\">This is preheader text. Some clients will show this text as a preview.</span>\r\n<table class=\"main\" style=\"border-collapse: separate; mso-table-lspace: 0pt; mso-table-rspace: 0pt; min-width: 100%; background: #ffffff; border-radius: 3px; width: 100%;\" width=\"100%\"><!-- START MAIN CONTENT AREA -->\r\n<tbody>\r\n<tr>\r\n<td class=\"wrapper\" style=\"font-family: sans-serif; font-size: 14px; vertical-align: top; box-sizing: border-box; padding: 20px;\" valign=\"top\">\r\n<table style=\"border-collapse: separate; mso-table-lspace: 0pt; mso-table-rspace: 0pt; min-width: 100%; width: 100%;\" border=\"0\" width=\"100%\" cellspacing=\"0\" cellpadding=\"0\">\r\n<tbody>\r\n<tr>\r\n<td style=\"font-family: sans-serif; font-size: 14px; vertical-align: top;\" valign=\"top\">\r\n<p style=\"font-family: sans-serif; font-size: 14px; font-weight: normal; margin: 0; margin-bottom: 15px; border-bottom: 1px solid #f6f6f6;\">&nbsp;Welcome to Postdrop. A simple tool to help developers with HTML email.HTML email templates are painful to build. So instead of spending hours or days trying to make your own, just use this template and call it a day.</p>\r\n<p style=\"font-family: sans-serif; font-size: 14px; font-weight: normal; margin: 0; margin-bottom: 15px; border-bottom: 1px solid #f6f6f6;\">Add your own content then download and copy over to your codebase or ESP. Postdrop will inline the CSS for you to make sure it doesn\'t fall apart when it lands in your inbox.</p>\r\n<p style=\"font-family: sans-serif; font-size: 14px; font-weight: normal; margin: 0; margin-bottom: 15px; border-bottom: 1px solid #f6f6f6;\">Postdrop also lets you send test emails to yourself. You just need to sign up first so we know you\'re not a spammer.</p>\r\n<table class=\"btn btn-primary\" style=\"border-collapse: separate; mso-table-lspace: 0pt; mso-table-rspace: 0pt; min-width: 100%; box-sizing: border-box; width: 100%;\" border=\"0\" width=\"100%\" cellspacing=\"0\" cellpadding=\"0\">\r\n<tbody>\r\n<tr>\r\n<td style=\"font-family: sans-serif; font-size: 14px; vertical-align: top; padding-bottom: 15px;\" align=\"center\" valign=\"top\">\r\n<table style=\"border-collapse: separate; mso-table-lspace: 0pt; mso-table-rspace: 0pt; min-width: auto; width: auto;\" border=\"0\" cellspacing=\"0\" cellpadding=\"0\">\r\n<tbody>\r\n<tr>\r\n<td style=\"font-family: sans-serif; font-size: 14px; vertical-align: top; border-radius: 5px; text-align: center; background-color: #ec0867;\" align=\"center\" valign=\"top\" bgcolor=\"#ec0867\"><a style=\"border: solid 1px #ec0867; border-radius: 5px; box-sizing: border-box; cursor: pointer; display: inline-block; font-size: 14px; font-weight: bold; margin: 0; padding: 12px 25px; text-decoration: none; text-transform: capitalize; background-color: #ec0867; border-color: #ec0867; color: #ffffff;\" href=\"https://www.abc-transfers.com/signup\" target=\"_blank\">Sign Up For Postdrop</a></td>\r\n</tr>\r\n</tbody>\r\n</table>\r\n</td>\r\n</tr>\r\n</tbody>\r\n</table>\r\n<p style=\"font-family: sans-serif; font-size: 14px; font-weight: normal; margin: 0; margin-bottom: 15px; border-bottom: 1px solid #f6f6f6;\">That\'s it. Enjoy this free template.</p>\r\n</td>\r\n</tr>\r\n</tbody>\r\n</table>\r\n</td>\r\n</tr>\r\n<!-- END MAIN CONTENT AREA --></tbody>\r\n</table>\r\n<!-- START FOOTER -->\r\n<div class=\"footer\" style=\"clear: both; margin-top: 10px; text-align: center; width: 100%;\">\r\n<table style=\"border-collapse: separate; mso-table-lspace: 0pt; mso-table-rspace: 0pt; min-width: 100%; width: 100%;\" border=\"0\" width=\"100%\" cellspacing=\"0\" cellpadding=\"0\">\r\n<tbody>\r\n<tr>\r\n<td class=\"content-block\" style=\"font-family: sans-serif; vertical-align: top; padding-bottom: 10px; padding-top: 10px; color: #9a9ea6; font-size: 12px; text-align: center;\" align=\"center\" valign=\"top\"><span class=\"apple-link\" style=\"color: #9a9ea6; font-size: 12px; text-align: center;\">Don\'t forget to add your address here</span> <br /> And <a style=\"text-decoration: underline; color: #9a9ea6; font-size: 12px; text-align: center;\" href=\"https://postdrop.io\">unsubscribe link</a> here.</td>\r\n</tr>\r\n<tr>\r\n<td class=\"content-block powered-by\" style=\"font-family: sans-serif; vertical-align: top; padding-bottom: 10px; padding-top: 10px; color: #9a9ea6; font-size: 12px; text-align: center;\" align=\"center\" valign=\"top\">Powered by <a style=\"color: #9a9ea6; font-size: 12px; text-align: center; text-decoration: none;\" href=\"https://postdrop.io\">Postdrop</a>.</td>\r\n</tr>\r\n</tbody>\r\n</table>\r\n</div>\r\n<!-- END FOOTER --> <!-- END CENTERED WHITE CONTAINER --></div>\r\n</td>\r\n<td style=\"font-family: sans-serif; font-size: 14px; vertical-align: top;\" valign=\"top\">&nbsp;</td>\r\n</tr>\r\n</tbody>\r\n</table>', 'script'),
(7689, 1, 'pjOption', 2, 'o_email_cancel_subject', 'Service has been canceled.', 'script'),
(7690, 1, 'pjOption', 2, 'o_email_cancel_message', '<p>You\'ve just cancelled the service. Personal details: Title: {Title} First Name: {FirstName} Last Name: {LastName} E-Mail: {Email} Phone: {Phone} Notes: {Notes} Country: {Country} City: {City} State: {State} Zip: {Zip} Address: {Address} Company: {Company} Reservation details: Date time: {DateTime} From: {From} To: {To} Fleet: {Fleet} Passengers: {Passengers} Luggage: {Luggage} Unique ID: {UniqueID} Total: {Total} If you want to cancel your reservation follow next link: {CancelURL} Thank you, we will contact you ASAP.</p>', 'script'),
(7691, 1, 'pjOption', 2, 'o_sms_confirmation_message', NULL, 'script'),
(7692, 1, 'pjOption', 2, 'o_admin_email_confirmation_subject', 'New booking has been received', 'script'),
(7693, 1, 'pjOption', 2, 'o_admin_email_confirmation_message', '<p>New booking has been received: Personal details: Title: {Title} First Name: {FirstName} Last Name: {LastName} E-Mail: {Email} Phone: {Phone} Notes: {Notes} Country: {Country} City: {City} State: {State} Zip: {Zip} Address: {Address} Company: {Company} Reservation details: Booking date: {Date} From: {From} To: {To} Fleet: {Fleet} Passengers: {Passengers} Luggage: {Luggage} Unique ID: {UniqueID} Total: {Total} If you want to cancel your reservation follow next link: {CancelURL} Thank you, we will contact you ASAP.</p>', 'script'),
(7694, 1, 'pjOption', 2, 'o_admin_email_payment_subject', 'New payment has been made.', 'script');


INSERT INTO `transfer_reservation_multi_lang` (`id`, `foreign_id`, `model`, `locale`, `field`, `content`, `source`) VALUES
(9019, 150, 'pjAreaCoord', 2, 'place_name', 'San Cassiano, Italy', 'script'),
(9020, 144, 'pjArea', 2, 'name', 'San Cassiano, Italy', 'script'),
(9021, 151, 'pjAreaCoord', 2, 'place_name', 'Colfosco, Italy', 'script'),
(9022, 145, 'pjArea', 2, 'name', 'Colfosco, Italy', 'script'),
(9023, 152, 'pjAreaCoord', 2, 'place_name', 'Corvara, Italy', 'script'),
(9024, 146, 'pjArea', 2, 'name', 'Corvara, Italy', 'script'),
(9025, 153, 'pjAreaCoord', 2, 'place_name', 'Arabba, Italy', 'script'),
(9026, 147, 'pjArea', 2, 'name', 'Arabba, Italy', 'script'),
(9027, 154, 'pjAreaCoord', 2, 'place_name', 'Dobbiaco, Italy', 'script'),
(9028, 148, 'pjArea', 2, 'name', 'Dobbiaco, Italy', 'script'),
(9029, 155, 'pjAreaCoord', 2, 'place_name', 'San Candido, Italy', 'script'),
(9030, 149, 'pjArea', 2, 'name', 'San Candido, Italy', 'script'),
(9031, 156, 'pjAreaCoord', 2, 'place_name', 'Sesto, Italy', 'script'),
(9032, 150, 'pjArea', 2, 'name', 'Sesto, Italy', 'script'),
(9033, 157, 'pjAreaCoord', 2, 'place_name', 'Cortina d\'Ampezzo, Italy', 'script'),
(9034, 151, 'pjArea', 2, 'name', 'Cortina d\'Ampezzo, Italy', 'script'),
(9035, 158, 'pjAreaCoord', 2, 'place_name', 'Lienz in Osttirol', 'script'),
(9036, 152, 'pjArea', 2, 'name', 'Lienz in Osttirol', 'script'),
(9037, 160, 'pjAreaCoord', 2, 'place_name', 'Matrei in Osttirol', 'script'),
(9038, 154, 'pjArea', 2, 'name', 'Matrei in Osttirol', 'script'),
(9039, 8, 'pjExtra', 2, 'name', '10 Min Zusatzstopp im gleichen Ort', 'data'),
(9040, 8, 'pjExtra', 2, 'info', 'Ideal, wenn Sie Schlüssel abholen/abgeben müssen oder wenn Ihre Gruppe in verschiedenen Unterkünften untergebracht ist', 'data'),
(9041, 2, 'pjFleet', 2, 'fleet', 'Comfort Van', 'data'),
(9042, 2, 'pjFleet', 2, 'model', 'Mercedes VITO', 'data'),
(9043, 2, 'pjFleet', 2, 'badget', 'Most Popular', 'data'),
(9044, 2, 'pjFleet', 2, 'description', '<p>&nbsp;Wir bieten Ihnen einen komfortablen Transfer mit dem neuesten, hochwertigen Modell VITO Extra Long von Mercedes Benz. Wir garantieren eine sichere, bequeme und private Fahrt. Es gibt gen&uuml;gend Platz f&uuml;r Ihr gesamtes Gep&auml;ck und Ihre Ski-/Sportausr&uuml;stung. Damit auch unsere kleinen Fahrg&auml;ste einen sicheren Transfer haben, stellen wir Baby- oder Kindersitze sowie Sitzerh&ouml;hungen zur Verf&uuml;gung.</p>', 'data'),
(9045, 3, 'pjFleet', 2, 'fleet', 'VIP Van', 'data'),
(9046, 3, 'pjFleet', 2, 'model', 'Mercedes V-Class 4x4', 'data'),
(9047, 3, 'pjFleet', 2, 'badget', 'Luxury', 'data'),
(9048, 3, 'pjFleet', 2, 'description', '<p>Wir bieten Ihnen einen Transfer mit unserem VIP-Van an: dem neuesten Premium-Modell der V-Klasse Extra Long von Mercedes Benz. Wir garantieren eine sichere, bequeme und private Fahrt. Es gibt gen&uuml;gend Platz f&uuml;r Ihr gesamtes Gep&auml;ck und Ihre Ski-/Sportausr&uuml;stung. Damit auch unsere kleinen Fahrg&auml;ste einen sicheren Transfer haben, stellen wir Baby- oder Kindersitze sowie Sitzerh&ouml;hungen zur Verf&uuml;gung.</p>', 'data'),
(9049, 4, 'pjFleet', 2, 'fleet', 'VIP Limousine', 'data'),
(9050, 4, 'pjFleet', 2, 'model', 'Mercedes S-Class L 4x4', 'data'),
(9051, 4, 'pjFleet', 2, 'badget', 'Exclusive', 'data'),
(9052, 4, 'pjFleet', 2, 'description', '<p>Wir bieten Ihnen einen komfortablen Transfer mit dem neuesten Premium-Modell der S-Klasse von Mercedes Benz. Wir garantieren eine sichere, bequeme und private Fahrt. Es gibt gen&uuml;gend Platz f&uuml;r Ihr gesamtes Gep&auml;ck und Ihre Ski-/Sportausr&uuml;stung. Um auch unseren kleinen Fahrg&auml;sten einen sicheren Transfer zu erm&ouml;glichen, stellen wir Baby- oder Kindersitze sowie Sitzerh&ouml;hungen zur Verf&uuml;gung. Das von Ihnen gebuchte Fahrzeug kann je nach Verf&uuml;gbarkeit ohne Aufpreis durch ein gr&ouml;&szlig;eres Fahrzeug (Mercedes Vito Van oder Mercedes V-Klasse) ersetzt werden.</p>', 'data'),
(9053, 5, 'pjFleet', 2, 'fleet', 'Two Comfort Vans', 'data'),
(9054, 5, 'pjFleet', 2, 'model', 'Mercedes VITO', 'data'),
(9055, 5, 'pjFleet', 2, 'badget', 'Most Popular', 'data'),
(9056, 5, 'pjFleet', 2, 'description', '<p>&nbsp;We offer you a ride with 2 of the newest, premium models VITO Extra Long from Mercedes Benz. We guarantee a safe, convenient and private ride. There will be enough space for your entire luggage and ski/sport equipment.&nbsp;To make sure our younger passengers have a safe transfer as well we provide baby, child or booster seats.</p>', 'data'),
(9057, 6, 'pjFleet', 2, 'fleet', 'Comfort Limousine', 'script'),
(9058, 6, 'pjFleet', 2, 'model', 'Mercedes E-Class', 'script'),
(9059, 6, 'pjFleet', 2, 'badget', 'Best Price', 'script'),
(9060, 6, 'pjFleet', 2, 'description', '<p>&nbsp;</p>\r\n<p>We offer a comfortable transfer with the newest, premium model E-Class from Mercedes Benz. We guarantee a safe, convenient and private ride. There will be enough space for your entire luggage and ski/sport equipment. To make sure our younger passengers have a safe transfer as well we provide baby, child or booster seats.&nbsp;The&nbsp;vehicle you have booked might be replaced with a bigger one (Mercedes Vito Van or Mercedes V-Class) without extra costs, according to availability.</p>', 'script'),
(9061, 7, 'pjFleet', 2, 'fleet', 'Comfort Van', 'script'),
(9062, 7, 'pjFleet', 2, 'model', 'Mercedes VITO', 'script'),
(9063, 7, 'pjFleet', 2, 'badget', 'Best Price', 'script'),
(9064, 7, 'pjFleet', 2, 'description', '<p>&nbsp;</p>\r\n<p>We offer a comfortable transfer with the newest, premium model VITO Extra Long from Mercedes Benz. We guarantee a safe, convenient and private ride. There will be enough space for your entire luggage and ski/sport equipment.&nbsp;To make sure our younger passengers have a safe transfer as well we provide baby, child or booster seats.</p>', 'script'),
(9065, 8, 'pjFleet', 2, 'fleet', 'VIP Van', 'script'),
(9066, 8, 'pjFleet', 2, 'model', 'Mercedes V-Class 4x4', 'script'),
(9067, 8, 'pjFleet', 2, 'badget', 'Best Price', 'script'),
(9068, 8, 'pjFleet', 2, 'description', '<p>&nbsp;</p>\r\n<p>We offer a transfer&nbsp;with our VIP Van: the newest, V-Class Extra Long premium model from Mercedes Benz. We guarantee a safe, convenient and private ride. There will be enough space for your entire luggage and ski/sport equipment.&nbsp;To make sure our younger passengers have a safe transfer as well we provide baby, child or booster seats.&nbsp;</p>', 'script'),
(9069, 9, 'pjFleet', 2, 'fleet', 'VIP Limousine', 'script'),
(9070, 9, 'pjFleet', 2, 'model', 'Mercedes S-Class L 4x4', 'script'),
(9071, 9, 'pjFleet', 2, 'badget', 'Best Price', 'script'),
(9072, 9, 'pjFleet', 2, 'description', '<p>&nbsp;</p>\r\n<p>We offer a comfortable transfer with the newest, premium model S-Class from Mercedes Benz. We guarantee a safe, convenient and private ride. There will be enough space for your entire luggage and ski/sport equipment. To make sure our younger passengers have a safe transfer as well we provide baby, child or booster seats.&nbsp;The&nbsp;vehicle you have booked might be replaced with a bigger one (Mercedes Vito Van or Mercedes V-Class) without any extra costs, according to availability.</p>', 'script'),
(9073, 10, 'pjFleet', 2, 'fleet', 'Two Comfort Vans', 'script'),
(9074, 10, 'pjFleet', 2, 'model', 'Mercedes VITO', 'script'),
(9075, 10, 'pjFleet', 2, 'badget', 'Best Price', 'script'),
(9076, 10, 'pjFleet', 2, 'description', '<p>&nbsp;</p>\r\n<p>We offer you a ride with 2 of the newest, premium models VITO Extra Long from Mercedes Benz. We guarantee a safe, convenient and private ride. There will be enough space for your entire luggage and ski/sport equipment.&nbsp;To make sure our younger passengers have a safe transfer as well we provide baby, child or booster seats.</p>', 'script'),
(9077, 11, 'pjFleet', 2, 'fleet', 'Comfort Limousine', 'data'),
(9078, 11, 'pjFleet', 2, 'model', 'Mercedes E-Class', 'data'),
(9079, 11, 'pjFleet', 2, 'badget', 'Best Price', 'data'),
(9080, 11, 'pjFleet', 2, 'description', '<p>&nbsp;</p>\r\n<p>We offer a comfortable transfer with the newest, premium model E-Class from Mercedes Benz. We guarantee a safe, convenient and private ride. There will be enough space for your entire luggage and ski/sport equipment. To make sure our younger passengers have a safe transfer as well we provide baby, child or booster seats.&nbsp;The&nbsp;vehicle you have booked might be replaced with a bigger one (Mercedes Vito Van or Mercedes V-Class) without extra costs, according to availability.</p>', 'data'),
(9081, 12, 'pjFleet', 2, 'fleet', 'Comfort Van', 'script'),
(9082, 12, 'pjFleet', 2, 'model', 'Mercedes VITO', 'script'),
(9083, 12, 'pjFleet', 2, 'badget', 'Best Price', 'script'),
(9084, 12, 'pjFleet', 2, 'description', '<p>&nbsp;</p>\r\n<p>We offer a comfortable transfer with the newest, premium model VITO Extra Long from Mercedes Benz. We guarantee a safe, convenient and private ride. There will be enough space for your entire luggage and ski/sport equipment.&nbsp;To make sure our younger passengers have a safe transfer as well we provide baby, child or booster seats.</p>', 'script'),
(9085, 13, 'pjFleet', 2, 'fleet', 'Two Comfort Vans', 'script'),
(9086, 13, 'pjFleet', 2, 'model', 'Mercedes VITO', 'script'),
(9087, 13, 'pjFleet', 2, 'badget', 'Best Price', 'script'),
(9088, 13, 'pjFleet', 2, 'description', '<p>&nbsp;</p>\r\n<p>We offer you a ride with 2 of the newest, premium models VITO Extra Long from Mercedes Benz. We guarantee a safe, convenient and private ride. There will be enough space for your entire luggage and ski/sport equipment.&nbsp;To make sure our younger passengers have a safe transfer as well we provide baby, child or booster seats.</p>', 'script'),
(9089, 14, 'pjFleet', 2, 'fleet', 'VIP Limousine', 'script'),
(9090, 14, 'pjFleet', 2, 'model', 'Mercedes S-Class L 4x4', 'script'),
(9091, 14, 'pjFleet', 2, 'badget', 'Best Price', 'script'),
(9092, 14, 'pjFleet', 2, 'description', '<p>&nbsp;</p>\r\n<p>We offer a comfortable transfer with the newest, premium model S-Class from Mercedes Benz. We guarantee a safe, convenient and private ride. There will be enough space for your entire luggage and ski/sport equipment. To make sure our younger passengers have a safe transfer as well we provide baby, child or booster seats.&nbsp;The&nbsp;vehicle you have booked might be replaced with a bigger one (Mercedes Vito Van or Mercedes V-Class) without any extra costs, according to availability.</p>', 'script'),
(9093, 15, 'pjFleet', 2, 'fleet', 'VIP Van', 'script'),
(9094, 15, 'pjFleet', 2, 'model', 'Mercedes V-Class 4x4', 'script'),
(9095, 15, 'pjFleet', 2, 'badget', 'Best Price', 'script'),
(9096, 15, 'pjFleet', 2, 'description', '<p>&nbsp;</p>\r\n<p>We offer a transfer&nbsp;with our VIP Van: the newest, V-Class Extra Long premium model from Mercedes Benz. We guarantee a safe, convenient and private ride. There will be enough space for your entire luggage and ski/sport equipment.&nbsp;To make sure our younger passengers have a safe transfer as well we provide baby, child or booster seats.&nbsp;</p>', 'script'),
(9097, 16, 'pjFleet', 2, 'fleet', 'Comfort Limousine', 'script'),
(9098, 16, 'pjFleet', 2, 'model', 'Mercedes E-Class', 'script'),
(9099, 16, 'pjFleet', 2, 'badget', 'Best Price', 'script'),
(9100, 16, 'pjFleet', 2, 'description', '<p>&nbsp;</p>\r\n<p>We offer a comfortable transfer with the newest, premium model E-Class from Mercedes Benz. We guarantee a safe, convenient and private ride. There will be enough space for your entire luggage and ski/sport equipment. To make sure our younger passengers have a safe transfer as well we provide baby, child or booster seats.&nbsp;The&nbsp;vehicle you have booked might be replaced with a bigger one (Mercedes Vito Van or Mercedes V-Class) without extra costs, according to availability.</p>', 'script'),
(9101, 17, 'pjFleet', 2, 'fleet', 'Comfort Van', 'script'),
(9102, 17, 'pjFleet', 2, 'model', 'Mercedes VITO', 'script'),
(9103, 17, 'pjFleet', 2, 'badget', 'Best Price', 'script'),
(9104, 17, 'pjFleet', 2, 'description', '<p>&nbsp;</p>\r\n<p>We offer a comfortable transfer with the newest, premium model VITO Extra Long from Mercedes Benz. We guarantee a safe, convenient and private ride. There will be enough space for your entire luggage and ski/sport equipment.&nbsp;To make sure our younger passengers have a safe transfer as well we provide baby, child or booster seats.</p>', 'script'),
(9105, 18, 'pjFleet', 2, 'fleet', 'Two Comfort Vans', 'script'),
(9106, 18, 'pjFleet', 2, 'model', 'Meredes VITO', 'script'),
(9107, 18, 'pjFleet', 2, 'badget', 'Best Price', 'script'),
(9108, 18, 'pjFleet', 2, 'description', '<p>&nbsp;</p>\r\n<p>We offer you a ride with 2 of the newest, premium models VITO Extra Long from Mercedes Benz. We guarantee a safe, convenient and private ride. There will be enough space for your entire luggage and ski/sport equipment.&nbsp;To make sure our younger passengers have a safe transfer as well we provide baby, child or booster seats.</p>', 'script'),
(9109, 19, 'pjFleet', 2, 'fleet', 'VIP Limousine', 'script'),
(9110, 19, 'pjFleet', 2, 'model', 'Mercedes S-Class L 4x4', 'script'),
(9111, 19, 'pjFleet', 2, 'badget', 'Best Price', 'script'),
(9112, 19, 'pjFleet', 2, 'description', '<p>&nbsp;</p>\r\n<p>We offer a comfortable transfer with the newest, premium model S-Class from Mercedes Benz. We guarantee a safe, convenient and private ride. There will be enough space for your entire luggage and ski/sport equipment. To make sure our younger passengers have a safe transfer as well we provide baby, child or booster seats.&nbsp;The&nbsp;vehicle you have booked might be replaced with a bigger one (Mercedes Vito Van or Mercedes V-Class) without any extra costs, according to availability.</p>', 'script'),
(9113, 20, 'pjFleet', 2, 'fleet', 'VIP Van', 'script'),
(9114, 20, 'pjFleet', 2, 'model', 'Mercedes V-Class 4x4', 'script'),
(9115, 20, 'pjFleet', 2, 'badget', 'Best Price', 'script'),
(9116, 20, 'pjFleet', 2, 'description', '<p>&nbsp;</p>\r\n<p>We offer a transfer&nbsp;with our VIP Van: the newest, V-Class Extra Long premium model from Mercedes Benz. We guarantee a safe, convenient and private ride. There will be enough space for your entire luggage and ski/sport equipment.&nbsp;To make sure our younger passengers have a safe transfer as well we provide baby, child or booster seats.&nbsp;</p>', 'script'),
(9117, 1, 'pjExtra', 2, 'info', NULL, 'data'),
(9118, 5, 'pjExtra', 2, 'info', NULL, 'data'),
(9119, 6, 'pjExtra', 2, 'info', NULL, 'script'),
(9120, 161, 'pjAreaCoord', 2, 'place_name', 'Axamer Lizum', 'script'),
(9121, 155, 'pjArea', 2, 'name', 'Axamer Lizum', 'script'),
(9122, 1, 'pjOption', 2, 'o_shared_trip_info', NULL, 'data'),
(9123, 1, 'pjOption', 2, 'o_no_credit_card_fees_info', 'Wenn Sie sich für die Zahlung mit Kreditkarte entscheiden, fallen für Sie keine Gebühren an.', 'data'),
(9124, 1, 'pjOption', 2, 'o_free_waiting_time_info', 'Im Falle von Flugverspätungen warten unsere Fahrer auf Ihre Ankunft.', 'data'),
(9125, 1, 'pjOption', 2, 'o_meet_greet_service_info', 'Unser Fahrer wird in der Ankunftshalle mit einem Schild mit Ihrem Namen auf Sie warten.', 'data'),
(9126, 1, 'pjOption', 2, 'o_email_arrival_confirmation_subject', 'Arrival notice', 'script'),
(9127, 1, 'pjOption', 2, 'o_email_arrival_confirmation_message', '<p>Your booking has been received. Details are below: Personal details: Title: {Title} First Name: {FirstName} Last Name: {LastName} E-Mail: {Email} Phone: {Phone} Notes: {Notes} Country: {Country} City: {City} State: {State} Zip: {Zip} Address: {Address} Company: {Company} Reservation details: Booking date: {Date} From: {From} To: {To} Fleet: {Fleet} Passengers: {Passengers} Luggage: {Luggage} Unique ID: {UniqueID} Total: {Total} If you want to cancel your reservation follow next link: {CancelURL} Thank you, we will contact you ASAP.</p>\r\n<div id=\"gtx-trans\" style=\"position: absolute; left: -85px; top: -11.5px;\">&nbsp;</div>', 'script'),
(9128, 1, 'pjOption', 2, 'o_admin_email_arrival_confirmation_subject', 'Arival notice', 'script'),
(9129, 1, 'pjOption', 2, 'o_admin_email_arrival_confirmation_message', '<p style=\"text-align: left;\">Arival notice</p>\r\n<div id=\"gtx-trans\" style=\"position: absolute; left: 222px; top: -26.5px;\">&nbsp;</div>', 'script'),
(9130, 21, 'pjFleet', 2, 'fleet', 'Comfort Large Van', 'data'),
(9131, 21, 'pjFleet', 2, 'model', 'Mercedes Sprinter', 'data'),
(9132, 21, 'pjFleet', 2, 'badget', 'Extra Room For Luggage ', 'data'),
(9133, 21, 'pjFleet', 2, 'description', '<p>Wir bieten Ihnen einen komfortablen Transfer mit einem hochwertigen Mercedes Sprinter extra lang. Das Fahrzeug bietet ausreichend Platz f&uuml;r das gesamte Gep&auml;ck und die Ski- oder Snowboardausr&uuml;stung aller 8 Fahrg&auml;ste. Wir garantieren eine sichere und bequeme Privatfahrt. F&uuml;r unsere j&uuml;ngeren Fahrg&auml;ste bieten wir Baby- oder Kindersitze sowie Sitzerh&ouml;hungen an, damit alle eine sichere Fahrt haben.</p>', 'data'),
(9134, 6, 'pjDropoff', 2, 'location', 'Lech am Arlberg', 'data'),
(9135, 7, 'pjDropoff', 2, 'location', 'Zurich', 'script'),
(9136, 164, 'pjAreaCoord', 2, 'place_name', 'Bludenz', 'script'),
(9137, 158, 'pjArea', 2, 'name', 'Bludenz', 'script'),
(9138, 165, 'pjAreaCoord', 2, 'place_name', 'Hochsölden', 'script'),
(9139, 159, 'pjArea', 2, 'name', 'Hochsölden', 'script'),
(9140, 166, 'pjAreaCoord', 2, 'place_name', 'Zwieselstein', 'script'),
(9141, 160, 'pjArea', 2, 'name', 'Zwieselstein', 'script'),
(9142, 167, 'pjAreaCoord', 2, 'place_name', 'Oberperfuss', 'script'),
(9143, 161, 'pjArea', 2, 'name', 'Oberperfuss', 'script'),
(9144, 168, 'pjAreaCoord', 2, 'place_name', 'Kühtai', 'script'),
(9145, 162, 'pjArea', 2, 'name', 'Kühtai', 'script'),
(9146, 169, 'pjAreaCoord', 2, 'place_name', 'Sellrain', 'script'),
(9147, 163, 'pjArea', 2, 'name', 'Sellrain', 'script'),
(9148, 170, 'pjAreaCoord', 2, 'place_name', 'Gries im Sellrain', 'script'),
(9149, 164, 'pjArea', 2, 'name', 'Gries im Sellrain', 'script'),
(9150, 171, 'pjAreaCoord', 2, 'place_name', 'Pillberg', 'script'),
(9151, 165, 'pjArea', 2, 'name', 'Pillberg', 'script'),
(9152, 172, 'pjAreaCoord', 2, 'place_name', 'Hochfügen', 'script'),
(9153, 166, 'pjArea', 2, 'name', 'Hochfügen', 'script'),
(9154, 173, 'pjAreaCoord', 2, 'place_name', 'Pertisau', 'script'),
(9155, 167, 'pjArea', 2, 'name', 'Pertisau', 'script'),
(9156, 174, 'pjAreaCoord', 2, 'place_name', 'Kufstein', 'script'),
(9157, 168, 'pjArea', 2, 'name', 'Kufstein', 'script'),
(9158, 8, 'pjDropoff', 2, 'location', 'Zürs am Arlberg', 'data'),
(9159, 9, 'pjDropoff', 2, 'location', 'Warth', 'data'),
(9160, 10, 'pjDropoff', 2, 'location', 'Stuben am Arlberg', 'data'),
(9161, 11, 'pjDropoff', 2, 'location', 'Bludenz', 'data'),
(9162, 12, 'pjDropoff', 2, 'location', 'St. Christoph am Arlberg', 'data'),
(9163, 13, 'pjDropoff', 2, 'location', 'Pettneu am Arlberg', 'data'),
(9164, 14, 'pjDropoff', 2, 'location', 'Flirsch am Arlberg', 'data'),
(9165, 15, 'pjDropoff', 2, 'location', 'See im Paznauntal', 'data'),
(9166, 16, 'pjDropoff', 2, 'location', 'Kappl', 'data'),
(9167, 17, 'pjDropoff', 2, 'location', 'Ischgl', 'data'),
(9168, 18, 'pjDropoff', 2, 'location', 'Mathon', 'data'),
(9169, 19, 'pjDropoff', 2, 'location', 'Galtür', 'data'),
(9170, 20, 'pjDropoff', 2, 'location', 'Landeck', 'data'),
(9171, 21, 'pjDropoff', 2, 'location', 'Ladis', 'data'),
(9172, 22, 'pjDropoff', 2, 'location', 'Fiss', 'data'),
(9173, 23, 'pjDropoff', 2, 'location', 'Serfaus', 'data'),
(9174, 24, 'pjDropoff', 2, 'location', 'Ried im Oberinntal', 'data'),
(9175, 25, 'pjDropoff', 2, 'location', 'Pfunds', 'data'),
(9176, 26, 'pjDropoff', 2, 'location', 'Nauders', 'data'),
(9177, 27, 'pjDropoff', 2, 'location', 'Feichten im Kaunertal', 'data'),
(9178, 28, 'pjDropoff', 2, 'location', 'St. Leonhard im Pitztal', 'data'),
(9179, 29, 'pjDropoff', 2, 'location', 'Plangeroß', 'data'),
(9180, 30, 'pjDropoff', 2, 'location', 'Imst', 'data'),
(9181, 31, 'pjDropoff', 2, 'location', 'Nassereith', 'data'),
(9182, 32, 'pjDropoff', 2, 'location', 'Biberwier', 'data'),
(9183, 33, 'pjDropoff', 2, 'location', 'Ehrwald', 'data'),
(9184, 34, 'pjDropoff', 2, 'location', 'Lermoos', 'data'),
(9185, 35, 'pjDropoff', 2, 'location', 'Berwang', 'data'),
(9186, 36, 'pjDropoff', 2, 'location', 'Reutte', 'data'),
(9187, 37, 'pjDropoff', 2, 'location', 'Füssen', 'data'),
(9188, 38, 'pjDropoff', 2, 'location', 'Ötz', 'data'),
(9189, 39, 'pjDropoff', 2, 'location', 'Längenfeld', 'data'),
(9190, 40, 'pjDropoff', 2, 'location', 'Hochsölden', 'data'),
(9191, 41, 'pjDropoff', 2, 'location', 'Sölden', 'data'),
(9192, 42, 'pjDropoff', 2, 'location', 'Zwieselstein', 'data'),
(9193, 43, 'pjDropoff', 2, 'location', 'Hochgurgl', 'data'),
(9194, 44, 'pjDropoff', 2, 'location', 'Obergurgl', 'data'),
(9195, 45, 'pjDropoff', 2, 'location', 'Seefeld', 'data'),
(9196, 46, 'pjDropoff', 2, 'location', 'Leutasch', 'data'),
(9197, 47, 'pjDropoff', 2, 'location', 'Mittenwald', 'data'),
(9198, 48, 'pjDropoff', 2, 'location', 'Krün', 'data'),
(9199, 49, 'pjDropoff', 2, 'location', 'Mieders', 'data'),
(9200, 50, 'pjDropoff', 2, 'location', 'Fulpmes', 'data'),
(9201, 51, 'pjDropoff', 2, 'location', 'Neustift im Stubaital', 'data'),
(9202, 52, 'pjDropoff', 2, 'location', 'Mutterberger-Alm', 'data'),
(9203, 53, 'pjDropoff', 2, 'location', 'Kematen', 'data'),
(9204, 54, 'pjDropoff', 2, 'location', 'Oberperfuss', 'data'),
(9205, 55, 'pjDropoff', 2, 'location', 'Zirl', 'data'),
(9206, 56, 'pjDropoff', 2, 'location', 'Mils bei Hall', 'data'),
(9207, 57, 'pjDropoff', 2, 'location', 'Hall in Tirol', 'data'),
(9208, 58, 'pjDropoff', 2, 'location', 'Wattens', 'data'),
(9209, 59, 'pjDropoff', 2, 'location', 'Völs', 'data'),
(9210, 60, 'pjDropoff', 2, 'location', 'Sellrain', 'data'),
(9211, 61, 'pjDropoff', 2, 'location', 'Gries im Sellrain', 'data'),
(9212, 62, 'pjDropoff', 2, 'location', 'Kühtai', 'data'),
(9213, 63, 'pjDropoff', 2, 'location', 'Axams', 'data'),
(9214, 64, 'pjDropoff', 2, 'location', 'Grinzens', 'data'),
(9215, 65, 'pjDropoff', 2, 'location', 'Götzens', 'data'),
(9216, 66, 'pjDropoff', 2, 'location', 'Natters', 'data'),
(9217, 67, 'pjDropoff', 2, 'location', 'Patsch', 'data'),
(9218, 68, 'pjDropoff', 2, 'location', 'Igls', 'data'),
(9219, 69, 'pjDropoff', 2, 'location', 'Schwaz', 'data'),
(9220, 70, 'pjDropoff', 2, 'location', 'Pillberg', 'data'),
(9221, 71, 'pjDropoff', 2, 'location', 'Jenbach', 'data'),
(9222, 72, 'pjDropoff', 2, 'location', 'Achenkirch', 'data'),
(9223, 73, 'pjDropoff', 2, 'location', 'Pertisau', 'data'),
(9224, 74, 'pjDropoff', 2, 'location', 'Fügen', 'data'),
(9225, 75, 'pjDropoff', 2, 'location', 'Hochfügen', 'data'),
(9226, 76, 'pjDropoff', 2, 'location', 'Uderns', 'data'),
(9227, 77, 'pjDropoff', 2, 'location', 'Ried im Zillertal', 'data'),
(9228, 78, 'pjDropoff', 2, 'location', 'Kaltenbach', 'data'),
(9229, 79, 'pjDropoff', 2, 'location', 'Aschau im Zillertal', 'data'),
(9230, 80, 'pjDropoff', 2, 'location', 'Zell am Ziller', 'data'),
(9231, 81, 'pjDropoff', 2, 'location', 'Mayrhofen', 'data'),
(9232, 82, 'pjDropoff', 2, 'location', 'Finkenberg', 'data'),
(9233, 83, 'pjDropoff', 2, 'location', 'Lanersbach', 'data'),
(9234, 84, 'pjDropoff', 2, 'location', 'Tux', 'data'),
(9235, 85, 'pjDropoff', 2, 'location', 'Hintertux', 'data'),
(9236, 86, 'pjDropoff', 2, 'location', 'Gerlos', 'data'),
(9237, 87, 'pjDropoff', 2, 'location', 'Königsleiten', 'data'),
(9238, 88, 'pjDropoff', 2, 'location', 'Neukirchen am Großvenediger', 'data'),
(9239, 89, 'pjDropoff', 2, 'location', 'Bramberg am Wildkogel', 'data'),
(9240, 90, 'pjDropoff', 2, 'location', 'Krimml', 'data'),
(9241, 91, 'pjDropoff', 2, 'location', 'Hochkrimml', 'data'),
(9242, 92, 'pjDropoff', 2, 'location', 'Wörgl', 'data'),
(9243, 93, 'pjDropoff', 2, 'location', 'Kufstein', 'data'),
(9244, 94, 'pjDropoff', 2, 'location', 'Niederau', 'data'),
(9245, 95, 'pjDropoff', 2, 'location', 'Wildschönau', 'data'),
(9246, 96, 'pjDropoff', 2, 'location', 'Auffach', 'data'),
(9247, 97, 'pjDropoff', 2, 'location', 'Brixlegg', 'data'),
(9248, 98, 'pjDropoff', 2, 'location', 'Alpbach', 'data'),
(9249, 99, 'pjDropoff', 2, 'location', 'Hopfgarten', 'data'),
(9250, 100, 'pjDropoff', 2, 'location', 'Söll', 'data'),
(9251, 101, 'pjDropoff', 2, 'location', 'Ellmau', 'data'),
(9252, 102, 'pjDropoff', 2, 'location', 'St. Johann in Tirol', 'data'),
(9253, 103, 'pjDropoff', 2, 'location', 'Kirchdorf in Tirol', 'data'),
(9254, 104, 'pjDropoff', 2, 'location', 'Erpfendorf', 'data'),
(9255, 105, 'pjDropoff', 2, 'location', 'Westendorf', 'data'),
(9256, 106, 'pjDropoff', 2, 'location', 'Brixen im Thale', 'data'),
(9257, 107, 'pjDropoff', 2, 'location', 'Kirchberg in Tirol', 'data'),
(9258, 108, 'pjDropoff', 2, 'location', 'Kitzbühel', 'data'),
(9259, 109, 'pjDropoff', 2, 'location', 'Jochberg', 'data'),
(9260, 110, 'pjDropoff', 2, 'location', 'Mittersill', 'data'),
(9261, 111, 'pjDropoff', 2, 'location', 'Kaprun', 'data'),
(9262, 112, 'pjDropoff', 2, 'location', 'Zell am See', 'data'),
(9263, 113, 'pjDropoff', 2, 'location', 'Hinterglemm', 'data'),
(9264, 114, 'pjDropoff', 2, 'location', 'Saalbach', 'data'),
(9265, 115, 'pjDropoff', 2, 'location', 'Maria Alm', 'data'),
(9266, 116, 'pjDropoff', 2, 'location', 'Fieberbrunn', 'data'),
(9267, 117, 'pjDropoff', 2, 'location', 'Lofer', 'data'),
(9268, 118, 'pjDropoff', 2, 'location', 'Matrei am Brenner', 'data'),
(9269, 119, 'pjDropoff', 2, 'location', 'Steinach am Brenner', 'data'),
(9270, 120, 'pjDropoff', 2, 'location', 'Gries am Brenner', 'data'),
(9271, 121, 'pjDropoff', 2, 'location', 'Brenner', 'data'),
(9272, 122, 'pjDropoff', 2, 'location', 'Pflersch(Feuerstein), Italy', 'data'),
(9273, 123, 'pjDropoff', 2, 'location', 'Sterzing, Italy', 'data'),
(9274, 124, 'pjDropoff', 2, 'location', 'Passeiertal, Italy', 'data'),
(9275, 125, 'pjDropoff', 2, 'location', 'Dorf Tirol, Italy', 'data'),
(9276, 126, 'pjDropoff', 2, 'location', 'Meran, Italy', 'data'),
(9277, 127, 'pjDropoff', 2, 'location', 'Naturns, Italy', 'data'),
(9278, 128, 'pjDropoff', 2, 'location', 'Bozen/Bolzano, Italy', 'data'),
(9279, 129, 'pjDropoff', 2, 'location', 'Bressanone, Italy', 'data'),
(9280, 130, 'pjDropoff', 2, 'location', 'Forestis Dolomites, Italy', 'data'),
(9281, 131, 'pjDropoff', 2, 'location', 'Klausen/Chiusa, Italy', 'data'),
(9282, 132, 'pjDropoff', 2, 'location', 'Ortisei, Italy', 'data'),
(9283, 133, 'pjDropoff', 2, 'location', 'St. Christina, Italy', 'data'),
(9284, 134, 'pjDropoff', 2, 'location', 'Val Gardena, Italy', 'data'),
(9285, 135, 'pjDropoff', 2, 'location', 'Plan de Gralba, Italy', 'data'),
(9286, 136, 'pjDropoff', 2, 'location', 'Passo di Sella, Italy', 'data'),
(9287, 137, 'pjDropoff', 2, 'location', 'Canazei, Italy', 'data'),
(9288, 138, 'pjDropoff', 2, 'location', 'Campitello di Fassa, Italy', 'data'),
(9289, 139, 'pjDropoff', 2, 'location', 'Meransen, Italy', 'data'),
(9290, 140, 'pjDropoff', 2, 'location', 'Bruneck/Bruneco, Italy', 'data'),
(9291, 141, 'pjDropoff', 2, 'location', 'Ahrntal, Italy', 'data'),
(9292, 142, 'pjDropoff', 2, 'location', 'Alta Badia, Italy', 'data'),
(9293, 143, 'pjDropoff', 2, 'location', 'St. Vigilio di Marebbe, Italy', 'data'),
(9294, 144, 'pjDropoff', 2, 'location', 'La Villa, Italy', 'data'),
(9295, 145, 'pjDropoff', 2, 'location', 'San Cassiano, Italy', 'data'),
(9296, 146, 'pjDropoff', 2, 'location', 'Colfosco, Italy', 'data'),
(9297, 147, 'pjDropoff', 2, 'location', 'Corvara, Italy', 'data'),
(9298, 148, 'pjDropoff', 2, 'location', 'Arabba, Italy', 'data'),
(9299, 149, 'pjDropoff', 2, 'location', 'Livigno, Italy', 'data'),
(9300, 150, 'pjDropoff', 2, 'location', 'Dobbacio, Italy', 'data'),
(9301, 151, 'pjDropoff', 2, 'location', 'San Candido, Italy', 'data'),
(9302, 152, 'pjDropoff', 2, 'location', 'Sesto, Italy', 'data'),
(9303, 153, 'pjDropoff', 2, 'location', 'Cortina d\'Ampezzo, Italy', 'data'),
(9304, 154, 'pjDropoff', 2, 'location', 'Lienz in Osttirol', 'data'),
(9305, 155, 'pjDropoff', 2, 'location', 'Matrei in Osttirol', 'data'),
(9306, 175, 'pjAreaCoord', 2, 'place_name', 'Hochkrimml', 'script'),
(9307, 169, 'pjArea', 2, 'name', 'Hochkrimml', 'script'),
(9308, 176, 'pjAreaCoord', 2, 'place_name', 'Livigno, Italy', 'script'),
(9309, 170, 'pjArea', 2, 'name', 'Livigno, Italy', 'script'),
(9310, 156, 'pjDropoff', 2, 'location', 'Scharnitz', 'data'),
(9311, 157, 'pjDropoff', 2, 'location', 'Innsbruck', 'script'),
(9312, 4, 'pjLocation', 2, 'pickup_location', 'Lech am Arlberg', 'script'),
(9313, 158, 'pjDropoff', 2, 'location', 'Innsbruck', 'script'),
(9314, 5, 'pjLocation', 2, 'pickup_location', 'Zürs am Arlberg', 'script'),
(9315, 159, 'pjDropoff', 2, 'location', 'Innsbruck', 'script'),
(9316, 6, 'pjLocation', 2, 'pickup_location', 'Warth', 'script'),
(9317, 160, 'pjDropoff', 2, 'location', 'Innsbruck', 'script'),
(9318, 7, 'pjLocation', 2, 'pickup_location', 'Stuben am Arlberg', 'script'),
(9319, 161, 'pjDropoff', 2, 'location', 'Innsbruck', 'script'),
(9320, 8, 'pjLocation', 2, 'pickup_location', 'Bludenz', 'script'),
(9321, 162, 'pjDropoff', 2, 'location', 'Innsbruck', 'script'),
(9322, 9, 'pjLocation', 2, 'pickup_location', 'St. Christoph am Arlberg', 'script'),
(9323, 163, 'pjDropoff', 2, 'location', 'Innsbruck', 'script'),
(9324, 10, 'pjLocation', 2, 'pickup_location', 'Pettneu am Arlberg', 'script'),
(9325, 164, 'pjDropoff', 2, 'location', 'Innsbruck', 'script'),
(9326, 11, 'pjLocation', 2, 'pickup_location', 'Flirsch am Arlberg', 'script'),
(9327, 165, 'pjDropoff', 2, 'location', 'Innsbruck', 'script'),
(9328, 12, 'pjLocation', 2, 'pickup_location', 'See im Paznauntal', 'script'),
(9329, 166, 'pjDropoff', 2, 'location', 'Innsbruck', 'script'),
(9330, 13, 'pjLocation', 2, 'pickup_location', 'Kappl', 'script'),
(9331, 167, 'pjDropoff', 2, 'location', 'Innsbruck', 'script'),
(9332, 14, 'pjLocation', 2, 'pickup_location', 'Ischgl', 'script'),
(9333, 168, 'pjDropoff', 2, 'location', 'Innsbruck', 'script'),
(9334, 15, 'pjLocation', 2, 'pickup_location', 'Mathon', 'script'),
(9335, 169, 'pjDropoff', 2, 'location', 'Innsbruck', 'script'),
(9336, 16, 'pjLocation', 2, 'pickup_location', 'Galtür', 'script'),
(9337, 170, 'pjDropoff', 2, 'location', 'Innsbruck', 'script'),
(9338, 17, 'pjLocation', 2, 'pickup_location', 'Landeck', 'script'),
(9339, 171, 'pjDropoff', 2, 'location', 'Innsbruck', 'script'),
(9340, 18, 'pjLocation', 2, 'pickup_location', 'Ladis', 'script'),
(9341, 172, 'pjDropoff', 2, 'location', 'Innsbruck', 'script'),
(9342, 19, 'pjLocation', 2, 'pickup_location', 'Fiss', 'script'),
(9343, 174, 'pjDropoff', 2, 'location', 'Innsbruck', 'script'),
(9344, 21, 'pjLocation', 2, 'pickup_location', 'Ried im Oberinntal', 'script'),
(9345, 175, 'pjDropoff', 2, 'location', 'Innsbruck', 'script'),
(9346, 22, 'pjLocation', 2, 'pickup_location', 'Pfunds', 'script'),
(9347, 176, 'pjDropoff', 2, 'location', 'Innsbruck', 'script'),
(9348, 23, 'pjLocation', 2, 'pickup_location', 'Serfaus', 'script'),
(9349, 177, 'pjDropoff', 2, 'location', 'Innsbruck', 'script'),
(9350, 24, 'pjLocation', 2, 'pickup_location', 'Nauders', 'script'),
(9351, 178, 'pjDropoff', 2, 'location', 'Innsbruck', 'script'),
(9352, 25, 'pjLocation', 2, 'pickup_location', 'Feichten im Kaunertal', 'script'),
(9353, 179, 'pjDropoff', 2, 'location', 'Innsbruck', 'script'),
(9354, 26, 'pjLocation', 2, 'pickup_location', 'St. Leonhard im Pitztal', 'script'),
(9355, 180, 'pjDropoff', 2, 'location', 'Innsbruck', 'script'),
(9356, 27, 'pjLocation', 2, 'pickup_location', 'Plangeroß', 'script'),
(9357, 181, 'pjDropoff', 2, 'location', 'Innsbruck', 'script'),
(9358, 28, 'pjLocation', 2, 'pickup_location', 'Imst', 'script'),
(9359, 182, 'pjDropoff', 2, 'location', 'Innsbruck', 'script'),
(9360, 29, 'pjLocation', 2, 'pickup_location', 'Nasserreith', 'script'),
(9361, 183, 'pjDropoff', 2, 'location', 'Innsbruck', 'script'),
(9362, 30, 'pjLocation', 2, 'pickup_location', 'Biberwier', 'script'),
(9363, 184, 'pjDropoff', 2, 'location', 'Innsbruck', 'script'),
(9364, 31, 'pjLocation', 2, 'pickup_location', 'Ehrwald', 'script'),
(9365, 185, 'pjDropoff', 2, 'location', 'Innsbruck', 'script'),
(9366, 32, 'pjLocation', 2, 'pickup_location', 'Lermoos', 'script'),
(9367, 186, 'pjDropoff', 2, 'location', 'Innsbruck', 'script'),
(9368, 33, 'pjLocation', 2, 'pickup_location', 'Berwang', 'script'),
(9369, 187, 'pjDropoff', 2, 'location', 'Innsbruck', 'script'),
(9370, 34, 'pjLocation', 2, 'pickup_location', 'Reutte', 'script'),
(9371, 188, 'pjDropoff', 2, 'location', 'Innsbruck', 'script'),
(9372, 35, 'pjLocation', 2, 'pickup_location', 'Füssen', 'script'),
(9373, 189, 'pjDropoff', 2, 'location', 'Innsbruck', 'script'),
(9374, 36, 'pjLocation', 2, 'pickup_location', 'Ötz', 'script'),
(9375, 190, 'pjDropoff', 2, 'location', 'Innsbruck', 'script'),
(9376, 37, 'pjLocation', 2, 'pickup_location', 'Längenfeld', 'script'),
(9377, 191, 'pjDropoff', 2, 'location', 'Innsbruck', 'script'),
(9378, 38, 'pjLocation', 2, 'pickup_location', 'Hochsölden', 'script'),
(9379, 192, 'pjDropoff', 2, 'location', 'Innsbruck', 'script'),
(9380, 39, 'pjLocation', 2, 'pickup_location', 'Sölden', 'script'),
(9381, 193, 'pjDropoff', 2, 'location', 'Innsbruck', 'script'),
(9382, 40, 'pjLocation', 2, 'pickup_location', 'Zwieselstein', 'script'),
(9383, 194, 'pjDropoff', 2, 'location', 'Innsbruck', 'script'),
(9384, 41, 'pjLocation', 2, 'pickup_location', 'Hochgurgl', 'script'),
(9385, 195, 'pjDropoff', 2, 'location', 'Innsbruck', 'script'),
(9386, 42, 'pjLocation', 2, 'pickup_location', 'Obergurgl', 'script'),
(9387, 196, 'pjDropoff', 2, 'location', 'Innsbruck', 'script'),
(9388, 43, 'pjLocation', 2, 'pickup_location', 'Seefeld in Tirol', 'script'),
(9389, 197, 'pjDropoff', 2, 'location', 'Innsbruck', 'script'),
(9390, 44, 'pjLocation', 2, 'pickup_location', 'Scharnitz', 'script'),
(9391, 198, 'pjDropoff', 2, 'location', 'Innsbruck', 'script'),
(9392, 45, 'pjLocation', 2, 'pickup_location', 'Leutasch', 'script'),
(9393, 199, 'pjDropoff', 2, 'location', 'Innsbruck', 'script'),
(9394, 46, 'pjLocation', 2, 'pickup_location', 'Mittenwald', 'script'),
(9395, 200, 'pjDropoff', 2, 'location', 'Innsbruck', 'script'),
(9396, 47, 'pjLocation', 2, 'pickup_location', 'Krün', 'script'),
(9397, 201, 'pjDropoff', 2, 'location', 'Innsbruck', 'script'),
(9398, 48, 'pjLocation', 2, 'pickup_location', 'Mieders', 'script'),
(9399, 202, 'pjDropoff', 2, 'location', 'Innsbruck', 'data'),
(9400, 49, 'pjLocation', 2, 'pickup_location', 'Fulpmes', 'data'),
(9401, 203, 'pjDropoff', 2, 'location', 'Innsbruck', 'script'),
(9402, 50, 'pjLocation', 2, 'pickup_location', 'Neustift im Stubaital', 'script'),
(9403, 204, 'pjDropoff', 2, 'location', 'Innsbruck', 'script'),
(9404, 51, 'pjLocation', 2, 'pickup_location', 'Mutterberger-Alm', 'script'),
(9405, 205, 'pjDropoff', 2, 'location', 'Innsbruck', 'script'),
(9406, 52, 'pjLocation', 2, 'pickup_location', 'Kematen', 'script'),
(9407, 206, 'pjDropoff', 2, 'location', 'Innsbruck', 'script'),
(9408, 53, 'pjLocation', 2, 'pickup_location', 'Oberperfuss', 'script'),
(9409, 207, 'pjDropoff', 2, 'location', 'Innsbruck', 'script'),
(9410, 54, 'pjLocation', 2, 'pickup_location', 'Zirl', 'script'),
(9411, 208, 'pjDropoff', 2, 'location', 'Innsbruck', 'script'),
(9412, 55, 'pjLocation', 2, 'pickup_location', 'Mils bei Hall', 'script'),
(9413, 209, 'pjDropoff', 2, 'location', 'Innsbruck', 'script'),
(9414, 56, 'pjLocation', 2, 'pickup_location', 'Hall in Tirol', 'script'),
(9415, 210, 'pjDropoff', 2, 'location', 'Innsbruck', 'script'),
(9416, 57, 'pjLocation', 2, 'pickup_location', 'Wattens', 'script'),
(9417, 211, 'pjDropoff', 2, 'location', 'Innsbruck', 'script'),
(9418, 58, 'pjLocation', 2, 'pickup_location', 'Völs', 'script'),
(9419, 212, 'pjDropoff', 2, 'location', 'Innsbruck', 'script'),
(9420, 59, 'pjLocation', 2, 'pickup_location', 'Sellrain', 'script'),
(9421, 213, 'pjDropoff', 2, 'location', 'Innsbruck', 'script'),
(9422, 60, 'pjLocation', 2, 'pickup_location', 'Gries im Sellrain', 'script'),
(9423, 214, 'pjDropoff', 2, 'location', 'Innsbruck', 'script'),
(9424, 61, 'pjLocation', 2, 'pickup_location', 'Kühtai', 'script'),
(9425, 215, 'pjDropoff', 2, 'location', 'Innsbruck', 'script'),
(9426, 62, 'pjLocation', 2, 'pickup_location', 'Axams', 'script'),
(9427, 216, 'pjDropoff', 2, 'location', 'Innsbruck', 'script'),
(9428, 63, 'pjLocation', 2, 'pickup_location', 'Grinzens', 'script'),
(9429, 217, 'pjDropoff', 2, 'location', 'Innsbruck', 'script'),
(9430, 64, 'pjLocation', 2, 'pickup_location', 'Götzens', 'script'),
(9431, 218, 'pjDropoff', 2, 'location', 'Innsbruck', 'script'),
(9432, 65, 'pjLocation', 2, 'pickup_location', 'Natters', 'script'),
(9433, 219, 'pjDropoff', 2, 'location', 'Innsbruck', 'script'),
(9434, 66, 'pjLocation', 2, 'pickup_location', 'Patsch', 'script'),
(9435, 220, 'pjDropoff', 2, 'location', 'Innsbruck', 'script'),
(9436, 67, 'pjLocation', 2, 'pickup_location', 'Igls', 'script'),
(9437, 221, 'pjDropoff', 2, 'location', 'Innsbruck', 'script'),
(9438, 68, 'pjLocation', 2, 'pickup_location', 'Schwaz', 'script'),
(9439, 222, 'pjDropoff', 2, 'location', 'Innsbruck', 'script'),
(9440, 69, 'pjLocation', 2, 'pickup_location', 'Pillberg', 'script'),
(9441, 223, 'pjDropoff', 2, 'location', 'Innsbruck', 'script'),
(9442, 70, 'pjLocation', 2, 'pickup_location', 'Jenbach', 'script'),
(9443, 224, 'pjDropoff', 2, 'location', 'Innsbruck', 'script'),
(9444, 71, 'pjLocation', 2, 'pickup_location', 'Achenkirch', 'script'),
(9445, 225, 'pjDropoff', 2, 'location', 'Innsbruck', 'script'),
(9446, 72, 'pjLocation', 2, 'pickup_location', 'Pertisau', 'script'),
(9447, 226, 'pjDropoff', 2, 'location', 'Innsbruck', 'script'),
(9448, 73, 'pjLocation', 2, 'pickup_location', 'Fügen', 'script'),
(9449, 227, 'pjDropoff', 2, 'location', 'Innsbruck', 'script'),
(9450, 74, 'pjLocation', 2, 'pickup_location', 'Hochfügen', 'script'),
(9451, 228, 'pjDropoff', 2, 'location', 'Innsbruck', 'script'),
(9452, 75, 'pjLocation', 2, 'pickup_location', 'Uderns', 'script'),
(9453, 229, 'pjDropoff', 2, 'location', 'Innsbruck', 'script'),
(9454, 76, 'pjLocation', 2, 'pickup_location', 'Ried im Zillertal', 'script'),
(9455, 230, 'pjDropoff', 2, 'location', 'Innsbruck', 'script'),
(9456, 77, 'pjLocation', 2, 'pickup_location', 'Kaltenbach', 'script'),
(9457, 231, 'pjDropoff', 2, 'location', 'Innsbruck', 'script'),
(9458, 78, 'pjLocation', 2, 'pickup_location', 'Aschau im Zillertal', 'script'),
(9459, 232, 'pjDropoff', 2, 'location', 'Innsbruck', 'script'),
(9460, 79, 'pjLocation', 2, 'pickup_location', 'Zell am Ziller', 'script'),
(9461, 233, 'pjDropoff', 2, 'location', 'Innsbruck', 'script'),
(9462, 80, 'pjLocation', 2, 'pickup_location', 'Mayrhofen', 'script'),
(9463, 234, 'pjDropoff', 2, 'location', 'Innsbruck', 'script'),
(9464, 81, 'pjLocation', 2, 'pickup_location', 'Finkenberg', 'script'),
(9465, 235, 'pjDropoff', 2, 'location', 'Innsbruck', 'script'),
(9466, 82, 'pjLocation', 2, 'pickup_location', 'Lanersbach', 'script'),
(9467, 236, 'pjDropoff', 2, 'location', 'Innsbruck', 'data'),
(9468, 83, 'pjLocation', 2, 'pickup_location', 'Tux', 'data'),
(9469, 237, 'pjDropoff', 2, 'location', 'Innsbruck', 'data'),
(9470, 84, 'pjLocation', 2, 'pickup_location', 'Hintertux', 'data'),
(9471, 238, 'pjDropoff', 2, 'location', 'Innsbruck', 'script'),
(9472, 85, 'pjLocation', 2, 'pickup_location', 'Gerlos', 'script'),
(9473, 239, 'pjDropoff', 2, 'location', 'Innsbruck', 'script'),
(9474, 86, 'pjLocation', 2, 'pickup_location', 'Königsleiten', 'script'),
(9475, 240, 'pjDropoff', 2, 'location', 'Innsbruck', 'script'),
(9476, 87, 'pjLocation', 2, 'pickup_location', 'Neukirchen am Großvenediger', 'script'),
(9477, 241, 'pjDropoff', 2, 'location', 'Innsbruck', 'script'),
(9478, 88, 'pjLocation', 2, 'pickup_location', 'Bramberg am Wildkogel', 'script'),
(9479, 242, 'pjDropoff', 2, 'location', 'Innsbruck', 'script'),
(9480, 89, 'pjLocation', 2, 'pickup_location', 'Krimml', 'script'),
(9481, 243, 'pjDropoff', 2, 'location', 'Innsbruck', 'script'),
(9482, 90, 'pjLocation', 2, 'pickup_location', 'Hochkrimml', 'script'),
(9483, 244, 'pjDropoff', 2, 'location', 'Innsbruck', 'script'),
(9484, 91, 'pjLocation', 2, 'pickup_location', 'Wörgl', 'script'),
(9485, 245, 'pjDropoff', 2, 'location', 'Innsbruck', 'script'),
(9486, 92, 'pjLocation', 2, 'pickup_location', 'Kufstein', 'script'),
(9487, 246, 'pjDropoff', 2, 'location', 'Innsbruck', 'script'),
(9488, 93, 'pjLocation', 2, 'pickup_location', 'Niederau', 'script'),
(9489, 247, 'pjDropoff', 2, 'location', 'Innsbruck', 'script'),
(9490, 94, 'pjLocation', 2, 'pickup_location', 'Wildschönau', 'script'),
(9491, 248, 'pjDropoff', 2, 'location', 'Innsbruck', 'script'),
(9492, 95, 'pjLocation', 2, 'pickup_location', 'Auffach', 'script'),
(9493, 249, 'pjDropoff', 2, 'location', 'Innsbruck', 'script'),
(9494, 96, 'pjLocation', 2, 'pickup_location', 'Brixlegg', 'script'),
(9495, 250, 'pjDropoff', 2, 'location', 'Innsbruck', 'script'),
(9496, 97, 'pjLocation', 2, 'pickup_location', 'Alpbach', 'script'),
(9497, 251, 'pjDropoff', 2, 'location', 'Innsbruck', 'script'),
(9498, 98, 'pjLocation', 2, 'pickup_location', 'Hopfgarten', 'script'),
(9499, 252, 'pjDropoff', 2, 'location', 'Innsbruck', 'script'),
(9500, 99, 'pjLocation', 2, 'pickup_location', 'Söll', 'script'),
(9501, 253, 'pjDropoff', 2, 'location', 'Innsbruck', 'script'),
(9502, 100, 'pjLocation', 2, 'pickup_location', 'Ellmau', 'script'),
(9503, 254, 'pjDropoff', 2, 'location', 'Innsbruck', 'script'),
(9504, 101, 'pjLocation', 2, 'pickup_location', 'St. Johann in Tirol', 'script'),
(9505, 255, 'pjDropoff', 2, 'location', 'Innsbruck', 'script'),
(9506, 102, 'pjLocation', 2, 'pickup_location', 'Kirchdorf in Tirol', 'script'),
(9507, 256, 'pjDropoff', 2, 'location', 'Innsbruck', 'script'),
(9508, 103, 'pjLocation', 2, 'pickup_location', 'Erpfendorf', 'script'),
(9509, 257, 'pjDropoff', 2, 'location', 'Innsbruck', 'script'),
(9510, 104, 'pjLocation', 2, 'pickup_location', 'Westendorf', 'script'),
(9511, 258, 'pjDropoff', 2, 'location', 'Innsbruck', 'script'),
(9512, 105, 'pjLocation', 2, 'pickup_location', 'Brixen im Thale', 'script'),
(9513, 259, 'pjDropoff', 2, 'location', 'Innsbruck', 'script'),
(9514, 106, 'pjLocation', 2, 'pickup_location', 'Kirchberg in Tirol', 'script'),
(9515, 260, 'pjDropoff', 2, 'location', 'Innsbruck', 'script'),
(9516, 107, 'pjLocation', 2, 'pickup_location', 'Kitzbühel', 'script'),
(9517, 261, 'pjDropoff', 2, 'location', 'Innsbruck', 'script'),
(9518, 108, 'pjLocation', 2, 'pickup_location', 'Jochberg', 'script'),
(9519, 262, 'pjDropoff', 2, 'location', 'Innsbruck', 'script'),
(9520, 109, 'pjLocation', 2, 'pickup_location', 'Mittersill', 'script'),
(9521, 263, 'pjDropoff', 2, 'location', 'Innsbruck', 'script'),
(9522, 110, 'pjLocation', 2, 'pickup_location', 'Kaprun', 'script'),
(9523, 264, 'pjDropoff', 2, 'location', 'Innsbruck', 'script'),
(9524, 111, 'pjLocation', 2, 'pickup_location', 'Zell am See', 'script'),
(9525, 265, 'pjDropoff', 2, 'location', 'Innsbruck', 'script'),
(9526, 112, 'pjLocation', 2, 'pickup_location', 'Hinterglemm', 'script'),
(9527, 266, 'pjDropoff', 2, 'location', 'Innsbruck', 'script'),
(9528, 113, 'pjLocation', 2, 'pickup_location', 'Saalbach', 'script'),
(9529, 267, 'pjDropoff', 2, 'location', 'Innsbruck', 'script'),
(9530, 114, 'pjLocation', 2, 'pickup_location', 'Leogang', 'script'),
(9531, 268, 'pjDropoff', 2, 'location', 'Innsbruck', 'script'),
(9532, 115, 'pjLocation', 2, 'pickup_location', 'Saalfelden', 'script'),
(9533, 269, 'pjDropoff', 2, 'location', 'Innsbruck', 'script'),
(9534, 116, 'pjLocation', 2, 'pickup_location', 'Maria Alm', 'script'),
(9535, 270, 'pjDropoff', 2, 'location', 'Innsbruck', 'script'),
(9536, 117, 'pjLocation', 2, 'pickup_location', 'Fieberbrunn', 'script'),
(9537, 271, 'pjDropoff', 2, 'location', 'Innsbruck', 'script'),
(9538, 118, 'pjLocation', 2, 'pickup_location', 'Lofer', 'script'),
(9539, 272, 'pjDropoff', 2, 'location', 'Innsbruck', 'script'),
(9540, 119, 'pjLocation', 2, 'pickup_location', 'Matrei am Brenner', 'script'),
(9541, 273, 'pjDropoff', 2, 'location', 'Innsbruck', 'script'),
(9542, 120, 'pjLocation', 2, 'pickup_location', 'Steinach am Brenner', 'script'),
(9543, 274, 'pjDropoff', 2, 'location', 'Innsbruck', 'script'),
(9544, 121, 'pjLocation', 2, 'pickup_location', 'Gries am Brenner', 'script'),
(9545, 275, 'pjDropoff', 2, 'location', 'Innsbruck', 'script'),
(9546, 122, 'pjLocation', 2, 'pickup_location', 'Brenner', 'script'),
(9547, 276, 'pjDropoff', 2, 'location', 'Innsbruck', 'script'),
(9548, 123, 'pjLocation', 2, 'pickup_location', 'Hotel Feuerstein (Pflersch), Italy', 'script'),
(9549, 277, 'pjDropoff', 2, 'location', 'Innsbruck', 'script'),
(9550, 124, 'pjLocation', 2, 'pickup_location', 'Sterzing, Italy', 'script'),
(9551, 278, 'pjDropoff', 2, 'location', 'Innsbruck', 'script'),
(9552, 125, 'pjLocation', 2, 'pickup_location', 'Passeiertal, Italy', 'script'),
(9553, 279, 'pjDropoff', 2, 'location', 'Innsbruck', 'script'),
(9554, 126, 'pjLocation', 2, 'pickup_location', 'Dorf Tirol, Italy', 'script'),
(9555, 280, 'pjDropoff', 2, 'location', 'Innsbruck', 'script'),
(9556, 127, 'pjLocation', 2, 'pickup_location', 'Meran, Italy', 'script'),
(9557, 281, 'pjDropoff', 2, 'location', 'Innsbruck', 'script'),
(9558, 128, 'pjLocation', 2, 'pickup_location', 'Naturns, Italy', 'script'),
(9559, 282, 'pjDropoff', 2, 'location', 'Innsbruck', 'script'),
(9560, 129, 'pjLocation', 2, 'pickup_location', 'Bozen/Bolzano, Italy', 'script'),
(9561, 283, 'pjDropoff', 2, 'location', 'Innsbruck', 'script'),
(9562, 130, 'pjLocation', 2, 'pickup_location', 'Bressanone, Italy', 'script'),
(9563, 284, 'pjDropoff', 2, 'location', 'Innsbruck', 'script'),
(9564, 131, 'pjLocation', 2, 'pickup_location', 'Forestis Dolomites, Italy', 'script'),
(9565, 285, 'pjDropoff', 2, 'location', 'Innsbruck', 'script'),
(9566, 132, 'pjLocation', 2, 'pickup_location', 'Klausen/Chiusa, Italy', 'script'),
(9567, 286, 'pjDropoff', 2, 'location', 'Innsbruck', 'script'),
(9568, 133, 'pjLocation', 2, 'pickup_location', 'Ortisei, Italy', 'script'),
(9569, 287, 'pjDropoff', 2, 'location', 'Innsbruck', 'script'),
(9570, 134, 'pjLocation', 2, 'pickup_location', 'St. Christina, Italy', 'script'),
(9571, 288, 'pjDropoff', 2, 'location', 'Innsbruck', 'script'),
(9572, 135, 'pjLocation', 2, 'pickup_location', 'Val Gardena, Italy', 'script'),
(9573, 289, 'pjDropoff', 2, 'location', 'Innsbruck', 'script'),
(9574, 136, 'pjLocation', 2, 'pickup_location', 'Plan de Gralba, Italy', 'script'),
(9575, 290, 'pjDropoff', 2, 'location', 'Innsbruck', 'script'),
(9576, 137, 'pjLocation', 2, 'pickup_location', 'Passo di Sella, Italy', 'script'),
(9577, 291, 'pjDropoff', 2, 'location', 'Innsbruck', 'script'),
(9578, 138, 'pjLocation', 2, 'pickup_location', 'Canazei, Italy', 'script'),
(9579, 292, 'pjDropoff', 2, 'location', 'Innsbruck', 'script'),
(9580, 139, 'pjLocation', 2, 'pickup_location', 'Campitello di Fassa, Italy', 'script'),
(9581, 293, 'pjDropoff', 2, 'location', 'Innsbruck', 'script'),
(9582, 140, 'pjLocation', 2, 'pickup_location', 'Meransen, Italy', 'script'),
(9583, 294, 'pjDropoff', 2, 'location', 'Innsbruck', 'script'),
(9584, 141, 'pjLocation', 2, 'pickup_location', 'Bruneck/Bruneco, Italy', 'script'),
(9585, 295, 'pjDropoff', 2, 'location', 'Innsbruck', 'script'),
(9586, 142, 'pjLocation', 2, 'pickup_location', 'Ahrntal, Italy', 'script'),
(9587, 296, 'pjDropoff', 2, 'location', 'Innsbruck', 'script'),
(9588, 143, 'pjLocation', 2, 'pickup_location', 'Alta Badia, Italy', 'script'),
(9589, 297, 'pjDropoff', 2, 'location', 'Innsbruck', 'script'),
(9590, 144, 'pjLocation', 2, 'pickup_location', 'St. Vigilio di Marebbe, Italy', 'script'),
(9591, 298, 'pjDropoff', 2, 'location', 'Innsbruck', 'script'),
(9592, 145, 'pjLocation', 2, 'pickup_location', 'La Villa, Italy', 'script'),
(9593, 299, 'pjDropoff', 2, 'location', 'Innsbruck', 'script'),
(9594, 146, 'pjLocation', 2, 'pickup_location', 'San Cassiano, Italy', 'script'),
(9595, 300, 'pjDropoff', 2, 'location', 'Innsbruck', 'script'),
(9596, 147, 'pjLocation', 2, 'pickup_location', 'Colfosco, Italy', 'script'),
(9597, 301, 'pjDropoff', 2, 'location', 'Innsbruck', 'script'),
(9598, 148, 'pjLocation', 2, 'pickup_location', 'Corvara, Italy', 'script'),
(9599, 302, 'pjDropoff', 2, 'location', 'Innsbruck', 'script'),
(9600, 149, 'pjLocation', 2, 'pickup_location', 'Arabba, Italy', 'script'),
(9601, 303, 'pjDropoff', 2, 'location', 'Innsbruck', 'script'),
(9602, 150, 'pjLocation', 2, 'pickup_location', 'Livigno, Italy', 'script'),
(9603, 304, 'pjDropoff', 2, 'location', 'Innsbruck', 'script'),
(9604, 151, 'pjLocation', 2, 'pickup_location', 'Dobbiaco, Italy', 'script'),
(9605, 305, 'pjDropoff', 2, 'location', 'Innsbruck', 'script'),
(9606, 152, 'pjLocation', 2, 'pickup_location', 'San Candido, Italy', 'script'),
(9607, 306, 'pjDropoff', 2, 'location', 'Innsbruck', 'script'),
(9608, 153, 'pjLocation', 2, 'pickup_location', 'Sesto, Italy', 'script'),
(9609, 307, 'pjDropoff', 2, 'location', 'Innsbruck', 'script'),
(9610, 154, 'pjLocation', 2, 'pickup_location', 'Cortina d\'Ampezzo, Italy', 'script'),
(9611, 308, 'pjDropoff', 2, 'location', 'Innsbruck', 'script'),
(9612, 155, 'pjLocation', 2, 'pickup_location', 'Lienz in Osttirol', 'script'),
(9613, 309, 'pjDropoff', 2, 'location', 'Innsbruck', 'script'),
(9614, 156, 'pjLocation', 2, 'pickup_location', 'Matrei in Osttirol', 'script'),
(9615, 310, 'pjDropoff', 2, 'location', 'Lech am Arlberg', 'script'),
(9616, 311, 'pjDropoff', 2, 'location', 'Ischgl', 'script'),
(9617, 312, 'pjDropoff', 2, 'location', 'Stuben am Arlberg', 'script'),
(9618, 313, 'pjDropoff', 2, 'location', 'Zürs am Arlberg', 'script'),
(9619, 314, 'pjDropoff', 2, 'location', 'St. Christoph am Arlberg', 'script'),
(9620, 315, 'pjDropoff', 2, 'location', 'Pettneu am Arlberg', 'script'),
(9621, 316, 'pjDropoff', 2, 'location', 'Galtür', 'script'),
(9622, 317, 'pjDropoff', 2, 'location', 'Kappl', 'script'),
(9623, 318, 'pjDropoff', 2, 'location', 'Ladis', 'script'),
(9624, 319, 'pjDropoff', 2, 'location', 'Fiss', 'script'),
(9625, 320, 'pjDropoff', 2, 'location', 'Serfaus', 'script'),
(9626, 321, 'pjDropoff', 2, 'location', 'Sölden', 'script'),
(9627, 322, 'pjDropoff', 2, 'location', 'Hochsölden', 'script'),
(9628, 323, 'pjDropoff', 2, 'location', 'Obergurgl', 'script'),
(9629, 324, 'pjDropoff', 2, 'location', 'Innsbruck', 'script'),
(9630, 325, 'pjDropoff', 2, 'location', 'Zurich', 'script'),
(9631, 326, 'pjDropoff', 2, 'location', 'Zurich', 'script'),
(9632, 327, 'pjDropoff', 2, 'location', 'Zurich', 'script'),
(9633, 328, 'pjDropoff', 2, 'location', 'Zurich', 'script'),
(9634, 329, 'pjDropoff', 2, 'location', 'Zurich', 'script'),
(9635, 330, 'pjDropoff', 2, 'location', 'Zurich', 'script'),
(9636, 331, 'pjDropoff', 2, 'location', 'Zurich', 'script'),
(9637, 332, 'pjDropoff', 2, 'location', 'Zurich', 'script'),
(9638, 333, 'pjDropoff', 2, 'location', 'Zurich', 'script'),
(9639, 334, 'pjDropoff', 2, 'location', 'Zurich', 'script'),
(9640, 335, 'pjDropoff', 2, 'location', 'Zurich', 'script'),
(9641, 336, 'pjDropoff', 2, 'location', 'Zurich', 'script'),
(9642, 337, 'pjDropoff', 2, 'location', 'Zurich', 'script'),
(9643, 338, 'pjDropoff', 2, 'location', 'Zurich', 'script');
INSERT INTO `transfer_reservation_multi_lang` (`id`, `foreign_id`, `model`, `locale`, `field`, `content`, `source`) VALUES
(9644, 339, 'pjDropoff', 2, 'location', 'Zurich', 'data'),
(9645, 340, 'pjDropoff', 2, 'location', 'Innsbruck', 'data'),
(9646, 341, 'pjDropoff', 2, 'location', 'Mayrhofen', 'data'),
(9647, 342, 'pjDropoff', 2, 'location', 'St. Anton am Arlberg', 'data'),
(9649, 344, 'pjDropoff', 2, 'location', 'Ischgl', 'data'),
(9650, 345, 'pjDropoff', 2, 'location', 'Sölden', 'data'),
(9651, 346, 'pjDropoff', 2, 'location', 'Obergurgl', 'data'),
(9652, 347, 'pjDropoff', 2, 'location', 'Zürs am Arlberg', 'data'),
(9653, 349, 'pjDropoff', 2, 'location', 'Stuben am Arlberg', 'data'),
(9654, 350, 'pjDropoff', 2, 'location', 'St. Christoph am Arlberg', 'data'),
(9655, 351, 'pjDropoff', 2, 'location', 'Pettneu am Arlberg', 'data'),
(9656, 354, 'pjDropoff', 2, 'location', 'Kappl', 'data'),
(9657, 356, 'pjDropoff', 2, 'location', 'Galtür', 'data'),
(9658, 357, 'pjDropoff', 2, 'location', 'Landeck', 'data'),
(9659, 358, 'pjDropoff', 2, 'location', 'Ladis', 'data'),
(9660, 359, 'pjDropoff', 2, 'location', 'Fiss', 'data'),
(9661, 360, 'pjDropoff', 2, 'location', 'Serfaus', 'data'),
(9662, 363, 'pjDropoff', 2, 'location', 'Nauders', 'data'),
(9663, 364, 'pjDropoff', 2, 'location', 'Feichten im Kaunertal', 'data'),
(9664, 365, 'pjDropoff', 2, 'location', 'St. Leonhard im Pitztal', 'data'),
(9665, 366, 'pjDropoff', 2, 'location', 'Plangeroß', 'data'),
(9666, 367, 'pjDropoff', 2, 'location', 'Imst', 'data'),
(9667, 373, 'pjDropoff', 2, 'location', 'Reutte Area', 'data'),
(9668, 376, 'pjDropoff', 2, 'location', 'Längenfeld', 'data'),
(9669, 377, 'pjDropoff', 2, 'location', 'Hochgurgl', 'data'),
(9670, 157, 'pjLocation', 2, 'pickup_location', 'Munich Airport (MUC)', 'data'),
(9671, 378, 'pjDropoff', 2, 'location', 'Seefeld in Tirol', 'data'),
(9672, 382, 'pjDropoff', 2, 'location', 'Mieders', 'data'),
(9673, 383, 'pjDropoff', 2, 'location', 'Fulpmes', 'data'),
(9674, 384, 'pjDropoff', 2, 'location', 'Neustift im Stubaital', 'data'),
(9675, 385, 'pjDropoff', 2, 'location', 'Mutterberger-Alm', 'data'),
(9676, 386, 'pjDropoff', 2, 'location', 'Kematen', 'data'),
(9677, 387, 'pjDropoff', 2, 'location', 'Mils bei Hall', 'data'),
(9678, 388, 'pjDropoff', 2, 'location', 'Wattens', 'data'),
(9679, 389, 'pjDropoff', 2, 'location', 'Axams', 'data'),
(9680, 390, 'pjDropoff', 2, 'location', 'Schwaz', 'data'),
(9681, 391, 'pjDropoff', 2, 'location', 'Jenbach', 'data'),
(9682, 393, 'pjDropoff', 2, 'location', 'Fügen', 'data'),
(9683, 394, 'pjDropoff', 2, 'location', 'Hochfügen', 'data'),
(9684, 396, 'pjDropoff', 2, 'location', 'Gerlos', 'data'),
(9685, 397, 'pjDropoff', 2, 'location', 'Königsleiten', 'data'),
(9686, 398, 'pjDropoff', 2, 'location', 'Finkenberg', 'data'),
(9687, 399, 'pjDropoff', 2, 'location', 'Tux', 'data'),
(9688, 400, 'pjDropoff', 2, 'location', 'Hintertux', 'data'),
(9689, 403, 'pjDropoff', 2, 'location', 'Wörgl Area', 'data'),
(9690, 407, 'pjDropoff', 2, 'location', 'Zell am Ziller', 'data'),
(9691, 410, 'pjDropoff', 2, 'location', 'Westendorf', 'data'),
(9692, 411, 'pjDropoff', 2, 'location', 'Brixen im Thale', 'data'),
(9693, 412, 'pjDropoff', 2, 'location', 'Kirchberg in Tirol', 'data'),
(9694, 413, 'pjDropoff', 2, 'location', 'Kitzbühel', 'data'),
(9695, 414, 'pjDropoff', 2, 'location', 'Jochberg', 'data'),
(9696, 178, 'pjAreaCoord', 2, 'place_name', 'Füssen', 'script'),
(9697, 179, 'pjAreaCoord', 2, 'place_name', 'Reutte', 'script'),
(9698, 180, 'pjAreaCoord', 2, 'place_name', 'Berwang', 'script'),
(9699, 181, 'pjAreaCoord', 2, 'place_name', 'Lermoos', 'script'),
(9700, 182, 'pjAreaCoord', 2, 'place_name', 'Ehrwald', 'script'),
(9701, 416, 'pjDropoff', 2, 'location', 'Brenner', 'data'),
(9702, 417, 'pjDropoff', 2, 'location', 'Sterzing, Italy', 'data'),
(9703, 418, 'pjDropoff', 2, 'location', 'Dorf Tirol, Italy', 'data'),
(9704, 419, 'pjDropoff', 2, 'location', 'Meran, Italy', 'data'),
(9705, 420, 'pjDropoff', 2, 'location', 'Bozen/Bolzano, Italy', 'data'),
(9706, 421, 'pjDropoff', 2, 'location', 'Bressanone, Italy', 'data'),
(9707, 422, 'pjDropoff', 2, 'location', 'Klausen/Chiusa, Italy', 'data'),
(9708, 423, 'pjDropoff', 2, 'location', 'Ortisei, Italy', 'data'),
(9709, 424, 'pjDropoff', 2, 'location', 'Val Gardena, Italy', 'data'),
(9710, 425, 'pjDropoff', 2, 'location', 'Colfosco, Italy', 'data'),
(9711, 426, 'pjDropoff', 2, 'location', 'Corvara, Italy', 'data'),
(9712, 427, 'pjDropoff', 2, 'location', 'La Villa, Italy', 'data'),
(9713, 428, 'pjDropoff', 2, 'location', 'Campitello di Fassa, Italy', 'data'),
(9714, 429, 'pjDropoff', 2, 'location', 'Canazei, Italy', 'data'),
(9715, 430, 'pjDropoff', 2, 'location', 'Munich', 'data'),
(9716, 431, 'pjDropoff', 2, 'location', 'Munich', 'script'),
(9717, 432, 'pjDropoff', 2, 'location', 'Munich', 'script'),
(9718, 433, 'pjDropoff', 2, 'location', 'Munich', 'script'),
(9719, 434, 'pjDropoff', 2, 'location', 'Munich', 'script'),
(9720, 435, 'pjDropoff', 2, 'location', 'Munich', 'script'),
(9721, 436, 'pjDropoff', 2, 'location', 'Munich', 'script'),
(9722, 437, 'pjDropoff', 2, 'location', 'Munich', 'script'),
(9723, 438, 'pjDropoff', 2, 'location', 'Munich', 'script'),
(9724, 439, 'pjDropoff', 2, 'location', 'Munich', 'script'),
(9725, 440, 'pjDropoff', 2, 'location', 'Munich', 'script'),
(9726, 441, 'pjDropoff', 2, 'location', 'Munich', 'script'),
(9727, 442, 'pjDropoff', 2, 'location', 'Munich', 'script'),
(9728, 443, 'pjDropoff', 2, 'location', 'Munich', 'script'),
(9729, 444, 'pjDropoff', 2, 'location', 'Munich', 'script'),
(9730, 445, 'pjDropoff', 2, 'location', 'Munich', 'script'),
(9731, 446, 'pjDropoff', 2, 'location', 'Munich', 'script'),
(9732, 447, 'pjDropoff', 2, 'location', 'Munich', 'script'),
(9733, 448, 'pjDropoff', 2, 'location', 'Munich', 'script'),
(9734, 449, 'pjDropoff', 2, 'location', 'Munich', 'script'),
(9735, 450, 'pjDropoff', 2, 'location', 'Munich', 'script'),
(9736, 451, 'pjDropoff', 2, 'location', 'Munich', 'script'),
(9737, 452, 'pjDropoff', 2, 'location', 'Munich', 'script'),
(9738, 453, 'pjDropoff', 2, 'location', 'Munich', 'script'),
(9739, 454, 'pjDropoff', 2, 'location', 'Munich', 'script'),
(9740, 455, 'pjDropoff', 2, 'location', 'Munich', 'script'),
(9741, 456, 'pjDropoff', 2, 'location', 'Munich', 'script'),
(9742, 457, 'pjDropoff', 2, 'location', 'Munich', 'script'),
(9743, 458, 'pjDropoff', 2, 'location', 'Munich', 'script'),
(9744, 459, 'pjDropoff', 2, 'location', 'Munich', 'script'),
(9745, 460, 'pjDropoff', 2, 'location', 'Munich', 'script'),
(9746, 461, 'pjDropoff', 2, 'location', 'Munich', 'script'),
(9747, 462, 'pjDropoff', 2, 'location', 'Munich', 'data'),
(9748, 463, 'pjDropoff', 2, 'location', 'Munich', 'script'),
(9749, 464, 'pjDropoff', 2, 'location', 'Munich', 'script'),
(9750, 465, 'pjDropoff', 2, 'location', 'Munich', 'script'),
(9751, 466, 'pjDropoff', 2, 'location', 'Munich', 'script'),
(9752, 467, 'pjDropoff', 2, 'location', 'Munich', 'script'),
(9753, 468, 'pjDropoff', 2, 'location', 'Munich', 'script'),
(9754, 469, 'pjDropoff', 2, 'location', 'Munich', 'script'),
(9755, 470, 'pjDropoff', 2, 'location', 'Munich', 'script'),
(9756, 471, 'pjDropoff', 2, 'location', 'Munich', 'script'),
(9757, 472, 'pjDropoff', 2, 'location', 'Munich', 'script'),
(9758, 473, 'pjDropoff', 2, 'location', 'Munich', 'script'),
(9759, 474, 'pjDropoff', 2, 'location', 'Munich', 'script'),
(9760, 475, 'pjDropoff', 2, 'location', 'Munich', 'script'),
(9761, 476, 'pjDropoff', 2, 'location', 'Munich', 'script'),
(9762, 477, 'pjDropoff', 2, 'location', 'Munich', 'data'),
(9763, 478, 'pjDropoff', 2, 'location', 'Munich', 'data'),
(9764, 479, 'pjDropoff', 2, 'location', 'Munich', 'script'),
(9765, 480, 'pjDropoff', 2, 'location', 'Munich', 'script'),
(9766, 481, 'pjDropoff', 2, 'location', 'Munich', 'script'),
(9767, 482, 'pjDropoff', 2, 'location', 'Munich', 'script'),
(9768, 483, 'pjDropoff', 2, 'location', 'Munich', 'script'),
(9769, 484, 'pjDropoff', 2, 'location', 'Munich', 'script'),
(9770, 485, 'pjDropoff', 2, 'location', 'Munich', 'script'),
(9771, 486, 'pjDropoff', 2, 'location', 'Munich', 'script'),
(9772, 487, 'pjDropoff', 2, 'location', 'Munich', 'script'),
(9773, 488, 'pjDropoff', 2, 'location', 'Munich', 'script'),
(9774, 489, 'pjDropoff', 2, 'location', 'Munich', 'script'),
(9775, 490, 'pjDropoff', 2, 'location', 'Munich', 'script'),
(9776, 491, 'pjDropoff', 2, 'location', 'Munich', 'script'),
(9777, 492, 'pjDropoff', 2, 'location', 'Munich', 'script'),
(9778, 493, 'pjDropoff', 2, 'location', 'Munich', 'script'),
(9779, 494, 'pjDropoff', 2, 'location', 'Munich', 'script'),
(9780, 495, 'pjDropoff', 2, 'location', 'Munich', 'script'),
(9781, 496, 'pjDropoff', 2, 'location', 'Munich', 'script'),
(9782, 497, 'pjDropoff', 2, 'location', 'Munich', 'script'),
(9783, 498, 'pjDropoff', 2, 'location', 'Munich', 'script'),
(9784, 499, 'pjDropoff', 2, 'location', 'Munich', 'script'),
(9785, 500, 'pjDropoff', 2, 'location', 'Munich', 'script'),
(9786, 501, 'pjDropoff', 2, 'location', 'Munich', 'script'),
(9787, 502, 'pjDropoff', 2, 'location', 'Munich', 'script'),
(9788, 503, 'pjDropoff', 2, 'location', 'Munich', 'script'),
(9789, 504, 'pjDropoff', 2, 'location', 'Munich', 'script'),
(9790, 505, 'pjDropoff', 2, 'location', 'Innsbruck Area', 'script'),
(9791, 506, 'pjDropoff', 2, 'location', 'St. Anton am Arlberg', 'script'),
(9792, 507, 'pjDropoff', 2, 'location', 'Lech am Arlberg', 'script'),
(9793, 508, 'pjDropoff', 2, 'location', 'Zürs am Arlberg', 'script'),
(9794, 509, 'pjDropoff', 2, 'location', 'Warth', 'script'),
(9795, 510, 'pjDropoff', 2, 'location', 'Stuben am Arlberg', 'script'),
(9796, 511, 'pjDropoff', 2, 'location', 'Bludenz', 'script'),
(9797, 512, 'pjDropoff', 2, 'location', 'St. Christoph am Arlberg', 'script'),
(9798, 513, 'pjDropoff', 2, 'location', 'Pettneu am Arlberg', 'script'),
(9799, 514, 'pjDropoff', 2, 'location', 'Flirsch am Arlberg', 'script'),
(9800, 515, 'pjDropoff', 2, 'location', 'See im Paznauntal', 'script'),
(9801, 158, 'pjLocation', 2, 'pickup_location', 'Innsbruck City Center', 'script'),
(9802, 516, 'pjDropoff', 2, 'location', 'Kappl', 'script'),
(9803, 517, 'pjDropoff', 2, 'location', 'Ischgl', 'script'),
(9804, 518, 'pjDropoff', 2, 'location', 'Mathon', 'script'),
(9805, 519, 'pjDropoff', 2, 'location', 'Galtür', 'script'),
(9806, 520, 'pjDropoff', 2, 'location', 'Landeck', 'script'),
(9807, 521, 'pjDropoff', 2, 'location', 'Ladis', 'script'),
(9808, 522, 'pjDropoff', 2, 'location', 'Fiss', 'script'),
(9809, 523, 'pjDropoff', 2, 'location', 'Serfaus', 'script'),
(9810, 524, 'pjDropoff', 2, 'location', 'Ried im Oberinntal', 'script'),
(9811, 525, 'pjDropoff', 2, 'location', 'Pfunds', 'script'),
(9812, 526, 'pjDropoff', 2, 'location', 'Nauders', 'script'),
(9813, 527, 'pjDropoff', 2, 'location', 'Feichten im Kaunertal', 'script'),
(9814, 528, 'pjDropoff', 2, 'location', 'St. Leonhard im Pitztal', 'script'),
(9815, 529, 'pjDropoff', 2, 'location', 'Plangeroß', 'script'),
(9816, 530, 'pjDropoff', 2, 'location', 'Imst', 'script'),
(9817, 531, 'pjDropoff', 2, 'location', 'Nassereith', 'script'),
(9818, 532, 'pjDropoff', 2, 'location', 'Biberwier', 'script'),
(9819, 533, 'pjDropoff', 2, 'location', 'Ehrwald', 'script'),
(9820, 534, 'pjDropoff', 2, 'location', 'Lermoos', 'script'),
(9821, 535, 'pjDropoff', 2, 'location', 'Berwang', 'script'),
(9822, 536, 'pjDropoff', 2, 'location', 'Reutte', 'script'),
(9823, 537, 'pjDropoff', 2, 'location', 'Füssen', 'script'),
(9824, 538, 'pjDropoff', 2, 'location', 'Ötz', 'script'),
(9825, 539, 'pjDropoff', 2, 'location', 'Längenfeld', 'script'),
(9826, 540, 'pjDropoff', 2, 'location', 'Hochsölden', 'script'),
(9827, 541, 'pjDropoff', 2, 'location', 'Sölden', 'script'),
(9828, 542, 'pjDropoff', 2, 'location', 'Zwieselstein', 'script'),
(9829, 543, 'pjDropoff', 2, 'location', 'Hochgurgl', 'script'),
(9830, 544, 'pjDropoff', 2, 'location', 'Obergurgl', 'script'),
(9831, 545, 'pjDropoff', 2, 'location', 'Seefeld in Tirol', 'script'),
(9832, 546, 'pjDropoff', 2, 'location', 'Leutasch', 'script'),
(9833, 547, 'pjDropoff', 2, 'location', 'Mittenwald', 'script'),
(9834, 548, 'pjDropoff', 2, 'location', 'Krün', 'script'),
(9835, 549, 'pjDropoff', 2, 'location', 'Mieders', 'script'),
(9836, 550, 'pjDropoff', 2, 'location', 'Fulpmes', 'script'),
(9837, 551, 'pjDropoff', 2, 'location', 'Neustift im Stubaital', 'script'),
(9838, 552, 'pjDropoff', 2, 'location', 'Mutterberger-Alm', 'script'),
(9839, 553, 'pjDropoff', 2, 'location', 'Kematen', 'script'),
(9840, 554, 'pjDropoff', 2, 'location', 'Oberperfuss', 'script'),
(9841, 555, 'pjDropoff', 2, 'location', 'Zirl', 'script'),
(9842, 556, 'pjDropoff', 2, 'location', 'Mils bei Hall', 'script'),
(9843, 557, 'pjDropoff', 2, 'location', 'Hall in Tirol', 'script'),
(9844, 558, 'pjDropoff', 2, 'location', 'Wattens', 'script'),
(9845, 559, 'pjDropoff', 2, 'location', 'Völs', 'script'),
(9846, 560, 'pjDropoff', 2, 'location', 'Sellrain', 'script'),
(9847, 561, 'pjDropoff', 2, 'location', 'Gries im Sellrain', 'script'),
(9848, 562, 'pjDropoff', 2, 'location', 'Kühtai', 'script'),
(9849, 563, 'pjDropoff', 2, 'location', 'Axams', 'script'),
(9850, 564, 'pjDropoff', 2, 'location', 'Grinzens', 'script'),
(9851, 565, 'pjDropoff', 2, 'location', 'Götzens', 'script'),
(9852, 566, 'pjDropoff', 2, 'location', 'Natters', 'script'),
(9853, 567, 'pjDropoff', 2, 'location', 'Patsch', 'script'),
(9854, 568, 'pjDropoff', 2, 'location', 'Igls', 'script'),
(9855, 569, 'pjDropoff', 2, 'location', 'Schwaz', 'script'),
(9856, 570, 'pjDropoff', 2, 'location', 'Pillberg', 'script'),
(9857, 571, 'pjDropoff', 2, 'location', 'Jenbach', 'script'),
(9858, 572, 'pjDropoff', 2, 'location', 'Achenkirch', 'script'),
(9859, 573, 'pjDropoff', 2, 'location', 'Pertisau', 'script'),
(9860, 574, 'pjDropoff', 2, 'location', 'Fügen', 'script'),
(9861, 575, 'pjDropoff', 2, 'location', 'Hochfügen', 'script'),
(9862, 576, 'pjDropoff', 2, 'location', 'Uderns', 'script'),
(9863, 577, 'pjDropoff', 2, 'location', 'Ried im Zillertal', 'script'),
(9864, 578, 'pjDropoff', 2, 'location', 'Kaltenbach', 'script'),
(9865, 579, 'pjDropoff', 2, 'location', 'Aschau im Zillertal', 'script'),
(9866, 580, 'pjDropoff', 2, 'location', 'Zell am Ziller', 'script'),
(9867, 581, 'pjDropoff', 2, 'location', 'Mayrhofen', 'script'),
(9868, 582, 'pjDropoff', 2, 'location', 'Finkenberg', 'script'),
(9869, 583, 'pjDropoff', 2, 'location', 'Lanersbach', 'script'),
(9870, 584, 'pjDropoff', 2, 'location', 'Tux', 'script'),
(9871, 585, 'pjDropoff', 2, 'location', 'Hintertux', 'script'),
(9872, 586, 'pjDropoff', 2, 'location', 'Gerlos', 'script'),
(9873, 587, 'pjDropoff', 2, 'location', 'Königsleiten', 'script'),
(9874, 588, 'pjDropoff', 2, 'location', 'Neukirchen am Großvenediger', 'script'),
(9875, 589, 'pjDropoff', 2, 'location', 'Bramberg am Wildkogel', 'script'),
(9876, 590, 'pjDropoff', 2, 'location', 'Krimml', 'script'),
(9877, 591, 'pjDropoff', 2, 'location', 'Hochkrimml', 'script'),
(9878, 592, 'pjDropoff', 2, 'location', 'Wörgl', 'script'),
(9879, 593, 'pjDropoff', 2, 'location', 'Kufstein', 'script'),
(9880, 594, 'pjDropoff', 2, 'location', 'Niederau', 'script'),
(9881, 595, 'pjDropoff', 2, 'location', 'Wildschönau', 'script'),
(9882, 596, 'pjDropoff', 2, 'location', 'Auffach', 'script'),
(9883, 597, 'pjDropoff', 2, 'location', 'Brixlegg', 'script'),
(9884, 598, 'pjDropoff', 2, 'location', 'Alpbach', 'script'),
(9885, 599, 'pjDropoff', 2, 'location', 'Hopfgarten', 'script'),
(9886, 600, 'pjDropoff', 2, 'location', 'Söll', 'script'),
(9887, 601, 'pjDropoff', 2, 'location', 'Ellmau', 'script'),
(9888, 602, 'pjDropoff', 2, 'location', 'St. Johann in Tirol', 'script'),
(9889, 603, 'pjDropoff', 2, 'location', 'Kirchdorf in Tirol', 'script'),
(9890, 604, 'pjDropoff', 2, 'location', 'Erpfendorf', 'script'),
(9891, 605, 'pjDropoff', 2, 'location', 'Westendorf', 'script'),
(9892, 606, 'pjDropoff', 2, 'location', 'Brixen im Thale', 'script'),
(9893, 607, 'pjDropoff', 2, 'location', 'Kirchberg in Tirol', 'script'),
(9894, 608, 'pjDropoff', 2, 'location', 'Kitzbühel', 'script'),
(9895, 609, 'pjDropoff', 2, 'location', 'Jochberg', 'script'),
(9896, 610, 'pjDropoff', 2, 'location', 'Mittersill', 'script'),
(9897, 611, 'pjDropoff', 2, 'location', 'Kaprun', 'script'),
(9898, 612, 'pjDropoff', 2, 'location', 'Zell am See', 'script'),
(9899, 613, 'pjDropoff', 2, 'location', 'Hinterglemm', 'script'),
(9900, 614, 'pjDropoff', 2, 'location', 'Saalbach', 'script'),
(9901, 615, 'pjDropoff', 2, 'location', 'Maria Alm', 'script'),
(9902, 616, 'pjDropoff', 2, 'location', 'Fieberbrunn', 'script'),
(9903, 617, 'pjDropoff', 2, 'location', 'Lofer', 'script'),
(9904, 618, 'pjDropoff', 2, 'location', 'Matrei am Brenner', 'script'),
(9905, 619, 'pjDropoff', 2, 'location', 'Steinach am Brenner', 'script'),
(9906, 620, 'pjDropoff', 2, 'location', 'Gries am Brenner', 'script'),
(9907, 621, 'pjDropoff', 2, 'location', 'Brenner', 'script'),
(9908, 622, 'pjDropoff', 2, 'location', 'Pflersch(Feuerstein), Italy', 'script'),
(9909, 623, 'pjDropoff', 2, 'location', 'Sterzing, Italy', 'script'),
(9910, 624, 'pjDropoff', 2, 'location', 'Passeiertal, Italy', 'script'),
(9911, 625, 'pjDropoff', 2, 'location', 'Dorf Tirol, Italy', 'script'),
(9912, 626, 'pjDropoff', 2, 'location', 'Meran, Italy', 'script'),
(9913, 627, 'pjDropoff', 2, 'location', 'Naturns, Italy', 'script'),
(9914, 628, 'pjDropoff', 2, 'location', 'Bozen/Bolzano, Italy', 'script'),
(9915, 629, 'pjDropoff', 2, 'location', 'Bressanone, Italy', 'script'),
(9916, 630, 'pjDropoff', 2, 'location', 'Forestis Dolomites, Italy', 'script'),
(9917, 631, 'pjDropoff', 2, 'location', 'Klausen/Chiusa, Italy', 'script'),
(9918, 632, 'pjDropoff', 2, 'location', 'Ortisei, Italy', 'script'),
(9919, 633, 'pjDropoff', 2, 'location', 'St. Christina, Italy', 'script'),
(9920, 634, 'pjDropoff', 2, 'location', 'Val Gardena, Italy', 'script'),
(9921, 635, 'pjDropoff', 2, 'location', 'Plan de Gralba, Italy', 'script'),
(9922, 636, 'pjDropoff', 2, 'location', 'Passo di Sella, Italy', 'script'),
(9923, 637, 'pjDropoff', 2, 'location', 'Canazei, Italy', 'script'),
(9924, 638, 'pjDropoff', 2, 'location', 'Campitello di Fassa, Italy', 'script'),
(9925, 639, 'pjDropoff', 2, 'location', 'Meransen, Italy', 'script'),
(9926, 640, 'pjDropoff', 2, 'location', 'Bruneck/Bruneco, Italy', 'script'),
(9927, 641, 'pjDropoff', 2, 'location', 'Ahrntal, Italy', 'script'),
(9928, 642, 'pjDropoff', 2, 'location', 'Alta Badia, Italy', 'script'),
(9929, 643, 'pjDropoff', 2, 'location', 'St. Vigilio di Marebbe, Italy', 'script'),
(9930, 644, 'pjDropoff', 2, 'location', 'La Villa, Italy', 'script'),
(9931, 645, 'pjDropoff', 2, 'location', 'San Cassiano, Italy', 'script'),
(9932, 646, 'pjDropoff', 2, 'location', 'Colfosco, Italy', 'script'),
(9933, 647, 'pjDropoff', 2, 'location', 'Corvara, Italy', 'script'),
(9934, 648, 'pjDropoff', 2, 'location', 'Arabba, Italy', 'script'),
(9935, 649, 'pjDropoff', 2, 'location', 'Livigno, Italy', 'script'),
(9936, 650, 'pjDropoff', 2, 'location', 'Dobbiaco, Italy', 'script'),
(9937, 651, 'pjDropoff', 2, 'location', 'San Candido, Italy', 'script'),
(9938, 652, 'pjDropoff', 2, 'location', 'Sesto, Italy', 'script'),
(9939, 653, 'pjDropoff', 2, 'location', 'Cortina d\'Ampezzo, Italy', 'script'),
(9940, 654, 'pjDropoff', 2, 'location', 'Lienz in Osttirol', 'script'),
(9941, 655, 'pjDropoff', 2, 'location', 'Matrei in Osttirol', 'script'),
(9942, 656, 'pjDropoff', 2, 'location', 'Scharnitz', 'script'),
(9943, 657, 'pjDropoff', 2, 'location', 'Zurich', 'script'),
(9944, 658, 'pjDropoff', 2, 'location', 'Munich', 'script'),
(9945, 659, 'pjDropoff', 2, 'location', 'Innsbruck Area', 'script'),
(9946, 159, 'pjLocation', 2, 'pickup_location', 'Innsbruck Main Train Station', 'script'),
(9947, 660, 'pjDropoff', 2, 'location', 'St. Anton am Arlberg', 'script'),
(9948, 661, 'pjDropoff', 2, 'location', 'Lech am Arlberg', 'script'),
(9949, 662, 'pjDropoff', 2, 'location', 'Zürs am Arlberg', 'script'),
(9950, 663, 'pjDropoff', 2, 'location', 'Warth', 'script'),
(9951, 664, 'pjDropoff', 2, 'location', 'Stuben am Arlberg', 'script'),
(9952, 665, 'pjDropoff', 2, 'location', 'Bludenz', 'script'),
(9953, 666, 'pjDropoff', 2, 'location', 'St. Christoph am Arlberg', 'script'),
(9954, 667, 'pjDropoff', 2, 'location', 'Pettneu am Arlberg', 'script'),
(9955, 668, 'pjDropoff', 2, 'location', 'Flirsch am Arlberg', 'script'),
(9956, 669, 'pjDropoff', 2, 'location', 'See im Paznauntal', 'script'),
(9957, 670, 'pjDropoff', 2, 'location', 'Kappl', 'script'),
(9958, 671, 'pjDropoff', 2, 'location', 'Ischgl', 'script'),
(9959, 672, 'pjDropoff', 2, 'location', 'Mathon', 'script'),
(9960, 673, 'pjDropoff', 2, 'location', 'Galtür', 'script'),
(9961, 674, 'pjDropoff', 2, 'location', 'Landeck', 'script'),
(9962, 675, 'pjDropoff', 2, 'location', 'Ladis', 'script'),
(9963, 676, 'pjDropoff', 2, 'location', 'Fiss', 'script'),
(9964, 677, 'pjDropoff', 2, 'location', 'Serfaus', 'script'),
(9965, 678, 'pjDropoff', 2, 'location', 'Ried im Oberinntal', 'script'),
(9966, 679, 'pjDropoff', 2, 'location', 'Pfunds', 'script'),
(9967, 680, 'pjDropoff', 2, 'location', 'Nauders', 'script'),
(9968, 681, 'pjDropoff', 2, 'location', 'Feichten im Kaunertal', 'script'),
(9969, 682, 'pjDropoff', 2, 'location', 'St. Leonhard im Pitztal', 'script'),
(9970, 683, 'pjDropoff', 2, 'location', 'Plangeroß', 'script'),
(9971, 684, 'pjDropoff', 2, 'location', 'Imst', 'script'),
(9972, 685, 'pjDropoff', 2, 'location', 'Nassereith', 'script'),
(9973, 686, 'pjDropoff', 2, 'location', 'Biberwier', 'script'),
(9974, 687, 'pjDropoff', 2, 'location', 'Ehrwald', 'script'),
(9975, 688, 'pjDropoff', 2, 'location', 'Lermoos', 'script'),
(9976, 689, 'pjDropoff', 2, 'location', 'Berwang', 'script'),
(9977, 690, 'pjDropoff', 2, 'location', 'Reutte', 'script'),
(9978, 691, 'pjDropoff', 2, 'location', 'Füssen', 'script'),
(9979, 692, 'pjDropoff', 2, 'location', 'Ötz', 'script'),
(9980, 693, 'pjDropoff', 2, 'location', 'Längenfeld', 'script'),
(9981, 694, 'pjDropoff', 2, 'location', 'Hochsölden', 'script'),
(9982, 695, 'pjDropoff', 2, 'location', 'Sölden', 'script'),
(9983, 696, 'pjDropoff', 2, 'location', 'Zwieselstein', 'script'),
(9984, 697, 'pjDropoff', 2, 'location', 'Hochgurgl', 'script'),
(9985, 698, 'pjDropoff', 2, 'location', 'Obergurgl', 'script'),
(9986, 699, 'pjDropoff', 2, 'location', 'Seefeld in Tirol', 'script'),
(9987, 700, 'pjDropoff', 2, 'location', 'Leutasch', 'script'),
(9988, 701, 'pjDropoff', 2, 'location', 'Mittenwald', 'script'),
(9989, 702, 'pjDropoff', 2, 'location', 'Krün', 'script'),
(9990, 703, 'pjDropoff', 2, 'location', 'Mieders', 'script'),
(9991, 704, 'pjDropoff', 2, 'location', 'Fulpmes', 'script'),
(9992, 705, 'pjDropoff', 2, 'location', 'Neustift im Stubaital', 'script'),
(9993, 706, 'pjDropoff', 2, 'location', 'Mutterberger-Alm', 'script'),
(9994, 707, 'pjDropoff', 2, 'location', 'Kematen', 'script'),
(9995, 708, 'pjDropoff', 2, 'location', 'Oberperfuss', 'script'),
(9996, 709, 'pjDropoff', 2, 'location', 'Zirl', 'script'),
(9997, 710, 'pjDropoff', 2, 'location', 'Mils bei Hall', 'script'),
(9998, 711, 'pjDropoff', 2, 'location', 'Hall in Tirol', 'script'),
(9999, 712, 'pjDropoff', 2, 'location', 'Wattens', 'script'),
(10000, 713, 'pjDropoff', 2, 'location', 'Völs', 'script'),
(10001, 714, 'pjDropoff', 2, 'location', 'Sellrain', 'script'),
(10002, 715, 'pjDropoff', 2, 'location', 'Gries im Sellrain', 'script'),
(10003, 716, 'pjDropoff', 2, 'location', 'Kühtai', 'script'),
(10004, 717, 'pjDropoff', 2, 'location', 'Axams', 'script'),
(10005, 718, 'pjDropoff', 2, 'location', 'Grinzens', 'script'),
(10006, 719, 'pjDropoff', 2, 'location', 'Götzens', 'script'),
(10007, 720, 'pjDropoff', 2, 'location', 'Natters', 'script'),
(10008, 721, 'pjDropoff', 2, 'location', 'Patsch', 'script'),
(10009, 722, 'pjDropoff', 2, 'location', 'Igls', 'script'),
(10010, 723, 'pjDropoff', 2, 'location', 'Schwaz', 'script'),
(10011, 724, 'pjDropoff', 2, 'location', 'Pillberg', 'script'),
(10012, 725, 'pjDropoff', 2, 'location', 'Jenbach', 'script'),
(10013, 726, 'pjDropoff', 2, 'location', 'Achenkirch', 'script'),
(10014, 727, 'pjDropoff', 2, 'location', 'Pertisau', 'script'),
(10015, 728, 'pjDropoff', 2, 'location', 'Fügen', 'script'),
(10016, 729, 'pjDropoff', 2, 'location', 'Hochfügen', 'script'),
(10017, 730, 'pjDropoff', 2, 'location', 'Uderns', 'script'),
(10018, 731, 'pjDropoff', 2, 'location', 'Ried im Zillertal', 'script'),
(10019, 732, 'pjDropoff', 2, 'location', 'Kaltenbach', 'script'),
(10020, 733, 'pjDropoff', 2, 'location', 'Aschau im Zillertal', 'script'),
(10021, 734, 'pjDropoff', 2, 'location', 'Zell am Ziller', 'script'),
(10022, 735, 'pjDropoff', 2, 'location', 'Mayrhofen', 'script'),
(10023, 736, 'pjDropoff', 2, 'location', 'Finkenberg', 'script'),
(10024, 737, 'pjDropoff', 2, 'location', 'Lanersbach', 'script'),
(10025, 738, 'pjDropoff', 2, 'location', 'Tux', 'script'),
(10026, 739, 'pjDropoff', 2, 'location', 'Hintertux', 'script'),
(10027, 740, 'pjDropoff', 2, 'location', 'Gerlos', 'script'),
(10028, 741, 'pjDropoff', 2, 'location', 'Königsleiten', 'script'),
(10029, 742, 'pjDropoff', 2, 'location', 'Neukirchen am Großvenediger', 'script'),
(10030, 743, 'pjDropoff', 2, 'location', 'Bramberg am Wildkogel', 'script'),
(10031, 744, 'pjDropoff', 2, 'location', 'Krimml', 'script'),
(10032, 745, 'pjDropoff', 2, 'location', 'Hochkrimml', 'script'),
(10033, 746, 'pjDropoff', 2, 'location', 'Wörgl', 'script'),
(10034, 747, 'pjDropoff', 2, 'location', 'Kufstein', 'script'),
(10035, 748, 'pjDropoff', 2, 'location', 'Niederau', 'script'),
(10036, 749, 'pjDropoff', 2, 'location', 'Wildschönau', 'script'),
(10037, 750, 'pjDropoff', 2, 'location', 'Auffach', 'script'),
(10038, 751, 'pjDropoff', 2, 'location', 'Brixlegg', 'script'),
(10039, 752, 'pjDropoff', 2, 'location', 'Alpbach', 'script'),
(10040, 753, 'pjDropoff', 2, 'location', 'Hopfgarten', 'script'),
(10041, 754, 'pjDropoff', 2, 'location', 'Söll', 'script'),
(10042, 755, 'pjDropoff', 2, 'location', 'Ellmau', 'script'),
(10043, 756, 'pjDropoff', 2, 'location', 'St. Johann in Tirol', 'script'),
(10044, 757, 'pjDropoff', 2, 'location', 'Kirchdorf in Tirol', 'script'),
(10045, 758, 'pjDropoff', 2, 'location', 'Erpfendorf', 'script'),
(10046, 759, 'pjDropoff', 2, 'location', 'Westendorf', 'script'),
(10047, 760, 'pjDropoff', 2, 'location', 'Brixen im Thale', 'script'),
(10048, 761, 'pjDropoff', 2, 'location', 'Kirchberg in Tirol', 'script'),
(10049, 762, 'pjDropoff', 2, 'location', 'Kitzbühel', 'script'),
(10050, 763, 'pjDropoff', 2, 'location', 'Jochberg', 'script'),
(10051, 764, 'pjDropoff', 2, 'location', 'Mittersill', 'script'),
(10052, 765, 'pjDropoff', 2, 'location', 'Kaprun', 'script'),
(10053, 766, 'pjDropoff', 2, 'location', 'Zell am See', 'script'),
(10054, 767, 'pjDropoff', 2, 'location', 'Hinterglemm', 'script'),
(10055, 768, 'pjDropoff', 2, 'location', 'Saalbach', 'script'),
(10056, 769, 'pjDropoff', 2, 'location', 'Maria Alm', 'script'),
(10057, 770, 'pjDropoff', 2, 'location', 'Fieberbrunn', 'script'),
(10058, 771, 'pjDropoff', 2, 'location', 'Lofer', 'script'),
(10059, 772, 'pjDropoff', 2, 'location', 'Matrei am Brenner', 'script'),
(10060, 773, 'pjDropoff', 2, 'location', 'Steinach am Brenner', 'script'),
(10061, 774, 'pjDropoff', 2, 'location', 'Gries am Brenner', 'script'),
(10062, 775, 'pjDropoff', 2, 'location', 'Brenner', 'script'),
(10063, 776, 'pjDropoff', 2, 'location', 'Pflersch(Feuerstein), Italy', 'script'),
(10064, 777, 'pjDropoff', 2, 'location', 'Sterzing, Italy', 'script'),
(10065, 778, 'pjDropoff', 2, 'location', 'Passeiertal, Italy', 'script'),
(10066, 779, 'pjDropoff', 2, 'location', 'Dorf Tirol, Italy', 'script'),
(10067, 780, 'pjDropoff', 2, 'location', 'Meran, Italy', 'script'),
(10068, 781, 'pjDropoff', 2, 'location', 'Naturns, Italy', 'script'),
(10069, 782, 'pjDropoff', 2, 'location', 'Bozen/Bolzano, Italy', 'script'),
(10070, 783, 'pjDropoff', 2, 'location', 'Bressanone, Italy', 'script'),
(10071, 784, 'pjDropoff', 2, 'location', 'Forestis Dolomites, Italy', 'script'),
(10072, 785, 'pjDropoff', 2, 'location', 'Klausen/Chiusa, Italy', 'script'),
(10073, 786, 'pjDropoff', 2, 'location', 'Ortisei, Italy', 'script'),
(10074, 787, 'pjDropoff', 2, 'location', 'St. Christina, Italy', 'script'),
(10075, 788, 'pjDropoff', 2, 'location', 'Val Gardena, Italy', 'script'),
(10076, 789, 'pjDropoff', 2, 'location', 'Plan de Gralba, Italy', 'script'),
(10077, 790, 'pjDropoff', 2, 'location', 'Passo di Sella, Italy', 'script'),
(10078, 791, 'pjDropoff', 2, 'location', 'Canazei, Italy', 'script'),
(10079, 792, 'pjDropoff', 2, 'location', 'Campitello di Fassa, Italy', 'script'),
(10080, 793, 'pjDropoff', 2, 'location', 'Meransen, Italy', 'script'),
(10081, 794, 'pjDropoff', 2, 'location', 'Bruneck/Bruneco, Italy', 'script'),
(10082, 795, 'pjDropoff', 2, 'location', 'Ahrntal, Italy', 'script'),
(10083, 796, 'pjDropoff', 2, 'location', 'Alta Badia, Italy', 'script'),
(10084, 797, 'pjDropoff', 2, 'location', 'St. Vigilio di Marebbe, Italy', 'script'),
(10085, 798, 'pjDropoff', 2, 'location', 'La Villa, Italy', 'script'),
(10086, 799, 'pjDropoff', 2, 'location', 'San Cassiano, Italy', 'script'),
(10087, 800, 'pjDropoff', 2, 'location', 'Colfosco, Italy', 'script'),
(10088, 801, 'pjDropoff', 2, 'location', 'Corvara, Italy', 'script'),
(10089, 802, 'pjDropoff', 2, 'location', 'Arabba, Italy', 'script'),
(10090, 803, 'pjDropoff', 2, 'location', 'Livigno, Italy', 'script'),
(10091, 804, 'pjDropoff', 2, 'location', 'Dobbiaco, Italy', 'script'),
(10092, 805, 'pjDropoff', 2, 'location', 'San Candido, Italy', 'script'),
(10093, 806, 'pjDropoff', 2, 'location', 'Sesto, Italy', 'script'),
(10094, 807, 'pjDropoff', 2, 'location', 'Cortina d\'Ampezzo, Italy', 'script'),
(10095, 808, 'pjDropoff', 2, 'location', 'Lienz in Osttirol', 'script'),
(10096, 809, 'pjDropoff', 2, 'location', 'Matrei in Osttirol', 'script'),
(10097, 810, 'pjDropoff', 2, 'location', 'Scharnitz', 'script'),
(10098, 811, 'pjDropoff', 2, 'location', 'Zurich', 'script'),
(10099, 812, 'pjDropoff', 2, 'location', 'Munich', 'script'),
(12143, 7, 'pjExtra', 1, 'info', NULL, 'data'),
(12145, 7, 'pjExtra', 2, 'info', NULL, 'data'),
(12334, 1820, 'pjField', 1, 'title', 'Credit card fee x%', 'script'),
(12335, 1820, 'pjField', 2, 'title', 'Credit card fee x%', 'script'),
(12336, 1821, 'pjField', 1, 'title', 'Credit card fee x%', 'script'),
(12337, 1821, 'pjField', 2, 'title', 'Credit card fee x%', 'script'),
(12338, 1822, 'pjField', 1, 'title', 'Credit card fee %s: %s', 'script'),
(12339, 1822, 'pjField', 2, 'title', 'Credit card fee %s: %s', 'script'),
(12340, 1823, 'pjField', 1, 'title', 'Credit card fee', 'script'),
(12341, 1823, 'pjField', 2, 'title', 'Credit card fee', 'script'),
(12342, 1824, 'pjField', 1, 'title', 'Please select transfer date', 'script'),
(12343, 1824, 'pjField', 2, 'title', 'Please select transfer date', 'script'),
(12344, 1825, 'pjField', 1, 'title', 'Please select return transfer date', 'script'),
(12345, 1825, 'pjField', 2, 'title', 'Please select return transfer date', 'script'),
(12346, 1826, 'pjField', 1, 'title', 'Please select time of arrival', 'script'),
(12347, 1826, 'pjField', 2, 'title', 'Please select time of arrival', 'script'),
(12348, 1827, 'pjField', 1, 'title', 'Please select pickup time', 'script'),
(12349, 1827, 'pjField', 2, 'title', 'Please select pickup time', 'script'),
(12350, 1828, 'pjField', 1, 'title', 'Please select flight departure time', 'script'),
(12351, 1828, 'pjField', 2, 'title', 'Please select flight departure time', 'script'),
(13054, 1829, 'pjField', 1, 'title', 'Payment link', 'script'),
(13055, 1829, 'pjField', 2, 'title', 'Payment link', 'script'),
(13056, 1830, 'pjField', 1, 'title', 'Select \'Yes\' if you want to send payment link to the customers.', 'script'),
(13057, 1830, 'pjField', 2, 'title', 'Select \'Yes\' if you want to send payment link to the customers.', 'script'),
(13058, 1831, 'pjField', 1, 'title', 'Send payment link email subject', 'script'),
(13059, 1831, 'pjField', 2, 'title', 'Send payment link email subject', 'script'),
(13060, 1832, 'pjField', 1, 'title', 'Send payment link email message body', 'script'),
(13061, 1832, 'pjField', 2, 'title', 'Send payment link email message body', 'script'),
(13062, 1833, 'pjField', 1, 'title', 'Send Payment Link to the Client', 'script'),
(13063, 1833, 'pjField', 2, 'title', 'Send Payment Link to the Client', 'script'),
(13064, 1834, 'pjField', 1, 'title', 'Upload name sign', 'script'),
(13065, 1834, 'pjField', 2, 'title', 'Upload name sign', 'script'),
(13066, 1835, 'pjField', 1, 'title', 'Delete name sign', 'script'),
(13067, 1835, 'pjField', 2, 'title', 'Delete name sign', 'script'),
(13068, 1836, 'pjField', 1, 'title', 'Are you sure you want to delete this name sign?', 'script'),
(13069, 1836, 'pjField', 2, 'title', 'Are you sure you want to delete this name sign?', 'script');

-- --------------------------------------------------------

--
-- Tabellenstruktur für Tabelle `transfer_reservation_plugin_country`
--

